-- MySQL dump 10.13  Distrib 8.0.33, for Linux (x86_64)
--
-- Host: localhost    Database: mythtree
-- ------------------------------------------------------
-- Server version	8.0.33

/*!40101 SET @OLD_CHARACTER_SET_CLIENT=@@CHARACTER_SET_CLIENT */;
/*!40101 SET @OLD_CHARACTER_SET_RESULTS=@@CHARACTER_SET_RESULTS */;
/*!40101 SET @OLD_COLLATION_CONNECTION=@@COLLATION_CONNECTION */;
/*!50503 SET NAMES utf8mb4 */;
/*!40103 SET @OLD_TIME_ZONE=@@TIME_ZONE */;
/*!40103 SET TIME_ZONE='+00:00' */;
/*!40014 SET @OLD_UNIQUE_CHECKS=@@UNIQUE_CHECKS, UNIQUE_CHECKS=0 */;
/*!40014 SET @OLD_FOREIGN_KEY_CHECKS=@@FOREIGN_KEY_CHECKS, FOREIGN_KEY_CHECKS=0 */;
/*!40101 SET @OLD_SQL_MODE=@@SQL_MODE, SQL_MODE='NO_AUTO_VALUE_ON_ZERO' */;
/*!40111 SET @OLD_SQL_NOTES=@@SQL_NOTES, SQL_NOTES=0 */;

--
-- Table structure for table `author`
--

DROP TABLE IF EXISTS `author`;
/*!40101 SET @saved_cs_client     = @@character_set_client */;
/*!50503 SET character_set_client = utf8mb4 */;
CREATE TABLE `author` (
  `id` int NOT NULL AUTO_INCREMENT,
  `name` varchar(40) NOT NULL,
  PRIMARY KEY (`id`)
) ENGINE=InnoDB AUTO_INCREMENT=11 DEFAULT CHARSET=utf8mb4 COLLATE=utf8mb4_0900_ai_ci;
/*!40101 SET character_set_client = @saved_cs_client */;

--
-- Dumping data for table `author`
--

LOCK TABLES `author` WRITE;
/*!40000 ALTER TABLE `author` DISABLE KEYS */;
INSERT INTO `author` VALUES (6,'Hesiod'),(7,'Martin'),(9,'Homer'),(10,'Hyginus');
/*!40000 ALTER TABLE `author` ENABLE KEYS */;
UNLOCK TABLES;

--
-- Table structure for table `canon`
--

DROP TABLE IF EXISTS `canon`;
/*!40101 SET @saved_cs_client     = @@character_set_client */;
/*!50503 SET character_set_client = utf8mb4 */;
CREATE TABLE `canon` (
  `id` int NOT NULL AUTO_INCREMENT,
  `name` varchar(40) NOT NULL,
  `slug` varchar(40) NOT NULL,
  `description` text,
  PRIMARY KEY (`id`)
) ENGINE=InnoDB AUTO_INCREMENT=4 DEFAULT CHARSET=utf8mb4 COLLATE=utf8mb4_0900_ai_ci;
/*!40101 SET character_set_client = @saved_cs_client */;

--
-- Dumping data for table `canon`
--

LOCK TABLES `canon` WRITE;
/*!40000 ALTER TABLE `canon` DISABLE KEYS */;
INSERT INTO `canon` VALUES (1,'Greek','greek','The figures of Ancient Greek myth, including the gods, monsters, and heroes referenced in art, drama, and poetry.'),(2,'A Song of Ice and Fire','asoiaf','Characters from the world of George R. R. Martin\'s fantasy novel series, including its television adaptations <em>Game of Thrones</em> and <em>House of the Dragon</em>.');
/*!40000 ALTER TABLE `canon` ENABLE KEYS */;
UNLOCK TABLES;

--
-- Table structure for table `citation`
--

DROP TABLE IF EXISTS `citation`;
/*!40101 SET @saved_cs_client     = @@character_set_client */;
/*!50503 SET character_set_client = utf8mb4 */;
CREATE TABLE `citation` (
  `id` int NOT NULL AUTO_INCREMENT,
  `stem_id` int NOT NULL,
  `source_id` int NOT NULL,
  `contributor_id` int NOT NULL,
  `location` varchar(40) DEFAULT NULL,
  `creation_time` timestamp NULL DEFAULT CURRENT_TIMESTAMP,
  `note` varchar(1000) DEFAULT NULL,
  `explanation_text` varchar(1000) DEFAULT NULL,
  `explanation_bib` varchar(1000) DEFAULT NULL,
  PRIMARY KEY (`id`),
  UNIQUE KEY `uq_citation_stem_id_source_id` (`stem_id`,`source_id`),
  KEY `fk_citation_contributor_id` (`contributor_id`),
  KEY `fk_citation_source_id` (`source_id`),
  KEY `fk_citation_stem_id` (`stem_id`),
  CONSTRAINT `fk_citation_contributor_id` FOREIGN KEY (`contributor_id`) REFERENCES `contributor` (`id`),
  CONSTRAINT `fk_citation_source_id` FOREIGN KEY (`source_id`) REFERENCES `source` (`id`) ON DELETE CASCADE,
  CONSTRAINT `fk_citation_stem_id` FOREIGN KEY (`stem_id`) REFERENCES `stem` (`id`) ON DELETE CASCADE
) ENGINE=InnoDB AUTO_INCREMENT=450 DEFAULT CHARSET=utf8mb4 COLLATE=utf8mb4_0900_ai_ci;
/*!40101 SET character_set_client = @saved_cs_client */;

--
-- Dumping data for table `citation`
--

LOCK TABLES `citation` WRITE;
/*!40000 ALTER TABLE `citation` DISABLE KEYS */;
INSERT INTO `citation` VALUES (1,117,23,3,'53-75','2023-04-17 19:14:10',NULL,'[The Muses] in Pieria did Mnemosyne (Memory), who reigns over the hills of Eleuther, bear of union with the father [Zeus], son of Cronos, a forgetting of ills and a rest from sorrow. [...] she bare nine daughters [...] Cleio and Euterpe, Thaleia, Melpomene and Terpsichore, and Erato and Polyhymnia and Urania and Calliope [...]','{\"type\":\"book\",\"title\":\"Hesiod, Homeric Hymns, Epic Cycle, Homerica\", \"translators\":[{\"name\":\"Hugh G. Evelyn-White\"}], \"publisher\":{\"name\":\"William Heinemann\", \"location\":\"London\"}, \"year\":\"1914\", \"url\":\"https://topostext.org/work/4\"}'),(2,118,23,3,'53-75','2023-04-17 19:14:34',NULL,'[The Muses] in Pieria did Mnemosyne (Memory), who reigns over the hills of Eleuther, bear of union with the father [Zeus], son of Cronos, a forgetting of ills and a rest from sorrow. [...] she bare nine daughters [...] Cleio and Euterpe, Thaleia, Melpomene and Terpsichore, and Erato and Polyhymnia and Urania and Calliope [...]','{\"type\":\"book\",\"title\":\"Hesiod, Homeric Hymns, Epic Cycle, Homerica\", \"translators\":[{\"name\":\"Hugh G. Evelyn-White\"}], \"publisher\":{\"name\":\"William Heinemann\", \"location\":\"London\"}, \"year\":\"1914\", \"url\":\"https://topostext.org/work/4\"}'),(3,119,23,3,'53-75','2023-04-17 19:14:53',NULL,'[The Muses] in Pieria did Mnemosyne (Memory), who reigns over the hills of Eleuther, bear of union with the father [Zeus], son of Cronos, a forgetting of ills and a rest from sorrow. [...] she bare nine daughters [...] Cleio and Euterpe, Thaleia, Melpomene and Terpsichore, and Erato and Polyhymnia and Urania and Calliope [...]','{\"type\":\"book\",\"title\":\"Hesiod, Homeric Hymns, Epic Cycle, Homerica\", \"translators\":[{\"name\":\"Hugh G. Evelyn-White\"}], \"publisher\":{\"name\":\"William Heinemann\", \"location\":\"London\"}, \"year\":\"1914\", \"url\":\"https://topostext.org/work/4\"}'),(4,120,23,3,'53-75','2023-04-17 19:15:05',NULL,'[The Muses] in Pieria did Mnemosyne (Memory), who reigns over the hills of Eleuther, bear of union with the father [Zeus], son of Cronos, a forgetting of ills and a rest from sorrow. [...] she bare nine daughters [...] Cleio and Euterpe, Thaleia, Melpomene and Terpsichore, and Erato and Polyhymnia and Urania and Calliope [...]','{\"type\":\"book\",\"title\":\"Hesiod, Homeric Hymns, Epic Cycle, Homerica\", \"translators\":[{\"name\":\"Hugh G. Evelyn-White\"}], \"publisher\":{\"name\":\"William Heinemann\", \"location\":\"London\"}, \"year\":\"1914\", \"url\":\"https://topostext.org/work/4\"}'),(5,121,23,3,'53-75','2023-04-17 19:15:23',NULL,'[The Muses] in Pieria did Mnemosyne (Memory), who reigns over the hills of Eleuther, bear of union with the father [Zeus], son of Cronos, a forgetting of ills and a rest from sorrow. [...] she bare nine daughters [...] Cleio and Euterpe, Thaleia, Melpomene and Terpsichore, and Erato and Polyhymnia and Urania and Calliope [...]','{\"type\":\"book\",\"title\":\"Hesiod, Homeric Hymns, Epic Cycle, Homerica\", \"translators\":[{\"name\":\"Hugh G. Evelyn-White\"}], \"publisher\":{\"name\":\"William Heinemann\", \"location\":\"London\"}, \"year\":\"1914\", \"url\":\"https://topostext.org/work/4\"}'),(6,122,23,3,'53-75','2023-04-17 19:15:42',NULL,'[The Muses] in Pieria did Mnemosyne (Memory), who reigns over the hills of Eleuther, bear of union with the father [Zeus], son of Cronos, a forgetting of ills and a rest from sorrow. [...] she bare nine daughters [...] Cleio and Euterpe, Thaleia, Melpomene and Terpsichore, and Erato and Polyhymnia and Urania and Calliope [...]','{\"type\":\"book\",\"title\":\"Hesiod, Homeric Hymns, Epic Cycle, Homerica\", \"translators\":[{\"name\":\"Hugh G. Evelyn-White\"}], \"publisher\":{\"name\":\"William Heinemann\", \"location\":\"London\"}, \"year\":\"1914\", \"url\":\"https://topostext.org/work/4\"}'),(7,123,23,3,'53-75','2023-04-17 19:16:55',NULL,'[The Muses] in Pieria did Mnemosyne (Memory), who reigns over the hills of Eleuther, bear of union with the father [Zeus], son of Cronos, a forgetting of ills and a rest from sorrow. [...] she bare nine daughters [...] Cleio and Euterpe, Thaleia, Melpomene and Terpsichore, and Erato and Polyhymnia and Urania and Calliope [...]','{\"type\":\"book\",\"title\":\"Hesiod, Homeric Hymns, Epic Cycle, Homerica\", \"translators\":[{\"name\":\"Hugh G. Evelyn-White\"}], \"publisher\":{\"name\":\"William Heinemann\", \"location\":\"London\"}, \"year\":\"1914\", \"url\":\"https://topostext.org/work/4\"}'),(8,124,23,3,'53-75','2023-04-17 19:17:08',NULL,'[The Muses] in Pieria did Mnemosyne (Memory), who reigns over the hills of Eleuther, bear of union with the father [Zeus], son of Cronos, a forgetting of ills and a rest from sorrow. [...] she bare nine daughters [...] Cleio and Euterpe, Thaleia, Melpomene and Terpsichore, and Erato and Polyhymnia and Urania and Calliope [...]','{\"type\":\"book\",\"title\":\"Hesiod, Homeric Hymns, Epic Cycle, Homerica\", \"translators\":[{\"name\":\"Hugh G. Evelyn-White\"}], \"publisher\":{\"name\":\"William Heinemann\", \"location\":\"London\"}, \"year\":\"1914\", \"url\":\"https://topostext.org/work/4\"}'),(9,125,23,3,'53-75','2023-04-17 19:17:23',NULL,'[The Muses] in Pieria did Mnemosyne (Memory), who reigns over the hills of Eleuther, bear of union with the father [Zeus], son of Cronos, a forgetting of ills and a rest from sorrow. [...] she bare nine daughters [...] Cleio and Euterpe, Thaleia, Melpomene and Terpsichore, and Erato and Polyhymnia and Urania and Calliope [...]','{\"type\":\"book\",\"title\":\"Hesiod, Homeric Hymns, Epic Cycle, Homerica\", \"translators\":[{\"name\":\"Hugh G. Evelyn-White\"}], \"publisher\":{\"name\":\"William Heinemann\", \"location\":\"London\"}, \"year\":\"1914\", \"url\":\"https://topostext.org/work/4\"}'),(10,126,23,3,'123','2023-04-17 19:20:51',NULL,'From Chaos came forth Erebus and black Night [...].','{\n	\"type\":\"book\",\n	\"title\":\"Hesiod, Homeric Hymns, Epic Cycle, Homerica\",\n	\"translators\":[\n		{\"name\":\"Hugh G. Evelyn-White\"}	\n	],\n	\"publisher\":{\n		\"name\":\"William Heinemann\",\n		\"location\":\"London\"\n	},\n	\"year\":\"1914\",\n	\"url\":\"https://topostext.org/work/4\"\n}'),(11,127,23,3,'123','2023-04-17 19:21:11',NULL,'From Chaos came forth Erebus and black Night [...].','{\n	\"type\":\"book\",\n	\"title\":\"Hesiod, Homeric Hymns, Epic Cycle, Homerica\",\n	\"translators\":[\n		{\"name\":\"Hugh G. Evelyn-White\"}	\n	],\n	\"publisher\":{\n		\"name\":\"William Heinemann\",\n		\"location\":\"London\"\n	},\n	\"year\":\"1914\",\n	\"url\":\"https://topostext.org/work/4\"\n}'),(12,128,23,3,'123','2023-04-17 19:22:03',NULL,'[...] but of Night were born Aether and Day, whom she conceived and bare from union in love with Erebus.','{\n	\"type\":\"book\",\n	\"title\":\"Hesiod, Homeric Hymns, Epic Cycle, Homerica\",\n	\"translators\":[\n		{\"name\":\"Hugh G. Evelyn-White\"}	\n	],\n	\"publisher\":{\n		\"name\":\"William Heinemann\",\n		\"location\":\"London\"\n	},\n	\"year\":\"1914\",\n	\"url\":\"https://topostext.org/work/4\"\n}'),(13,129,23,3,'123','2023-04-17 19:22:35',NULL,'[...] but of Night were born Aether and Day, whom she conceived and bare from union in love with Erebus.','{\n	\"type\":\"book\",\n	\"title\":\"Hesiod, Homeric Hymns, Epic Cycle, Homerica\",\n	\"translators\":[\n		{\"name\":\"Hugh G. Evelyn-White\"}	\n	],\n	\"publisher\":{\n		\"name\":\"William Heinemann\",\n		\"location\":\"London\"\n	},\n	\"year\":\"1914\",\n	\"url\":\"https://topostext.org/work/4\"\n}'),(14,130,23,3,'116','2023-04-17 19:23:00',NULL,'And Earth first bare starry Heaven, equal to herself, to cover her on every side, and to be an ever-sure abiding-place for the blessed gods.','{\n	\"type\":\"book\",\n	\"title\":\"Hesiod, Homeric Hymns, Epic Cycle, Homerica\",\n	\"translators\":[\n		{\"name\":\"Hugh G. Evelyn-White\"}	\n	],\n	\"publisher\":{\n		\"name\":\"William Heinemann\",\n		\"location\":\"London\"\n	},\n	\"year\":\"1914\",\n	\"url\":\"https://topostext.org/work/4\"\n}'),(15,131,23,3,'116','2023-04-17 19:24:49',NULL,'[Earth] bare also the fruitless deep with his raging swell, Pontus, without sweet union of love.','{\n	\"type\":\"book\",\n	\"title\":\"Hesiod, Homeric Hymns, Epic Cycle, Homerica\",\n	\"translators\":[\n		{\"name\":\"Hugh G. Evelyn-White\"}	\n	],\n	\"publisher\":{\n		\"name\":\"William Heinemann\",\n		\"location\":\"London\"\n	},\n	\"year\":\"1914\",\n	\"url\":\"https://topostext.org/work/4\"\n}'),(16,132,23,3,'134','2023-04-17 19:26:42',NULL,'But afterwards [Earth] lay with Heaven and bare deep-swirling Oceanus, Coeus and Crius and Hyperion and Iapetus, Theia and Rhea, Themis and Mnemosyne and gold-crowned Phoebe and lovely Tethys. After them was born Cronos the wily, youngest and most terrible of her children, and he hated his lusty sire.','{\n	\"type\":\"book\",\n	\"title\":\"Hesiod, Homeric Hymns, Epic Cycle, Homerica\",\n	\"translators\":[\n		{\"name\":\"Hugh G. Evelyn-White\"}	\n	],\n	\"publisher\":{\n		\"name\":\"William Heinemann\",\n		\"location\":\"London\"\n	},\n	\"year\":\"1914\",\n	\"url\":\"https://topostext.org/work/4\"\n}'),(17,133,23,3,'134','2023-04-17 19:27:00',NULL,'But afterwards [Earth] lay with Heaven and bare deep-swirling Oceanus, Coeus and Crius and Hyperion and Iapetus, Theia and Rhea, Themis and Mnemosyne and gold-crowned Phoebe and lovely Tethys. After them was born Cronos the wily, youngest and most terrible of her children, and he hated his lusty sire.','{\n	\"type\":\"book\",\n	\"title\":\"Hesiod, Homeric Hymns, Epic Cycle, Homerica\",\n	\"translators\":[\n		{\"name\":\"Hugh G. Evelyn-White\"}	\n	],\n	\"publisher\":{\n		\"name\":\"William Heinemann\",\n		\"location\":\"London\"\n	},\n	\"year\":\"1914\",\n	\"url\":\"https://topostext.org/work/4\"\n}'),(18,134,23,3,'134','2023-04-17 19:27:20',NULL,'But afterwards [Earth] lay with Heaven and bare deep-swirling Oceanus, Coeus and Crius and Hyperion and Iapetus, Theia and Rhea, Themis and Mnemosyne and gold-crowned Phoebe and lovely Tethys. After them was born Cronos the wily, youngest and most terrible of her children, and he hated his lusty sire.','{\n	\"type\":\"book\",\n	\"title\":\"Hesiod, Homeric Hymns, Epic Cycle, Homerica\",\n	\"translators\":[\n		{\"name\":\"Hugh G. Evelyn-White\"}	\n	],\n	\"publisher\":{\n		\"name\":\"William Heinemann\",\n		\"location\":\"London\"\n	},\n	\"year\":\"1914\",\n	\"url\":\"https://topostext.org/work/4\"\n}'),(19,135,23,3,'134','2023-04-17 19:27:34',NULL,'But afterwards [Earth] lay with Heaven and bare deep-swirling Oceanus, Coeus and Crius and Hyperion and Iapetus, Theia and Rhea, Themis and Mnemosyne and gold-crowned Phoebe and lovely Tethys. After them was born Cronos the wily, youngest and most terrible of her children, and he hated his lusty sire.','{\n	\"type\":\"book\",\n	\"title\":\"Hesiod, Homeric Hymns, Epic Cycle, Homerica\",\n	\"translators\":[\n		{\"name\":\"Hugh G. Evelyn-White\"}	\n	],\n	\"publisher\":{\n		\"name\":\"William Heinemann\",\n		\"location\":\"London\"\n	},\n	\"year\":\"1914\",\n	\"url\":\"https://topostext.org/work/4\"\n}'),(20,136,23,3,'134','2023-04-17 19:27:43',NULL,'But afterwards [Earth] lay with Heaven and bare deep-swirling Oceanus, Coeus and Crius and Hyperion and Iapetus, Theia and Rhea, Themis and Mnemosyne and gold-crowned Phoebe and lovely Tethys. After them was born Cronos the wily, youngest and most terrible of her children, and he hated his lusty sire.','{\n	\"type\":\"book\",\n	\"title\":\"Hesiod, Homeric Hymns, Epic Cycle, Homerica\",\n	\"translators\":[\n		{\"name\":\"Hugh G. Evelyn-White\"}	\n	],\n	\"publisher\":{\n		\"name\":\"William Heinemann\",\n		\"location\":\"London\"\n	},\n	\"year\":\"1914\",\n	\"url\":\"https://topostext.org/work/4\"\n}'),(21,137,23,3,'134','2023-04-17 19:27:58',NULL,'But afterwards [Earth] lay with Heaven and bare deep-swirling Oceanus, Coeus and Crius and Hyperion and Iapetus, Theia and Rhea, Themis and Mnemosyne and gold-crowned Phoebe and lovely Tethys. After them was born Cronos the wily, youngest and most terrible of her children, and he hated his lusty sire.','{\n	\"type\":\"book\",\n	\"title\":\"Hesiod, Homeric Hymns, Epic Cycle, Homerica\",\n	\"translators\":[\n		{\"name\":\"Hugh G. Evelyn-White\"}	\n	],\n	\"publisher\":{\n		\"name\":\"William Heinemann\",\n		\"location\":\"London\"\n	},\n	\"year\":\"1914\",\n	\"url\":\"https://topostext.org/work/4\"\n}'),(22,138,23,3,'134','2023-04-17 19:28:27',NULL,'But afterwards [Earth] lay with Heaven and bare deep-swirling Oceanus, Coeus and Crius and Hyperion and Iapetus, Theia and Rhea, Themis and Mnemosyne and gold-crowned Phoebe and lovely Tethys. After them was born Cronos the wily, youngest and most terrible of her children, and he hated his lusty sire.','{\n	\"type\":\"book\",\n	\"title\":\"Hesiod, Homeric Hymns, Epic Cycle, Homerica\",\n	\"translators\":[\n		{\"name\":\"Hugh G. Evelyn-White\"}	\n	],\n	\"publisher\":{\n		\"name\":\"William Heinemann\",\n		\"location\":\"London\"\n	},\n	\"year\":\"1914\",\n	\"url\":\"https://topostext.org/work/4\"\n}'),(23,139,23,3,'134','2023-04-17 19:28:52',NULL,'But afterwards [Earth] lay with Heaven and bare deep-swirling Oceanus, Coeus and Crius and Hyperion and Iapetus, Theia and Rhea, Themis and Mnemosyne and gold-crowned Phoebe and lovely Tethys. After them was born Cronos the wily, youngest and most terrible of her children, and he hated his lusty sire.','{\n	\"type\":\"book\",\n	\"title\":\"Hesiod, Homeric Hymns, Epic Cycle, Homerica\",\n	\"translators\":[\n		{\"name\":\"Hugh G. Evelyn-White\"}	\n	],\n	\"publisher\":{\n		\"name\":\"William Heinemann\",\n		\"location\":\"London\"\n	},\n	\"year\":\"1914\",\n	\"url\":\"https://topostext.org/work/4\"\n}'),(24,140,23,3,'134','2023-04-17 19:29:21',NULL,'But afterwards [Earth] lay with Heaven and bare deep-swirling Oceanus, Coeus and Crius and Hyperion and Iapetus, Theia and Rhea, Themis and Mnemosyne and gold-crowned Phoebe and lovely Tethys. After them was born Cronos the wily, youngest and most terrible of her children, and he hated his lusty sire.','{\n	\"type\":\"book\",\n	\"title\":\"Hesiod, Homeric Hymns, Epic Cycle, Homerica\",\n	\"translators\":[\n		{\"name\":\"Hugh G. Evelyn-White\"}	\n	],\n	\"publisher\":{\n		\"name\":\"William Heinemann\",\n		\"location\":\"London\"\n	},\n	\"year\":\"1914\",\n	\"url\":\"https://topostext.org/work/4\"\n}'),(25,141,23,3,'134','2023-04-17 19:29:41',NULL,'But afterwards [Earth] lay with Heaven and bare deep-swirling Oceanus, Coeus and Crius and Hyperion and Iapetus, Theia and Rhea, Themis and Mnemosyne and gold-crowned Phoebe and lovely Tethys. After them was born Cronos the wily, youngest and most terrible of her children, and he hated his lusty sire.','{\n	\"type\":\"book\",\n	\"title\":\"Hesiod, Homeric Hymns, Epic Cycle, Homerica\",\n	\"translators\":[\n		{\"name\":\"Hugh G. Evelyn-White\"}	\n	],\n	\"publisher\":{\n		\"name\":\"William Heinemann\",\n		\"location\":\"London\"\n	},\n	\"year\":\"1914\",\n	\"url\":\"https://topostext.org/work/4\"\n}'),(26,142,23,3,'134','2023-04-17 19:30:12',NULL,'But afterwards [Earth] lay with Heaven and bare deep-swirling Oceanus, Coeus and Crius and Hyperion and Iapetus, Theia and Rhea, Themis and Mnemosyne and gold-crowned Phoebe and lovely Tethys. After them was born Cronos the wily, youngest and most terrible of her children, and he hated his lusty sire.','{\n	\"type\":\"book\",\n	\"title\":\"Hesiod, Homeric Hymns, Epic Cycle, Homerica\",\n	\"translators\":[\n		{\"name\":\"Hugh G. Evelyn-White\"}	\n	],\n	\"publisher\":{\n		\"name\":\"William Heinemann\",\n		\"location\":\"London\"\n	},\n	\"year\":\"1914\",\n	\"url\":\"https://topostext.org/work/4\"\n}'),(27,143,23,3,'139','2023-04-17 19:34:54',NULL,'And again, [Earth and Heaven] bare the Cyclopes, overbearing in spirit, Brontes, and Steropes and stubborn-hearted Arges, who gave Zeus the thunder and made the thunderbolt: in all else they were like the gods, but one eye only was set in the midst of their fore-heads. And they were surnamed Cyclopes (Orb-eyed) because one orbed eye was set in their foreheads. Strength and might and craft were in their works.','{\n	\"type\":\"book\",\n	\"title\":\"Hesiod, Homeric Hymns, Epic Cycle, Homerica\",\n	\"translators\":[\n		{\"name\":\"Hugh G. Evelyn-White\"}	\n	],\n	\"publisher\":{\n		\"name\":\"William Heinemann\",\n		\"location\":\"London\"\n	},\n	\"year\":\"1914\",\n	\"url\":\"https://topostext.org/work/4\"\n}'),(28,144,23,3,'139','2023-04-17 19:35:06',NULL,'And again, [Earth and Heaven] bare the Cyclopes, overbearing in spirit, Brontes, and Steropes and stubborn-hearted Arges, who gave Zeus the thunder and made the thunderbolt: in all else they were like the gods, but one eye only was set in the midst of their fore-heads. And they were surnamed Cyclopes (Orb-eyed) because one orbed eye was set in their foreheads. Strength and might and craft were in their works.','{\n	\"type\":\"book\",\n	\"title\":\"Hesiod, Homeric Hymns, Epic Cycle, Homerica\",\n	\"translators\":[\n		{\"name\":\"Hugh G. Evelyn-White\"}	\n	],\n	\"publisher\":{\n		\"name\":\"William Heinemann\",\n		\"location\":\"London\"\n	},\n	\"year\":\"1914\",\n	\"url\":\"https://topostext.org/work/4\"\n}'),(29,145,23,3,'139','2023-04-17 19:35:17',NULL,'And again, [Earth and Heaven] bare the Cyclopes, overbearing in spirit, Brontes, and Steropes and stubborn-hearted Arges, who gave Zeus the thunder and made the thunderbolt: in all else they were like the gods, but one eye only was set in the midst of their fore-heads. And they were surnamed Cyclopes (Orb-eyed) because one orbed eye was set in their foreheads. Strength and might and craft were in their works.','{\n	\"type\":\"book\",\n	\"title\":\"Hesiod, Homeric Hymns, Epic Cycle, Homerica\",\n	\"translators\":[\n		{\"name\":\"Hugh G. Evelyn-White\"}	\n	],\n	\"publisher\":{\n		\"name\":\"William Heinemann\",\n		\"location\":\"London\"\n	},\n	\"year\":\"1914\",\n	\"url\":\"https://topostext.org/work/4\"\n}'),(30,146,23,3,'147','2023-04-17 19:36:15',NULL,'And again, three other sons were born of Earth and Heaven, great and doughty beyond telling, Cottus and Briareos and Gyes, presumptuous children. From their shoulders sprang an hundred arms, not to be approached, and each had fifty heads upon his shoulders on their strong limbs, and irresistible was the stubborn strength that was in their great forms.','{\n	\"type\":\"book\",\n	\"title\":\"Hesiod, Homeric Hymns, Epic Cycle, Homerica\",\n	\"translators\":[\n		{\"name\":\"Hugh G. Evelyn-White\"}	\n	],\n	\"publisher\":{\n		\"name\":\"William Heinemann\",\n		\"location\":\"London\"\n	},\n	\"year\":\"1914\",\n	\"url\":\"https://topostext.org/work/4\"\n}'),(31,147,23,3,'147','2023-04-17 19:36:30',NULL,'And again, three other sons were born of Earth and Heaven, great and doughty beyond telling, Cottus and Briareos and Gyes, presumptuous children. From their shoulders sprang an hundred arms, not to be approached, and each had fifty heads upon his shoulders on their strong limbs, and irresistible was the stubborn strength that was in their great forms.','{\n	\"type\":\"book\",\n	\"title\":\"Hesiod, Homeric Hymns, Epic Cycle, Homerica\",\n	\"translators\":[\n		{\"name\":\"Hugh G. Evelyn-White\"}	\n	],\n	\"publisher\":{\n		\"name\":\"William Heinemann\",\n		\"location\":\"London\"\n	},\n	\"year\":\"1914\",\n	\"url\":\"https://topostext.org/work/4\"\n}'),(32,148,23,3,'147','2023-04-17 19:36:39',NULL,'And again, three other sons were born of Earth and Heaven, great and doughty beyond telling, Cottus and Briareos and Gyes, presumptuous children. From their shoulders sprang an hundred arms, not to be approached, and each had fifty heads upon his shoulders on their strong limbs, and irresistible was the stubborn strength that was in their great forms.','{\n	\"type\":\"book\",\n	\"title\":\"Hesiod, Homeric Hymns, Epic Cycle, Homerica\",\n	\"translators\":[\n		{\"name\":\"Hugh G. Evelyn-White\"}	\n	],\n	\"publisher\":{\n		\"name\":\"William Heinemann\",\n		\"location\":\"London\"\n	},\n	\"year\":\"1914\",\n	\"url\":\"https://topostext.org/work/4\"\n}'),(33,149,23,3,'176','2023-04-17 19:39:56',NULL,'Then [Cronos] from his ambush stretched forth his left hand and in his right took the great long sickle with jagged teeth, and swiftly lopped off his own father [Heaven]\'s members and cast them away to fall behind him. [...] And so soon as he had cut off the members with flint and cast them from the land into the surging sea, they were swept away over the main a long time: and a white foam spread around them from the immortal flesh, and in it there grew a maiden [...] and came forth an awful and lovely goddess [...]. Her gods and men call Aphrodite [...].','{\n	\"type\":\"book\",\n	\"title\":\"Hesiod, Homeric Hymns, Epic Cycle, Homerica\",\n	\"translators\":[\n		{\"name\":\"Hugh G. Evelyn-White\"}	\n	],\n	\"publisher\":{\n		\"name\":\"William Heinemann\",\n		\"location\":\"London\"\n	},\n	\"year\":\"1914\",\n	\"url\":\"https://topostext.org/work/4\"\n}'),(34,532,23,3,'233','2023-04-17 19:41:16',NULL,'And Pontos (Sea) begat Nereus, the eldest of his children, who is true and lies not: and men call him the Old Man because he is trusty and gentle and does not forget the laws of righteousness, but thinks just and kindly thoughts.','{\n	\"type\":\"book\",\n	\"title\":\"Hesiod, Homeric Hymns, Epic Cycle, Homerica\",\n	\"translators\":[\n		{\"name\":\"Hugh G. Evelyn-White\"}	\n	],\n	\"publisher\":{\n		\"name\":\"William Heinemann\",\n		\"location\":\"London\"\n	},\n	\"year\":\"1914\",\n	\"url\":\"https://topostext.org/work/4\"\n}'),(35,151,23,3,'346','2023-04-17 19:43:52',NULL,'Also [Tethys] brought forth a holy company of daughters who with the lord Apollo and the Rivers have youths in their keeping — to this charge Zeus appointed them — Peitho, [...] Doris, [...] and Styx who is the chiefest of them all. These are the eldest daughters that sprang from Ocean and Tethys; but there are many besides.','{\n	\"type\":\"book\",\n	\"title\":\"Hesiod, Homeric Hymns, Epic Cycle, Homerica\",\n	\"translators\":[\n		{\"name\":\"Hugh G. Evelyn-White\"}	\n	],\n	\"publisher\":{\n		\"name\":\"William Heinemann\",\n		\"location\":\"London\"\n	},\n	\"year\":\"1914\",\n	\"url\":\"https://topostext.org/work/4\"\n}'),(37,153,23,3,'240','2023-04-17 19:48:11',NULL,'And of Nereus and rich-haired Doris, daughter of Ocean the perfect river, were born children, passing lovely amongst goddesses, Ploto, Eucrante, [...] and Nemertes who has the nature of her deathless father. These fifty daughters sprang from blameless Nereus, skilled in excellent crafts.','{\n	\"type\":\"book\",\n	\"title\":\"Hesiod, Homeric Hymns, Epic Cycle, Homerica\",\n	\"translators\":[\n		{\"name\":\"Hugh G. Evelyn-White\"}	\n	],\n	\"publisher\":{\n		\"name\":\"William Heinemann\",\n		\"location\":\"London\"\n	},\n	\"year\":\"1914\",\n	\"url\":\"https://topostext.org/work/4\"\n}'),(38,154,23,3,'240','2023-04-17 19:53:34',NULL,'And of Nereus and rich-haired Doris, daughter of Ocean the perfect river, were born children, passing lovely amongst goddesses, Ploto, [...] Sao, [...] and Nemertes who has the nature of her deathless father. These fifty daughters sprang from blameless Nereus, skilled in excellent crafts.','{\n	\"type\":\"book\",\n	\"title\":\"Hesiod, Homeric Hymns, Epic Cycle, Homerica\",\n	\"translators\":[\n		{\"name\":\"Hugh G. Evelyn-White\"}	\n	],\n	\"publisher\":{\n		\"name\":\"William Heinemann\",\n		\"location\":\"London\"\n	},\n	\"year\":\"1914\",\n	\"url\":\"https://topostext.org/work/4\"\n}'),(39,155,23,3,'240','2023-04-17 19:53:45',NULL,'And of Nereus and rich-haired Doris, daughter of Ocean the perfect river, were born children, passing lovely amongst goddesses, Ploto, [...] Amphitrite, [...] and Nemertes who has the nature of her deathless father. These fifty daughters sprang from blameless Nereus, skilled in excellent crafts.','{\n	\"type\":\"book\",\n	\"title\":\"Hesiod, Homeric Hymns, Epic Cycle, Homerica\",\n	\"translators\":[\n		{\"name\":\"Hugh G. Evelyn-White\"}	\n	],\n	\"publisher\":{\n		\"name\":\"William Heinemann\",\n		\"location\":\"London\"\n	},\n	\"year\":\"1914\",\n	\"url\":\"https://topostext.org/work/4\"\n}'),(40,156,23,3,'240','2023-04-17 19:53:49',NULL,'And of Nereus and rich-haired Doris, daughter of Ocean the perfect river, were born children, passing lovely amongst goddesses, Ploto, [...] Eudora, [...] and Nemertes who has the nature of her deathless father. These fifty daughters sprang from blameless Nereus, skilled in excellent crafts.','{\n	\"type\":\"book\",\n	\"title\":\"Hesiod, Homeric Hymns, Epic Cycle, Homerica\",\n	\"translators\":[\n		{\"name\":\"Hugh G. Evelyn-White\"}	\n	],\n	\"publisher\":{\n		\"name\":\"William Heinemann\",\n		\"location\":\"London\"\n	},\n	\"year\":\"1914\",\n	\"url\":\"https://topostext.org/work/4\"\n}'),(41,157,23,3,'240','2023-04-17 19:53:55',NULL,'And of Nereus and rich-haired Doris, daughter of Ocean the perfect river, were born children, passing lovely amongst goddesses, Ploto, [...] Thetis, [...] and Nemertes who has the nature of her deathless father. These fifty daughters sprang from blameless Nereus, skilled in excellent crafts.','{\n	\"type\":\"book\",\n	\"title\":\"Hesiod, Homeric Hymns, Epic Cycle, Homerica\",\n	\"translators\":[\n		{\"name\":\"Hugh G. Evelyn-White\"}	\n	],\n	\"publisher\":{\n		\"name\":\"William Heinemann\",\n		\"location\":\"London\"\n	},\n	\"year\":\"1914\",\n	\"url\":\"https://topostext.org/work/4\"\n}'),(42,158,23,3,'240','2023-04-17 19:54:00',NULL,'And of Nereus and rich-haired Doris, daughter of Ocean the perfect river, were born children, passing lovely amongst goddesses, Ploto, [...] Galene [...] and Nemertes who has the nature of her deathless father. These fifty daughters sprang from blameless Nereus, skilled in excellent crafts.','{\n	\"type\":\"book\",\n	\"title\":\"Hesiod, Homeric Hymns, Epic Cycle, Homerica\",\n	\"translators\":[\n		{\"name\":\"Hugh G. Evelyn-White\"}	\n	],\n	\"publisher\":{\n		\"name\":\"William Heinemann\",\n		\"location\":\"London\"\n	},\n	\"year\":\"1914\",\n	\"url\":\"https://topostext.org/work/4\"\n}'),(43,159,23,3,'240','2023-04-17 19:54:05',NULL,'And of Nereus and rich-haired Doris, daughter of Ocean the perfect river, were born children, passing lovely amongst goddesses, Ploto, [...] Glauce, [...] and Nemertes who has the nature of her deathless father. These fifty daughters sprang from blameless Nereus, skilled in excellent crafts.','{\n	\"type\":\"book\",\n	\"title\":\"Hesiod, Homeric Hymns, Epic Cycle, Homerica\",\n	\"translators\":[\n		{\"name\":\"Hugh G. Evelyn-White\"}	\n	],\n	\"publisher\":{\n		\"name\":\"William Heinemann\",\n		\"location\":\"London\"\n	},\n	\"year\":\"1914\",\n	\"url\":\"https://topostext.org/work/4\"\n}'),(44,160,23,3,'240','2023-04-17 19:54:10',NULL,'And of Nereus and rich-haired Doris, daughter of Ocean the perfect river, were born children, passing lovely amongst goddesses, Ploto, [...] Cymothoe, [...] and Nemertes who has the nature of her deathless father. These fifty daughters sprang from blameless Nereus, skilled in excellent crafts.','{\n	\"type\":\"book\",\n	\"title\":\"Hesiod, Homeric Hymns, Epic Cycle, Homerica\",\n	\"translators\":[\n		{\"name\":\"Hugh G. Evelyn-White\"}	\n	],\n	\"publisher\":{\n		\"name\":\"William Heinemann\",\n		\"location\":\"London\"\n	},\n	\"year\":\"1914\",\n	\"url\":\"https://topostext.org/work/4\"\n}'),(45,161,23,3,'240','2023-04-17 19:54:18',NULL,'And of Nereus and rich-haired Doris, daughter of Ocean the perfect river, were born children, passing lovely amongst goddesses, Ploto, [...] Speo, [...] and Nemertes who has the nature of her deathless father. These fifty daughters sprang from blameless Nereus, skilled in excellent crafts.','{\n	\"type\":\"book\",\n	\"title\":\"Hesiod, Homeric Hymns, Epic Cycle, Homerica\",\n	\"translators\":[\n		{\"name\":\"Hugh G. Evelyn-White\"}	\n	],\n	\"publisher\":{\n		\"name\":\"William Heinemann\",\n		\"location\":\"London\"\n	},\n	\"year\":\"1914\",\n	\"url\":\"https://topostext.org/work/4\"\n}'),(46,544,23,3,'240','2023-04-17 19:54:22',NULL,'And of Nereus and rich-haired Doris, daughter of Ocean the perfect river, were born children, passing lovely amongst goddesses, Ploto, [...] Pasithea, [...] and Nemertes who has the nature of her deathless father. These fifty daughters sprang from blameless Nereus, skilled in excellent crafts.','{\n	\"type\":\"book\",\n	\"title\":\"Hesiod, Homeric Hymns, Epic Cycle, Homerica\",\n	\"translators\":[\n		{\"name\":\"Hugh G. Evelyn-White\"}	\n	],\n	\"publisher\":{\n		\"name\":\"William Heinemann\",\n		\"location\":\"London\"\n	},\n	\"year\":\"1914\",\n	\"url\":\"https://topostext.org/work/4\"\n}'),(47,163,23,3,'240','2023-04-17 19:54:26',NULL,'And of Nereus and rich-haired Doris, daughter of Ocean the perfect river, were born children, passing lovely amongst goddesses, Ploto, [...] rosy-armed Eunice, [...] and Nemertes who has the nature of her deathless father. These fifty daughters sprang from blameless Nereus, skilled in excellent crafts.','{\n	\"type\":\"book\",\n	\"title\":\"Hesiod, Homeric Hymns, Epic Cycle, Homerica\",\n	\"translators\":[\n		{\"name\":\"Hugh G. Evelyn-White\"}	\n	],\n	\"publisher\":{\n		\"name\":\"William Heinemann\",\n		\"location\":\"London\"\n	},\n	\"year\":\"1914\",\n	\"url\":\"https://topostext.org/work/4\"\n}'),(48,164,23,3,'240','2023-04-17 19:54:34',NULL,'And of Nereus and rich-haired Doris, daughter of Ocean the perfect river, were born children, passing lovely amongst goddesses, Ploto, [...] gracious Melite, [...] and Nemertes who has the nature of her deathless father. These fifty daughters sprang from blameless Nereus, skilled in excellent crafts.','{\n	\"type\":\"book\",\n	\"title\":\"Hesiod, Homeric Hymns, Epic Cycle, Homerica\",\n	\"translators\":[\n		{\"name\":\"Hugh G. Evelyn-White\"}	\n	],\n	\"publisher\":{\n		\"name\":\"William Heinemann\",\n		\"location\":\"London\"\n	},\n	\"year\":\"1914\",\n	\"url\":\"https://topostext.org/work/4\"\n}'),(49,165,23,3,'240','2023-04-17 19:54:37',NULL,'And of Nereus and rich-haired Doris, daughter of Ocean the perfect river, were born children, passing lovely amongst goddesses, Ploto, [...] Eulimene, [...] and Nemertes who has the nature of her deathless father. These fifty daughters sprang from blameless Nereus, skilled in excellent crafts.','{\n	\"type\":\"book\",\n	\"title\":\"Hesiod, Homeric Hymns, Epic Cycle, Homerica\",\n	\"translators\":[\n		{\"name\":\"Hugh G. Evelyn-White\"}	\n	],\n	\"publisher\":{\n		\"name\":\"William Heinemann\",\n		\"location\":\"London\"\n	},\n	\"year\":\"1914\",\n	\"url\":\"https://topostext.org/work/4\"\n}'),(51,167,23,3,'240','2023-04-17 19:54:55',NULL,'And of Nereus and rich-haired Doris, daughter of Ocean the perfect river, were born children, passing lovely amongst goddesses, Ploto, [...] Doto, [...] and Nemertes who has the nature of her deathless father. These fifty daughters sprang from blameless Nereus, skilled in excellent crafts.','{\n	\"type\":\"book\",\n	\"title\":\"Hesiod, Homeric Hymns, Epic Cycle, Homerica\",\n	\"translators\":[\n		{\"name\":\"Hugh G. Evelyn-White\"}	\n	],\n	\"publisher\":{\n		\"name\":\"William Heinemann\",\n		\"location\":\"London\"\n	},\n	\"year\":\"1914\",\n	\"url\":\"https://topostext.org/work/4\"\n}'),(52,168,23,3,'240','2023-04-17 19:54:58',NULL,'And of Nereus and rich-haired Doris, daughter of Ocean the perfect river, were born children, passing lovely amongst goddesses, Ploto, [...] Proto, [...] and Nemertes who has the nature of her deathless father. These fifty daughters sprang from blameless Nereus, skilled in excellent crafts.','{\n	\"type\":\"book\",\n	\"title\":\"Hesiod, Homeric Hymns, Epic Cycle, Homerica\",\n	\"translators\":[\n		{\"name\":\"Hugh G. Evelyn-White\"}	\n	],\n	\"publisher\":{\n		\"name\":\"William Heinemann\",\n		\"location\":\"London\"\n	},\n	\"year\":\"1914\",\n	\"url\":\"https://topostext.org/work/4\"\n}'),(53,169,23,3,'240','2023-04-17 19:55:02',NULL,'And of Nereus and rich-haired Doris, daughter of Ocean the perfect river, were born children, passing lovely amongst goddesses, Ploto, [...] Pherusa, [...] and Nemertes who has the nature of her deathless father. These fifty daughters sprang from blameless Nereus, skilled in excellent crafts.','{\n	\"type\":\"book\",\n	\"title\":\"Hesiod, Homeric Hymns, Epic Cycle, Homerica\",\n	\"translators\":[\n		{\"name\":\"Hugh G. Evelyn-White\"}	\n	],\n	\"publisher\":{\n		\"name\":\"William Heinemann\",\n		\"location\":\"London\"\n	},\n	\"year\":\"1914\",\n	\"url\":\"https://topostext.org/work/4\"\n}'),(54,170,23,3,'240','2023-04-17 19:55:05',NULL,'And of Nereus and rich-haired Doris, daughter of Ocean the perfect river, were born children, passing lovely amongst goddesses, Ploto, [...] Dynamene, [...] and Nemertes who has the nature of her deathless father. These fifty daughters sprang from blameless Nereus, skilled in excellent crafts.','{\n	\"type\":\"book\",\n	\"title\":\"Hesiod, Homeric Hymns, Epic Cycle, Homerica\",\n	\"translators\":[\n		{\"name\":\"Hugh G. Evelyn-White\"}	\n	],\n	\"publisher\":{\n		\"name\":\"William Heinemann\",\n		\"location\":\"London\"\n	},\n	\"year\":\"1914\",\n	\"url\":\"https://topostext.org/work/4\"\n}'),(55,171,23,3,'240','2023-04-17 19:55:13',NULL,'And of Nereus and rich-haired Doris, daughter of Ocean the perfect river, were born children, passing lovely amongst goddesses, Ploto, [...] Nisaea, [...] and Nemertes who has the nature of her deathless father. These fifty daughters sprang from blameless Nereus, skilled in excellent crafts.','{\n	\"type\":\"book\",\n	\"title\":\"Hesiod, Homeric Hymns, Epic Cycle, Homerica\",\n	\"translators\":[\n		{\"name\":\"Hugh G. Evelyn-White\"}	\n	],\n	\"publisher\":{\n		\"name\":\"William Heinemann\",\n		\"location\":\"London\"\n	},\n	\"year\":\"1914\",\n	\"url\":\"https://topostext.org/work/4\"\n}'),(56,172,23,3,'240','2023-04-17 19:55:18',NULL,'And of Nereus and rich-haired Doris, daughter of Ocean the perfect river, were born children, passing lovely amongst goddesses, Ploto, [...] Actaea, [...] and Nemertes who has the nature of her deathless father. These fifty daughters sprang from blameless Nereus, skilled in excellent crafts.','{\n	\"type\":\"book\",\n	\"title\":\"Hesiod, Homeric Hymns, Epic Cycle, Homerica\",\n	\"translators\":[\n		{\"name\":\"Hugh G. Evelyn-White\"}	\n	],\n	\"publisher\":{\n		\"name\":\"William Heinemann\",\n		\"location\":\"London\"\n	},\n	\"year\":\"1914\",\n	\"url\":\"https://topostext.org/work/4\"\n}'),(57,173,23,3,'240','2023-04-17 19:55:26',NULL,'And of Nereus and rich-haired Doris, daughter of Ocean the perfect river, were born children, passing lovely amongst goddesses, Ploto, [...] Protomedea, [...] and Nemertes who has the nature of her deathless father. These fifty daughters sprang from blameless Nereus, skilled in excellent crafts.','{\n	\"type\":\"book\",\n	\"title\":\"Hesiod, Homeric Hymns, Epic Cycle, Homerica\",\n	\"translators\":[\n		{\"name\":\"Hugh G. Evelyn-White\"}	\n	],\n	\"publisher\":{\n		\"name\":\"William Heinemann\",\n		\"location\":\"London\"\n	},\n	\"year\":\"1914\",\n	\"url\":\"https://topostext.org/work/4\"\n}'),(58,174,23,3,'240','2023-04-17 19:55:33',NULL,'And of Nereus and rich-haired Doris, daughter of Ocean the perfect river, were born children, passing lovely amongst goddesses, Ploto, [...] Panopea, [...] and Nemertes who has the nature of her deathless father. These fifty daughters sprang from blameless Nereus, skilled in excellent crafts.','{\n	\"type\":\"book\",\n	\"title\":\"Hesiod, Homeric Hymns, Epic Cycle, Homerica\",\n	\"translators\":[\n		{\"name\":\"Hugh G. Evelyn-White\"}	\n	],\n	\"publisher\":{\n		\"name\":\"William Heinemann\",\n		\"location\":\"London\"\n	},\n	\"year\":\"1914\",\n	\"url\":\"https://topostext.org/work/4\"\n}'),(59,175,23,3,'240','2023-04-17 19:55:39',NULL,'And of Nereus and rich-haired Doris, daughter of Ocean the perfect river, were born children, passing lovely amongst goddesses, Ploto, [...] comely Galatea, [...] and Nemertes who has the nature of her deathless father. These fifty daughters sprang from blameless Nereus, skilled in excellent crafts.','{\n	\"type\":\"book\",\n	\"title\":\"Hesiod, Homeric Hymns, Epic Cycle, Homerica\",\n	\"translators\":[\n		{\"name\":\"Hugh G. Evelyn-White\"}	\n	],\n	\"publisher\":{\n		\"name\":\"William Heinemann\",\n		\"location\":\"London\"\n	},\n	\"year\":\"1914\",\n	\"url\":\"https://topostext.org/work/4\"\n}'),(60,176,23,3,'240','2023-04-17 19:55:44',NULL,'And of Nereus and rich-haired Doris, daughter of Ocean the perfect river, were born children, passing lovely amongst goddesses, Ploto, [...] lovely Hippothoe, [...] and Nemertes who has the nature of her deathless father. These fifty daughters sprang from blameless Nereus, skilled in excellent crafts.','{\n	\"type\":\"book\",\n	\"title\":\"Hesiod, Homeric Hymns, Epic Cycle, Homerica\",\n	\"translators\":[\n		{\"name\":\"Hugh G. Evelyn-White\"}	\n	],\n	\"publisher\":{\n		\"name\":\"William Heinemann\",\n		\"location\":\"London\"\n	},\n	\"year\":\"1914\",\n	\"url\":\"https://topostext.org/work/4\"\n}'),(61,177,23,3,'240','2023-04-17 19:55:49',NULL,'And of Nereus and rich-haired Doris, daughter of Ocean the perfect river, were born children, passing lovely amongst goddesses, Ploto, [...] rosy-armed Hipponoe, [...] and Nemertes who has the nature of her deathless father. These fifty daughters sprang from blameless Nereus, skilled in excellent crafts.','{\n	\"type\":\"book\",\n	\"title\":\"Hesiod, Homeric Hymns, Epic Cycle, Homerica\",\n	\"translators\":[\n		{\"name\":\"Hugh G. Evelyn-White\"}	\n	],\n	\"publisher\":{\n		\"name\":\"William Heinemann\",\n		\"location\":\"London\"\n	},\n	\"year\":\"1914\",\n	\"url\":\"https://topostext.org/work/4\"\n}'),(62,178,23,3,'240','2023-04-17 19:55:53',NULL,'And of Nereus and rich-haired Doris, daughter of Ocean the perfect river, were born children, passing lovely amongst goddesses, Ploto, [...] and Cymodoce who with Cymatolege and Amphitrite easily calms the waves upon the misty sea and the blasts of raging winds, [...] and Nemertes who has the nature of her deathless father. These fifty daughters sprang from blameless Nereus, skilled in excellent crafts.','{\n	\"type\":\"book\",\n	\"title\":\"Hesiod, Homeric Hymns, Epic Cycle, Homerica\",\n	\"translators\":[\n		{\"name\":\"Hugh G. Evelyn-White\"}	\n	],\n	\"publisher\":{\n		\"name\":\"William Heinemann\",\n		\"location\":\"London\"\n	},\n	\"year\":\"1914\",\n	\"url\":\"https://topostext.org/work/4\"\n}'),(63,179,23,3,'240','2023-04-17 19:55:57',NULL,'And of Nereus and rich-haired Doris, daughter of Ocean the perfect river, were born children, passing lovely amongst goddesses, Ploto, [...] and Cymodoce who with Cymatolege and Amphitrite easily calms the waves upon the misty sea and the blasts of raging winds, [...] and Nemertes who has the nature of her deathless father. These fifty daughters sprang from blameless Nereus, skilled in excellent crafts.','{\n	\"type\":\"book\",\n	\"title\":\"Hesiod, Homeric Hymns, Epic Cycle, Homerica\",\n	\"translators\":[\n		{\"name\":\"Hugh G. Evelyn-White\"}	\n	],\n	\"publisher\":{\n		\"name\":\"William Heinemann\",\n		\"location\":\"London\"\n	},\n	\"year\":\"1914\",\n	\"url\":\"https://topostext.org/work/4\"\n}'),(64,180,23,3,'240','2023-04-17 19:56:01',NULL,'And of Nereus and rich-haired Doris, daughter of Ocean the perfect river, were born children, passing lovely amongst goddesses, Ploto, [...] Cymo, [...] and Nemertes who has the nature of her deathless father. These fifty daughters sprang from blameless Nereus, skilled in excellent crafts.','{\n	\"type\":\"book\",\n	\"title\":\"Hesiod, Homeric Hymns, Epic Cycle, Homerica\",\n	\"translators\":[\n		{\"name\":\"Hugh G. Evelyn-White\"}	\n	],\n	\"publisher\":{\n		\"name\":\"William Heinemann\",\n		\"location\":\"London\"\n	},\n	\"year\":\"1914\",\n	\"url\":\"https://topostext.org/work/4\"\n}'),(66,182,23,3,'240','2023-04-17 19:56:10',NULL,'And of Nereus and rich-haired Doris, daughter of Ocean the perfect river, were born children, passing lovely amongst goddesses, Ploto, [...] rich-crowned Alimede, [...] and Nemertes who has the nature of her deathless father. These fifty daughters sprang from blameless Nereus, skilled in excellent crafts.','{\n	\"type\":\"book\",\n	\"title\":\"Hesiod, Homeric Hymns, Epic Cycle, Homerica\",\n	\"translators\":[\n		{\"name\":\"Hugh G. Evelyn-White\"}	\n	],\n	\"publisher\":{\n		\"name\":\"William Heinemann\",\n		\"location\":\"London\"\n	},\n	\"year\":\"1914\",\n	\"url\":\"https://topostext.org/work/4\"\n}'),(67,183,23,3,'240','2023-04-17 19:56:16',NULL,'And of Nereus and rich-haired Doris, daughter of Ocean the perfect river, were born children, passing lovely amongst goddesses, Ploto, [...] Glauconome, fond of laughter, [...] and Nemertes who has the nature of her deathless father. These fifty daughters sprang from blameless Nereus, skilled in excellent crafts.','{\n	\"type\":\"book\",\n	\"title\":\"Hesiod, Homeric Hymns, Epic Cycle, Homerica\",\n	\"translators\":[\n		{\"name\":\"Hugh G. Evelyn-White\"}	\n	],\n	\"publisher\":{\n		\"name\":\"William Heinemann\",\n		\"location\":\"London\"\n	},\n	\"year\":\"1914\",\n	\"url\":\"https://topostext.org/work/4\"\n}'),(69,185,23,3,'240','2023-04-17 19:56:25',NULL,'And of Nereus and rich-haired Doris, daughter of Ocean the perfect river, were born children, passing lovely amongst goddesses, Ploto, [...] Leagore, [...] and Nemertes who has the nature of her deathless father. These fifty daughters sprang from blameless Nereus, skilled in excellent crafts.','{\n	\"type\":\"book\",\n	\"title\":\"Hesiod, Homeric Hymns, Epic Cycle, Homerica\",\n	\"translators\":[\n		{\"name\":\"Hugh G. Evelyn-White\"}	\n	],\n	\"publisher\":{\n		\"name\":\"William Heinemann\",\n		\"location\":\"London\"\n	},\n	\"year\":\"1914\",\n	\"url\":\"https://topostext.org/work/4\"\n}'),(70,186,23,3,'240','2023-04-17 19:56:28',NULL,'And of Nereus and rich-haired Doris, daughter of Ocean the perfect river, were born children, passing lovely amongst goddesses, Ploto, [...] Euagore, [...] and Nemertes who has the nature of her deathless father. These fifty daughters sprang from blameless Nereus, skilled in excellent crafts.','{\n	\"type\":\"book\",\n	\"title\":\"Hesiod, Homeric Hymns, Epic Cycle, Homerica\",\n	\"translators\":[\n		{\"name\":\"Hugh G. Evelyn-White\"}	\n	],\n	\"publisher\":{\n		\"name\":\"William Heinemann\",\n		\"location\":\"London\"\n	},\n	\"year\":\"1914\",\n	\"url\":\"https://topostext.org/work/4\"\n}'),(71,187,23,3,'240','2023-04-17 19:56:32',NULL,'And of Nereus and rich-haired Doris, daughter of Ocean the perfect river, were born children, passing lovely amongst goddesses, Ploto, [...] Laomedea, [...] and Nemertes who has the nature of her deathless father. These fifty daughters sprang from blameless Nereus, skilled in excellent crafts.','{\n	\"type\":\"book\",\n	\"title\":\"Hesiod, Homeric Hymns, Epic Cycle, Homerica\",\n	\"translators\":[\n		{\"name\":\"Hugh G. Evelyn-White\"}	\n	],\n	\"publisher\":{\n		\"name\":\"William Heinemann\",\n		\"location\":\"London\"\n	},\n	\"year\":\"1914\",\n	\"url\":\"https://topostext.org/work/4\"\n}'),(72,188,23,3,'240','2023-04-17 19:56:35',NULL,'And of Nereus and rich-haired Doris, daughter of Ocean the perfect river, were born children, passing lovely amongst goddesses, Ploto, [...] Polynoe, [...] and Nemertes who has the nature of her deathless father. These fifty daughters sprang from blameless Nereus, skilled in excellent crafts.','{\n	\"type\":\"book\",\n	\"title\":\"Hesiod, Homeric Hymns, Epic Cycle, Homerica\",\n	\"translators\":[\n		{\"name\":\"Hugh G. Evelyn-White\"}	\n	],\n	\"publisher\":{\n		\"name\":\"William Heinemann\",\n		\"location\":\"London\"\n	},\n	\"year\":\"1914\",\n	\"url\":\"https://topostext.org/work/4\"\n}'),(73,189,23,3,'240','2023-04-17 19:56:39',NULL,'And of Nereus and rich-haired Doris, daughter of Ocean the perfect river, were born children, passing lovely amongst goddesses, Ploto, [...] Autonoe, [...] and Nemertes who has the nature of her deathless father. These fifty daughters sprang from blameless Nereus, skilled in excellent crafts.','{\n	\"type\":\"book\",\n	\"title\":\"Hesiod, Homeric Hymns, Epic Cycle, Homerica\",\n	\"translators\":[\n		{\"name\":\"Hugh G. Evelyn-White\"}	\n	],\n	\"publisher\":{\n		\"name\":\"William Heinemann\",\n		\"location\":\"London\"\n	},\n	\"year\":\"1914\",\n	\"url\":\"https://topostext.org/work/4\"\n}'),(75,191,23,3,'240','2023-04-17 19:56:46',NULL,'And of Nereus and rich-haired Doris, daughter of Ocean the perfect river, were born children, passing lovely amongst goddesses, Ploto, [...] and Euarne, lovely of shape and without blemish of form, [...] and Nemertes who has the nature of her deathless father. These fifty daughters sprang from blameless Nereus, skilled in excellent crafts.','{\n	\"type\":\"book\",\n	\"title\":\"Hesiod, Homeric Hymns, Epic Cycle, Homerica\",\n	\"translators\":[\n		{\"name\":\"Hugh G. Evelyn-White\"}	\n	],\n	\"publisher\":{\n		\"name\":\"William Heinemann\",\n		\"location\":\"London\"\n	},\n	\"year\":\"1914\",\n	\"url\":\"https://topostext.org/work/4\"\n}'),(76,192,23,3,'240','2023-04-17 19:56:49',NULL,'And of Nereus and rich-haired Doris, daughter of Ocean the perfect river, were born children, passing lovely amongst goddesses, Ploto, [...] and Psamathe of charming figure, [...] and Nemertes who has the nature of her deathless father. These fifty daughters sprang from blameless Nereus, skilled in excellent crafts.','{\n	\"type\":\"book\",\n	\"title\":\"Hesiod, Homeric Hymns, Epic Cycle, Homerica\",\n	\"translators\":[\n		{\"name\":\"Hugh G. Evelyn-White\"}	\n	],\n	\"publisher\":{\n		\"name\":\"William Heinemann\",\n		\"location\":\"London\"\n	},\n	\"year\":\"1914\",\n	\"url\":\"https://topostext.org/work/4\"\n}'),(77,193,23,3,'240','2023-04-17 19:56:53',NULL,'And of Nereus and rich-haired Doris, daughter of Ocean the perfect river, were born children, passing lovely amongst goddesses, Ploto, [...] divine Menippe, [...] and Nemertes who has the nature of her deathless father. These fifty daughters sprang from blameless Nereus, skilled in excellent crafts.','{\n	\"type\":\"book\",\n	\"title\":\"Hesiod, Homeric Hymns, Epic Cycle, Homerica\",\n	\"translators\":[\n		{\"name\":\"Hugh G. Evelyn-White\"}	\n	],\n	\"publisher\":{\n		\"name\":\"William Heinemann\",\n		\"location\":\"London\"\n	},\n	\"year\":\"1914\",\n	\"url\":\"https://topostext.org/work/4\"\n}'),(78,194,23,3,'240','2023-04-17 19:56:56',NULL,'And of Nereus and rich-haired Doris, daughter of Ocean the perfect river, were born children, passing lovely amongst goddesses, Ploto, [...] Neso, [...] and Nemertes who has the nature of her deathless father. These fifty daughters sprang from blameless Nereus, skilled in excellent crafts.','{\n	\"type\":\"book\",\n	\"title\":\"Hesiod, Homeric Hymns, Epic Cycle, Homerica\",\n	\"translators\":[\n		{\"name\":\"Hugh G. Evelyn-White\"}	\n	],\n	\"publisher\":{\n		\"name\":\"William Heinemann\",\n		\"location\":\"London\"\n	},\n	\"year\":\"1914\",\n	\"url\":\"https://topostext.org/work/4\"\n}'),(79,195,23,3,'240','2023-04-17 19:56:59',NULL,'And of Nereus and rich-haired Doris, daughter of Ocean the perfect river, were born children, passing lovely amongst goddesses, Ploto, [...] Eupompe, [...] and Nemertes who has the nature of her deathless father. These fifty daughters sprang from blameless Nereus, skilled in excellent crafts.','{\n	\"type\":\"book\",\n	\"title\":\"Hesiod, Homeric Hymns, Epic Cycle, Homerica\",\n	\"translators\":[\n		{\"name\":\"Hugh G. Evelyn-White\"}	\n	],\n	\"publisher\":{\n		\"name\":\"William Heinemann\",\n		\"location\":\"London\"\n	},\n	\"year\":\"1914\",\n	\"url\":\"https://topostext.org/work/4\"\n}'),(80,196,23,3,'240','2023-04-17 19:57:02',NULL,'And of Nereus and rich-haired Doris, daughter of Ocean the perfect river, were born children, passing lovely amongst goddesses, Ploto, [...] Themisto, [...] and Nemertes who has the nature of her deathless father. These fifty daughters sprang from blameless Nereus, skilled in excellent crafts.','{\n	\"type\":\"book\",\n	\"title\":\"Hesiod, Homeric Hymns, Epic Cycle, Homerica\",\n	\"translators\":[\n		{\"name\":\"Hugh G. Evelyn-White\"}	\n	],\n	\"publisher\":{\n		\"name\":\"William Heinemann\",\n		\"location\":\"London\"\n	},\n	\"year\":\"1914\",\n	\"url\":\"https://topostext.org/work/4\"\n}'),(81,197,23,3,'240','2023-04-17 19:57:05',NULL,'And of Nereus and rich-haired Doris, daughter of Ocean the perfect river, were born children, passing lovely amongst goddesses, Ploto, [...] Pronoe, [...] and Nemertes who has the nature of her deathless father. These fifty daughters sprang from blameless Nereus, skilled in excellent crafts.','{\n	\"type\":\"book\",\n	\"title\":\"Hesiod, Homeric Hymns, Epic Cycle, Homerica\",\n	\"translators\":[\n		{\"name\":\"Hugh G. Evelyn-White\"}	\n	],\n	\"publisher\":{\n		\"name\":\"William Heinemann\",\n		\"location\":\"London\"\n	},\n	\"year\":\"1914\",\n	\"url\":\"https://topostext.org/work/4\"\n}'),(82,198,23,3,'240','2023-04-17 19:57:09',NULL,'And of Nereus and rich-haired Doris, daughter of Ocean the perfect river, were born children, passing lovely amongst goddesses, Ploto, Eucrante, [...] and Nemertes who has the nature of her deathless father. These fifty daughters sprang from blameless Nereus, skilled in excellent crafts.','{\n	\"type\":\"book\",\n	\"title\":\"Hesiod, Homeric Hymns, Epic Cycle, Homerica\",\n	\"translators\":[\n		{\"name\":\"Hugh G. Evelyn-White\"}	\n	],\n	\"publisher\":{\n		\"name\":\"William Heinemann\",\n		\"location\":\"London\"\n	},\n	\"year\":\"1914\",\n	\"url\":\"https://topostext.org/work/4\"\n}'),(83,199,23,3,'233','2023-04-19 13:13:08',NULL,'And yet again [Nereus] got great Thaumas and proud Phorcys, being mated with Earth, and fair-cheeked Ceto and Eurybia who has a heart of flint within her.','{\n	\"type\":\"book\",\n	\"title\":\"Hesiod, Homeric Hymns, Epic Cycle, Homerica\",\n	\"translators\":[\n		{\"name\":\"Hugh G. Evelyn-White\"}	\n	],\n	\"publisher\":{\n		\"name\":\"William Heinemann\",\n		\"location\":\"London\"\n	},\n	\"year\":\"1914\",\n	\"url\":\"https://topostext.org/work/4\"\n}'),(84,200,23,3,'233','2023-04-19 13:13:12',NULL,'And yet again [Nereus] got great Thaumas and proud Phorcys, being mated with Earth, and fair-cheeked Ceto and Eurybia who has a heart of flint within her.','{\n	\"type\":\"book\",\n	\"title\":\"Hesiod, Homeric Hymns, Epic Cycle, Homerica\",\n	\"translators\":[\n		{\"name\":\"Hugh G. Evelyn-White\"}	\n	],\n	\"publisher\":{\n		\"name\":\"William Heinemann\",\n		\"location\":\"London\"\n	},\n	\"year\":\"1914\",\n	\"url\":\"https://topostext.org/work/4\"\n}'),(85,201,23,3,'233','2023-04-19 13:13:14',NULL,'And yet again [Nereus] got great Thaumas and proud Phorcys, being mated with Earth, and fair-cheeked Ceto and Eurybia who has a heart of flint within her.','{\n	\"type\":\"book\",\n	\"title\":\"Hesiod, Homeric Hymns, Epic Cycle, Homerica\",\n	\"translators\":[\n		{\"name\":\"Hugh G. Evelyn-White\"}	\n	],\n	\"publisher\":{\n		\"name\":\"William Heinemann\",\n		\"location\":\"London\"\n	},\n	\"year\":\"1914\",\n	\"url\":\"https://topostext.org/work/4\"\n}'),(86,202,23,3,'233','2023-04-19 13:13:17',NULL,'And yet again [Nereus] got great Thaumas and proud Phorcys, being mated with Earth, and fair-cheeked Ceto and Eurybia who has a heart of flint within her.','{\n	\"type\":\"book\",\n	\"title\":\"Hesiod, Homeric Hymns, Epic Cycle, Homerica\",\n	\"translators\":[\n		{\"name\":\"Hugh G. Evelyn-White\"}	\n	],\n	\"publisher\":{\n		\"name\":\"William Heinemann\",\n		\"location\":\"London\"\n	},\n	\"year\":\"1914\",\n	\"url\":\"https://topostext.org/work/4\"\n}'),(87,203,23,3,'270','2023-04-19 13:14:41',NULL,'And again, Ceto bare to Phorcys [...] the Gorgons who dwell beyond glorious Ocean in the frontier land towards Night where are the clear-voiced Hesperides, Sthenno, and Euryale, and Medusa who suffered a woeful fate: she was mortal, but the two were undying and grew not old.','{\"type\":\"book\", \"title\":\"Hesiod, Homeric Hymns, Epic Cycle, Homerica\", \"translators\":[{\"name\":\"Hugh G. Evelyn-White\"}], \"publisher\":{\"name\":\"William Heinemann\", \"location\":\"London\"}, \"year\":\"1914\", \"url\":\"https://topostext.org/work/4\"}'),(88,204,23,3,'270','2023-04-19 13:15:19',NULL,'With [Medusa] lay the Dark-haired One [Poseidon] in a soft meadow amid spring flowers. And when Perseus cut off her head, there sprang forth great Chrysaor and the horse Pegasus who is so called because he was born near the springs (pegae) of Ocean; and that other, because he held a golden blade (aor) in his hands.','{\"type\":\"book\", \"title\":\"Hesiod, Homeric Hymns, Epic Cycle, Homerica\", \"translators\":[{\"name\":\"Hugh G. Evelyn-White\"}], \"publisher\":{\"name\":\"William Heinemann\", \"location\":\"London\"}, \"year\":\"1914\", \"url\":\"https://topostext.org/work/4\"}'),(89,205,23,3,'270','2023-04-19 13:15:43',NULL,'With [Medusa] lay the Dark-haired One [Poseidon] in a soft meadow amid spring flowers. And when Perseus cut off her head, there sprang forth great Chrysaor and the horse Pegasus who is so called because he was born near the springs (pegae) of Ocean; and that other, because he held a golden blade (aor) in his hands.','{\"type\":\"book\", \"title\":\"Hesiod, Homeric Hymns, Epic Cycle, Homerica\", \"translators\":[{\"name\":\"Hugh G. Evelyn-White\"}], \"publisher\":{\"name\":\"William Heinemann\", \"location\":\"London\"}, \"year\":\"1914\", \"url\":\"https://topostext.org/work/4\"}'),(90,206,23,3,'404','2023-04-19 13:20:07',NULL,NULL,NULL),(91,211,23,3,'453','2023-04-19 13:27:22',NULL,'But Rhea was subject in love to Cronos and bare splendid children, Hestia, Demeter, and gold-shod Hera and strong Hades, pitiless in heart, who dwells under the earth, and the loud-crashing Earth-Shaker, and wise Zeus, father of gods and men, by whose thunder the wide earth is shaken.','{\"type\":\"book\", \"title\":\"Hesiod, Homeric Hymns, Epic Cycle, Homerica\", \"translators\":[{\"name\":\"Hugh G. Evelyn-White\"}],\"publisher\":{\"name\":\"William Heinemann\", \"location\":\"London\"}, \"year\":\"1914\",\"url\":\"https://topostext.org/work/4\"}'),(92,212,23,3,'453','2023-04-19 13:27:29',NULL,'But Rhea was subject in love to Cronos and bare splendid children, Hestia, Demeter, and gold-shod Hera and strong Hades, pitiless in heart, who dwells under the earth, and the loud-crashing Earth-Shaker, and wise Zeus, father of gods and men, by whose thunder the wide earth is shaken.','{\"type\":\"book\", \"title\":\"Hesiod, Homeric Hymns, Epic Cycle, Homerica\", \"translators\":[{\"name\":\"Hugh G. Evelyn-White\"}],\"publisher\":{\"name\":\"William Heinemann\", \"location\":\"London\"}, \"year\":\"1914\",\"url\":\"https://topostext.org/work/4\"}'),(93,213,23,3,'453','2023-04-19 13:27:35',NULL,'But Rhea was subject in love to Cronos and bare splendid children, Hestia, Demeter, and gold-shod Hera and strong Hades, pitiless in heart, who dwells under the earth, and the loud-crashing Earth-Shaker, and wise Zeus, father of gods and men, by whose thunder the wide earth is shaken.','{\"type\":\"book\", \"title\":\"Hesiod, Homeric Hymns, Epic Cycle, Homerica\", \"translators\":[{\"name\":\"Hugh G. Evelyn-White\"}],\"publisher\":{\"name\":\"William Heinemann\", \"location\":\"London\"}, \"year\":\"1914\",\"url\":\"https://topostext.org/work/4\"}'),(94,214,23,3,'453','2023-04-19 13:27:39',NULL,'But Rhea was subject in love to Cronos and bare splendid children, Hestia, Demeter, and gold-shod Hera and strong Hades, pitiless in heart, who dwells under the earth, and the loud-crashing Earth-Shaker, and wise Zeus, father of gods and men, by whose thunder the wide earth is shaken.','{\"type\":\"book\", \"title\":\"Hesiod, Homeric Hymns, Epic Cycle, Homerica\", \"translators\":[{\"name\":\"Hugh G. Evelyn-White\"}],\"publisher\":{\"name\":\"William Heinemann\", \"location\":\"London\"}, \"year\":\"1914\",\"url\":\"https://topostext.org/work/4\"}'),(95,215,23,3,'453','2023-04-19 13:27:43',NULL,'But Rhea was subject in love to Cronos and bare splendid children, Hestia, Demeter, and gold-shod Hera and strong Hades, pitiless in heart, who dwells under the earth, and the loud-crashing Earth-Shaker, and wise Zeus, father of gods and men, by whose thunder the wide earth is shaken.','{\"type\":\"book\", \"title\":\"Hesiod, Homeric Hymns, Epic Cycle, Homerica\", \"translators\":[{\"name\":\"Hugh G. Evelyn-White\"}],\"publisher\":{\"name\":\"William Heinemann\", \"location\":\"London\"}, \"year\":\"1914\",\"url\":\"https://topostext.org/work/4\"}'),(96,216,23,3,'453','2023-04-19 13:28:11',NULL,'But Rhea was subject in love to Cronos and bare splendid children, Hestia, Demeter, and gold-shod Hera and strong Hades, pitiless in heart, who dwells under the earth, and the loud-crashing Earth-Shaker, and wise Zeus, father of gods and men, by whose thunder the wide earth is shaken.','{\"type\":\"book\", \"title\":\"Hesiod, Homeric Hymns, Epic Cycle, Homerica\", \"translators\":[{\"name\":\"Hugh G. Evelyn-White\"}],\"publisher\":{\"name\":\"William Heinemann\", \"location\":\"London\"}, \"year\":\"1914\",\"url\":\"https://topostext.org/work/4\"}'),(97,535,23,3,'930','2023-04-19 13:35:04',NULL,'But Zeus lay with the fair-cheeked daughter of Ocean and Tethys apart from Hera . . . ((lacuna)) deceiving Metis (Thought) although she was full wise. But he seized her with his hands and put her in his belly, for fear that she might bring forth something stronger than his thunderbolt: therefore did Zeus, who sits on high and dwells in the aether, swallow her down suddenly. But she straightway conceived Pallas Athene: and the father of men and gods gave her birth by way of his head on the banks of the river Trito.','{\"type\":\"book\", \"translators\":[{\"name\":\"Hugh G. Evelyn-White\"}], \"title\":\"Hesiod, Homeric Hymns, Epic Cycle, Homerica\", \"publisher\":{\"name\":\"William Heinemann\", \"location\":\"London\"}, \"year\":\"1914\", \"url\":\"https://topostext.org/work/4\"}'),(98,218,23,3,'912','2023-04-19 13:37:55',NULL,'Also [Zeus] came to the bed of all-nourishing Demeter, and she bare white-armed Persephone whom Aidoneus carried off from her mother; but wise Zeus gave her to him.','{\n	\"type\":\"book\",\n	\"title\":\"Hesiod, Homeric Hymns, Epic Cycle, Homerica\",\n	\"translators\":[\n		{\"name\":\"Hugh G. Evelyn-White\"}	\n	],\n	\"publisher\":{\n		\"name\":\"William Heinemann\",\n		\"location\":\"London\"\n	},\n	\"year\":\"1914\",\n	\"url\":\"https://topostext.org/work/4\"\n}'),(99,219,23,3,'918','2023-04-19 13:39:21',NULL,'And Leto was joined in love with Zeus who holds the aegis, and bare Apollo and Artemis delighting in arrows, children lovely above all the sons of Heaven.','\n{\n	\"type\":\"book\",\n	\"title\":\"Hesiod, Homeric Hymns, Epic Cycle, Homerica\",\n	\"translators\":[\n		{\"name\":\"Hugh G. Evelyn-White\"}	\n	],\n	\"publisher\":{\n		\"name\":\"William Heinemann\",\n		\"location\":\"London\"\n	},\n	\"year\":\"1914\",\n	\"url\":\"https://topostext.org/work/4\"\n}\n'),(100,220,23,3,'918','2023-04-19 13:39:26',NULL,'And Leto was joined in love with Zeus who holds the aegis, and bare Apollo and Artemis delighting in arrows, children lovely above all the sons of Heaven.','\n{\n	\"type\":\"book\",\n	\"title\":\"Hesiod, Homeric Hymns, Epic Cycle, Homerica\",\n	\"translators\":[\n		{\"name\":\"Hugh G. Evelyn-White\"}	\n	],\n	\"publisher\":{\n		\"name\":\"William Heinemann\",\n		\"location\":\"London\"\n	},\n	\"year\":\"1914\",\n	\"url\":\"https://topostext.org/work/4\"\n}\n'),(101,221,23,3,'921','2023-04-19 13:41:46',NULL,'Lastly, [Zeus] made Hera his blooming wife: and she was joined in love with the king of gods and men, and brought forth Hebe and Ares and Eileithyia.','{\n	\"type\":\"book\",\n	\"title\":\"Hesiod, Homeric Hymns, Epic Cycle, Homerica\",\n	\"translators\":[\n		{\"name\":\"Hugh G. Evelyn-White\"}	\n	],\n	\"publisher\":{\n		\"name\":\"William Heinemann\",\n		\"location\":\"London\"\n	},\n	\"year\":\"1914\",\n	\"url\":\"https://topostext.org/work/4\"\n}'),(102,222,23,3,'921','2023-04-19 13:41:50',NULL,'Lastly, [Zeus] made Hera his blooming wife: and she was joined in love with the king of gods and men, and brought forth Hebe and Ares and Eileithyia.','{\n	\"type\":\"book\",\n	\"title\":\"Hesiod, Homeric Hymns, Epic Cycle, Homerica\",\n	\"translators\":[\n		{\"name\":\"Hugh G. Evelyn-White\"}	\n	],\n	\"publisher\":{\n		\"name\":\"William Heinemann\",\n		\"location\":\"London\"\n	},\n	\"year\":\"1914\",\n	\"url\":\"https://topostext.org/work/4\"\n}'),(103,223,23,3,'921','2023-04-19 13:41:54',NULL,'Lastly, [Zeus] made Hera his blooming wife: and she was joined in love with the king of gods and men, and brought forth Hebe and Ares and Eileithyia.','{\n	\"type\":\"book\",\n	\"title\":\"Hesiod, Homeric Hymns, Epic Cycle, Homerica\",\n	\"translators\":[\n		{\"name\":\"Hugh G. Evelyn-White\"}	\n	],\n	\"publisher\":{\n		\"name\":\"William Heinemann\",\n		\"location\":\"London\"\n	},\n	\"year\":\"1914\",\n	\"url\":\"https://topostext.org/work/4\"\n}'),(104,224,23,3,'924','2023-04-19 13:47:16',NULL,NULL,NULL),(105,225,23,3,'930','2023-04-19 13:48:49',NULL,NULL,NULL),(106,226,23,3,'938','2023-04-19 13:50:34',NULL,'And Maia, the daughter of Atlas, bare to Zeus glorious Hermes, the herald of the deathless gods, for she went up into his holy bed.','\n{\n	\"type\":\"book\",\n	\"title\":\"Hesiod, Homeric Hymns, Epic Cycle, Homerica\",\n	\"translators\":[\n		{\"name\":\"Hugh G. Evelyn-White\"}	\n	],\n	\"publisher\":{\n		\"name\":\"William Heinemann\",\n		\"location\":\"London\"\n	},\n	\"year\":\"1914\",\n	\"url\":\"https://topostext.org/work/4\"\n}\n'),(107,227,23,3,'940','2023-04-19 13:51:48',NULL,'And Semele, daughter of Cadmus was joined with [Zeus] in love and bare him a splendid son, joyous Dionysus, — a mortal woman an immortal son. And now they both are gods.','\n{\n	\"type\":\"book\",\n	\"title\":\"Hesiod, Homeric Hymns, Epic Cycle, Homerica\",\n	\"translators\":[\n		{\"name\":\"Hugh G. Evelyn-White\"}	\n	],\n	\"publisher\":{\n		\"name\":\"William Heinemann\",\n		\"location\":\"London\"\n	},\n	\"year\":\"1914\",\n	\"url\":\"https://topostext.org/work/4\"\n}\n'),(108,228,23,3,'943','2023-04-19 13:58:06',NULL,'And Alcmena was joined in love with Zeus who drives the clouds and bare mighty Heracles.','{\"type\":\"book\", \"title\":\"Hesiod, Homeric Hymns, Epic Cycle, Homerica\", \"translators\":[{\"name\":\"Hugh G. Evelyn-White\"}], \"publisher\":{\"name\":\"William Heinemann\", \"location\":\"London\"}, \"year\":\"1914\", \"url\":\"https://topostext.org/work/4\"}'),(109,229,23,3,'956','2023-04-19 14:06:02',NULL,'And Perseis, the daughter of Ocean, bare to unwearying Helios Circe and Aeetes the king.','{\"type\":\"book\", \"title\":\"Hesiod, Homeric Hymns, Epic Cycle, Homerica\", \"translators\":[{\"name\":\"Hugh G. Evelyn-White\"}], \"publisher\":{\"name\":\"William Heinemann\", \"location\":\"London\"}, \"year\":\"1914\", \"url\":\"https://topostext.org/work/4\"}'),(110,230,23,3,'956','2023-04-19 14:06:07',NULL,'And Perseis, the daughter of Ocean, bare to unwearying Helios Circe and Aeetes the king.','{\"type\":\"book\", \"title\":\"Hesiod, Homeric Hymns, Epic Cycle, Homerica\", \"translators\":[{\"name\":\"Hugh G. Evelyn-White\"}], \"publisher\":{\"name\":\"William Heinemann\", \"location\":\"London\"}, \"year\":\"1914\", \"url\":\"https://topostext.org/work/4\"}'),(111,231,23,3,'956','2023-04-19 14:07:23',NULL,NULL,NULL),(112,232,23,3,'969','2023-04-19 14:20:09',NULL,NULL,NULL),(113,233,23,3,'1003','2023-04-19 14:25:54',NULL,NULL,NULL),(114,234,23,3,'1008','2023-04-19 14:27:10',NULL,'And Cytherea with the beautiful crown was joined in sweet love with the hero Anchises and bare Aeneas on the peaks of Ida with its many wooded glens.','{\"type\":\"book\", \"title\":\"Hesiod, Homeric Hymns, Epic Cycle, Homerica\", \"translators\":[{\"name\":\"Hugh G. Evelyn-White\"}], \"publisher\":{\"name\":\"William Heinemann\", \"location\":\"London\"}, \"year\":\"1914\", \"url\":\"https://topostext.org/work/4\"}'),(115,235,23,3,'1011','2023-04-19 14:28:24',NULL,'And Circe the daughter of Helius, Hyperion\'s son, loved steadfast Odysseus and bare Agrius and Latinus who was faultless and strong: also she brought forth Telegonus by the will of golden Aphrodite. And they ruled over the famous Tyrenians, very far off in a recess of the holy islands.','{\"type\":\"book\", \"translators\":[{\"name\":\"Hugh G. Evelyn-White\"}], \"title\":\"Hesiod, Homeric Hymns, Epic Cycle, Homerica\", \"publisher\":{\"name\":\"William Heinemann\", \"location\":\"London\"}, \"year\":\"1914\", \"url\":\"https://topostext.org/work/4\"}'),(116,236,23,3,'1011','2023-04-19 14:28:27',NULL,'And Circe the daughter of Helius, Hyperion\'s son, loved steadfast Odysseus and bare Agrius and Latinus who was faultless and strong: also she brought forth Telegonus by the will of golden Aphrodite. And they ruled over the famous Tyrenians, very far off in a recess of the holy islands.','{\"type\":\"book\", \"translators\":[{\"name\":\"Hugh G. Evelyn-White\"}], \"title\":\"Hesiod, Homeric Hymns, Epic Cycle, Homerica\", \"publisher\":{\"name\":\"William Heinemann\", \"location\":\"London\"}, \"year\":\"1914\", \"url\":\"https://topostext.org/work/4\"}'),(117,237,23,3,'1011','2023-04-19 14:28:58',NULL,'And Circe the daughter of Helius, Hyperion\'s son, loved steadfast Odysseus and bare Agrius and Latinus who was faultless and strong: also she brought forth Telegonus by the will of golden Aphrodite. And they ruled over the famous Tyrenians, very far off in a recess of the holy islands.','{\"type\":\"book\", \"translators\":[{\"name\":\"Hugh G. Evelyn-White\"}], \"title\":\"Hesiod, Homeric Hymns, Epic Cycle, Homerica\", \"publisher\":{\"name\":\"William Heinemann\", \"location\":\"London\"}, \"year\":\"1914\", \"url\":\"https://topostext.org/work/4\"}'),(118,238,23,3,'1017','2023-04-19 14:29:57',NULL,'And the bright goddess Calypso was joined to Odysseus in sweet love, and bare him Nausithous and Nausinous.','{\"type\":\"book\", \"translators\":[{\"name\":\"Hugh G. Evelyn-White\"}], \"title\":\"Hesiod, Homeric Hymns, Epic Cycle, Homerica\", \"publisher\":{\"name\":\"William Heinemann\", \"location\":\"London\"}, \"year\":\"1914\", \"url\":\"https://topostext.org/work/4\"}'),(119,239,23,3,'1017','2023-04-19 14:30:05',NULL,'And the bright goddess Calypso was joined to Odysseus in sweet love, and bare him Nausithous and Nausinous.','{\"type\":\"book\", \"translators\":[{\"name\":\"Hugh G. Evelyn-White\"}], \"title\":\"Hesiod, Homeric Hymns, Epic Cycle, Homerica\", \"publisher\":{\"name\":\"William Heinemann\", \"location\":\"London\"}, \"year\":\"1914\", \"url\":\"https://topostext.org/work/4\"}'),(120,240,24,3,'Appendix','2023-06-15 00:44:22',NULL,NULL,NULL),(124,244,24,3,'Appendix','2023-06-19 01:29:16',NULL,NULL,NULL),(125,245,24,3,'Appendix','2023-06-19 01:36:49',NULL,NULL,NULL),(126,246,24,3,'Appendix','2023-06-19 01:36:54',NULL,NULL,NULL),(127,247,24,3,'Appendix','2023-06-19 01:36:57',NULL,NULL,NULL),(128,248,24,3,'Appendix','2023-06-19 01:37:00',NULL,NULL,NULL),(129,249,24,3,'Appendix','2023-06-19 01:37:03',NULL,NULL,NULL),(130,250,24,3,'Appendix','2023-06-21 14:57:27',NULL,NULL,NULL),(131,251,24,3,'Appendix','2023-06-21 14:57:32',NULL,NULL,NULL),(132,252,24,3,'Appendix','2023-06-21 14:57:37',NULL,NULL,NULL),(133,253,24,3,'Appendix','2023-06-21 14:58:10',NULL,NULL,NULL),(134,254,24,3,'Appendix','2023-06-21 14:58:14',NULL,NULL,NULL),(135,255,24,3,'Appendix','2023-06-21 14:58:19',NULL,NULL,NULL),(136,256,24,3,'Appendix','2023-06-21 14:58:24',NULL,NULL,NULL),(137,257,24,3,'Appendix','2023-06-21 14:59:35',NULL,NULL,NULL),(138,260,24,3,'Appendix','2023-06-21 15:04:39',NULL,NULL,NULL),(139,261,24,3,'Appendix','2023-06-21 15:05:22',NULL,NULL,NULL),(140,262,24,3,'Appendix','2023-06-21 15:06:09',NULL,NULL,NULL),(141,263,24,3,'Appendix','2023-06-21 15:12:06',NULL,NULL,NULL),(142,264,24,3,'Appendix','2023-06-21 15:12:16',NULL,NULL,NULL),(143,265,24,3,'Appendix','2023-06-21 15:12:23',NULL,NULL,NULL),(144,266,24,3,'Appendix','2023-06-21 15:18:15',NULL,NULL,NULL),(145,267,24,3,'Appendix','2023-06-21 15:18:19',NULL,NULL,NULL),(146,268,24,3,'Appendix','2023-06-21 15:18:40',NULL,NULL,NULL),(147,269,24,3,'Appendix','2023-06-21 15:32:51',NULL,NULL,NULL),(148,270,24,3,'Appendix','2023-06-21 15:32:56',NULL,NULL,NULL),(149,271,24,3,'Appendix','2023-06-21 15:33:01',NULL,NULL,NULL),(150,272,24,3,'Appendix','2023-06-21 15:33:06',NULL,NULL,NULL),(151,273,24,3,'Appendix','2023-06-21 15:33:38',NULL,NULL,NULL),(152,274,24,3,'Appendix','2023-06-21 15:35:03',NULL,NULL,NULL),(153,275,24,3,'Appendix','2023-06-21 15:35:12',NULL,NULL,NULL),(154,276,24,3,'Appendix','2023-06-21 15:35:40',NULL,NULL,NULL),(155,277,24,3,'Appendix','2023-06-21 15:35:44',NULL,NULL,NULL),(156,278,24,3,'Appendix','2023-06-21 15:35:50',NULL,NULL,NULL),(157,279,24,3,'Appendix','2023-06-21 15:36:21',NULL,NULL,NULL),(158,280,24,3,'Appendix','2023-06-21 15:36:25',NULL,NULL,NULL),(159,281,24,3,'Appendix','2023-06-21 15:40:09',NULL,NULL,NULL),(160,282,24,3,'Appendix','2023-06-21 15:40:13',NULL,NULL,NULL),(161,283,24,3,'Appendix','2023-06-21 15:40:17',NULL,NULL,NULL),(162,284,24,3,'Appendix','2023-06-21 15:40:23',NULL,NULL,NULL),(163,285,24,3,'Appendix','2023-06-21 15:47:21',NULL,NULL,NULL),(164,286,24,3,'Appendix','2023-06-21 15:47:59',NULL,NULL,NULL),(165,287,24,3,'Appendix','2023-06-21 15:48:14',NULL,NULL,NULL),(166,288,24,3,'Appendix','2023-06-21 15:49:02',NULL,NULL,NULL),(167,289,24,3,'Appendix','2023-06-21 15:49:08',NULL,NULL,NULL),(168,290,24,3,'Appendix','2023-06-21 15:50:00',NULL,NULL,NULL),(169,291,24,3,'Appendix','2023-06-21 15:50:14',NULL,NULL,NULL),(170,292,24,3,'Appendix','2023-06-21 15:57:05',NULL,NULL,NULL),(171,293,24,3,'Appendix','2023-06-21 15:57:09',NULL,NULL,NULL),(172,294,24,3,'Appendix','2023-06-21 15:57:12',NULL,NULL,NULL),(173,295,24,3,'Appendix','2023-06-21 15:57:41',NULL,NULL,NULL),(174,296,24,3,'Appendix','2023-06-21 15:57:48',NULL,NULL,NULL),(175,297,24,3,'Appendix','2023-06-21 15:58:58',NULL,NULL,NULL),(176,298,24,3,'Appendix','2023-06-21 15:59:06',NULL,NULL,NULL),(263,386,26,3,NULL,'2023-08-14 21:31:40',NULL,NULL,NULL),(264,387,26,3,'Book 16','2023-08-14 21:32:15','Fagles p. 342',NULL,NULL),(280,405,32,3,'S6E10','2023-09-25 14:17:18',NULL,NULL,NULL),(281,406,24,3,NULL,'2023-09-25 14:37:42',NULL,NULL,NULL),(282,407,24,3,NULL,'2023-09-25 14:37:47',NULL,NULL,NULL),(283,408,24,3,NULL,'2023-09-25 14:37:51',NULL,NULL,NULL),(284,409,26,3,'15.361','2023-09-28 23:12:18',NULL,'As long as she [Anticleia] was still living, though she was always grieving, I [Eumaeus] used to like seeing her and asking her how she did, for she brought me up along with her daughter Ctimene, the youngest of her children; we were boy and girl together, and she made little difference between us.','{\"type\":\"book\", \"title\":\"The Odyssey\", \"authors\":[{\"name\":\"Homer\"}], \"translators\":[{\"name\":\"Samuel Butler\"}], \"year\":\"1900\", \"url\":\"https://www.gutenberg.org/ebooks/1727\"}'),(285,410,33,3,'189','2023-10-01 04:12:33',NULL,'When Cephalus saw the bushes stir, he hurled the unavoidable javelin, and killed his wife, Procris. By her Cephalus had a son Arcesius, whose son was Laertes, Ulysses\' father.','{\"type\":\"book\", \"authors\":[{\"name\":\"Hyginus\"}], \"title\":\"The Myths of Hyginus\", \"publisher\":{\"name\":\"University of Kansas Press\", \"location\":\"Lawrence\"}, \"year\": \"1960\", \"translators\":[{\"name\":\"Mary Grant\"}], \"url\":\"https://topostext.org/work/206\"}'),(286,410,26,3,'16.117','2023-10-01 04:15:40',NULL,'For Jove hath from of old with single heirs<br>Our house supplied; Arcesias none begat<br>Except Laertes [...]','{\"type\":\"book\",\"title\":\"The Odyssey of Homer\",\"authors\":[{\"name\":\"Homer\"}],\"translators\":[{\"name\":\"William Cowper\"}],\"line\":\"141-43\",\"url\":\"https://www.gutenberg.org/ebooks/24269\"}'),(287,411,33,3,'189','2023-10-01 04:18:55',NULL,NULL,NULL),(288,412,33,3,'189','2023-10-01 04:19:37',NULL,NULL,NULL),(289,413,26,3,'Book 19','2023-10-01 04:44:45','Fagles p. 403',NULL,NULL),(290,414,33,3,'201','2023-10-01 04:56:46',NULL,NULL,NULL),(291,415,33,3,'201','2023-10-01 04:58:56',NULL,NULL,NULL),(292,416,26,3,'Book 1','2023-10-01 05:34:34','Fagles p. 88',NULL,NULL),(293,417,33,3,'200','2023-10-01 14:14:47',NULL,NULL,NULL),(294,418,23,3,'940','2023-10-11 17:32:58',NULL,NULL,NULL),(295,419,23,3,'947','2023-10-11 17:37:48',NULL,NULL,NULL),(296,420,23,3,'346','2023-10-11 17:39:50',NULL,'Also [Tethys] brought forth a holy company of daughters who with the lord Apollo and the Rivers have youths in their keeping — to this charge Zeus appointed them — Peitho, [...] Perseis, [...] and Styx who is the chiefest of them all. These are the eldest daughters that sprang from Ocean and Tethys; but there are many besides.','{\n	\"type\":\"book\",\n	\"title\":\"Hesiod, Homeric Hymns, Epic Cycle, Homerica\",\n	\"translators\":[\n		{\"name\":\"Hugh G. Evelyn-White\"}	\n	],\n	\"publisher\":{\n		\"name\":\"William Heinemann\",\n		\"location\":\"London\"\n	},\n	\"year\":\"1914\",\n	\"url\":\"https://topostext.org/work/4\"\n}'),(297,421,23,3,'346','2023-10-11 17:46:16',NULL,'Also [Tethys] brought forth a holy company of daughters who with the lord Apollo and the Rivers have youths in their keeping — to this charge Zeus appointed them — Peitho, [...] Idyia, [...] and Styx who is the chiefest of them all. These are the eldest daughters that sprang from Ocean and Tethys; but there are many besides.','{\n	\"type\":\"book\",\n	\"title\":\"Hesiod, Homeric Hymns, Epic Cycle, Homerica\",\n	\"translators\":[\n		{\"name\":\"Hugh G. Evelyn-White\"}	\n	],\n	\"publisher\":{\n		\"name\":\"William Heinemann\",\n		\"location\":\"London\"\n	},\n	\"year\":\"1914\",\n	\"url\":\"https://topostext.org/work/4\"\n}'),(298,422,23,3,'371','2023-10-11 17:54:39',NULL,NULL,NULL),(299,423,23,3,'346','2023-10-11 19:16:50',NULL,'Also [Tethys] brought forth a holy company of daughters who with the lord Apollo and the Rivers have youths in their keeping — to this charge Zeus appointed them — Peitho, [...] Clymene, [...] and Styx who is the chiefest of them all. These are the eldest daughters that sprang from Ocean and Tethys; but there are many besides.','{\n	\"type\":\"book\",\n	\"title\":\"Hesiod, Homeric Hymns, Epic Cycle, Homerica\",\n	\"translators\":[\n		{\"name\":\"Hugh G. Evelyn-White\"}	\n	],\n	\"publisher\":{\n		\"name\":\"William Heinemann\",\n		\"location\":\"London\"\n	},\n	\"year\":\"1914\",\n	\"url\":\"https://topostext.org/work/4\"\n}'),(300,424,23,3,'507','2023-10-11 19:24:07',NULL,NULL,NULL),(301,425,23,3,'507','2023-10-11 19:24:22',NULL,NULL,NULL),(302,426,23,3,'507','2023-10-11 19:24:28',NULL,NULL,NULL),(303,427,23,3,'507','2023-10-11 19:25:14',NULL,NULL,NULL),(304,428,23,3,'938','2023-10-11 19:29:57',NULL,NULL,NULL),(305,429,23,3,'346','2023-10-11 19:47:11',NULL,'Also [Tethys] brought forth a holy company of daughters who with the lord Apollo and the Rivers have youths in their keeping — to this charge Zeus appointed them — Peitho, [...] Metis, [...] and Styx who is the chiefest of them all. These are the eldest daughters that sprang from Ocean and Tethys; but there are many besides.','{\n	\"type\":\"book\",\n	\"title\":\"Hesiod, Homeric Hymns, Epic Cycle, Homerica\",\n	\"translators\":[\n		{\"name\":\"Hugh G. Evelyn-White\"}	\n	],\n	\"publisher\":{\n		\"name\":\"William Heinemann\",\n		\"location\":\"London\"\n	},\n	\"year\":\"1914\",\n	\"url\":\"https://topostext.org/work/4\"\n}'),(306,430,23,3,'404','2023-10-12 15:03:34',NULL,NULL,NULL),(307,431,23,3,'410','2023-10-12 15:05:02',NULL,NULL,NULL),(308,432,23,3,'375','2023-10-12 15:05:59',NULL,NULL,NULL),(309,433,23,3,'270','2023-10-12 15:34:09',NULL,'And again, Ceto bare to Phorcys [...] the Gorgons who dwell beyond glorious Ocean in the frontier land towards Night where are the clear-voiced Hesperides, Sthenno, and Euryale, and Medusa who suffered a woeful fate: she was mortal, but the two were undying and grew not old.','{\"type\":\"book\", \"title\":\"Hesiod, Homeric Hymns, Epic Cycle, Homerica\", \"translators\":[{\"name\":\"Hugh G. Evelyn-White\"}], \"publisher\":{\"name\":\"William Heinemann\", \"location\":\"London\"}, \"year\":\"1914\", \"url\":\"https://topostext.org/work/4\"}'),(310,434,23,3,'270','2023-10-12 15:34:17',NULL,'And again, Ceto bare to Phorcys [...] the Gorgons who dwell beyond glorious Ocean in the frontier land towards Night where are the clear-voiced Hesperides, Sthenno, and Euryale, and Medusa who suffered a woeful fate: she was mortal, but the two were undying and grew not old.','{\"type\":\"book\", \"title\":\"Hesiod, Homeric Hymns, Epic Cycle, Homerica\", \"translators\":[{\"name\":\"Hugh G. Evelyn-White\"}], \"publisher\":{\"name\":\"William Heinemann\", \"location\":\"London\"}, \"year\":\"1914\", \"url\":\"https://topostext.org/work/4\"}'),(311,435,23,3,'346','2023-10-28 12:55:25',NULL,'Also [Tethys] brought forth a holy company of daughters who with the lord Apollo and the Rivers have youths in their keeping — to this charge Zeus appointed them — Peitho, [...] Electra, [...] and Styx who is the chiefest of them all. These are the eldest daughters that sprang from Ocean and Tethys; but there are many besides.','{\n	\"type\":\"book\",\n	\"title\":\"Hesiod, Homeric Hymns, Epic Cycle, Homerica\",\n	\"translators\":[\n		{\"name\":\"Hugh G. Evelyn-White\"}	\n	],\n	\"publisher\":{\n		\"name\":\"William Heinemann\",\n		\"location\":\"London\"\n	},\n	\"year\":\"1914\",\n	\"url\":\"https://topostext.org/work/4\"\n}'),(312,436,23,3,'265','2023-10-28 12:56:41',NULL,'And Thaumas wedded Electra the daughter of deep-flowing Ocean, and she bare him swift Iris and the long-haired Harpies, Aello (Storm-swift) and Ocypetes (Swift-flier) who on their swift wings keep pace with the blasts of the winds and the birds; for quick as time they dart along.','{\n	\"type\":\"book\",\n	\"title\":\"Hesiod, Homeric Hymns, Epic Cycle, Homerica\",\n	\"translators\":[\n		{\"name\":\"Hugh G. Evelyn-White\"}	\n	],\n	\"publisher\":{\n		\"name\":\"William Heinemann\",\n		\"location\":\"London\"\n	},\n	\"year\":\"1914\",\n	\"url\":\"https://topostext.org/work/4\"\n}'),(313,437,23,3,'265','2023-10-28 12:56:46',NULL,'And Thaumas wedded Electra the daughter of deep-flowing Ocean, and she bare him swift Iris and the long-haired Harpies, Aello (Storm-swift) and Ocypetes (Swift-flier) who on their swift wings keep pace with the blasts of the winds and the birds; for quick as time they dart along.','{\n	\"type\":\"book\",\n	\"title\":\"Hesiod, Homeric Hymns, Epic Cycle, Homerica\",\n	\"translators\":[\n		{\"name\":\"Hugh G. Evelyn-White\"}	\n	],\n	\"publisher\":{\n		\"name\":\"William Heinemann\",\n		\"location\":\"London\"\n	},\n	\"year\":\"1914\",\n	\"url\":\"https://topostext.org/work/4\"\n}'),(314,438,23,3,'265','2023-10-28 12:57:28',NULL,'And Thaumas wedded Electra the daughter of deep-flowing Ocean, and she bare him swift Iris and the long-haired Harpies, Aello (Storm-swift) and Ocypetes (Swift-flier) who on their swift wings keep pace with the blasts of the winds and the birds; for quick as time they dart along.','{\n	\"type\":\"book\",\n	\"title\":\"Hesiod, Homeric Hymns, Epic Cycle, Homerica\",\n	\"translators\":[\n		{\"name\":\"Hugh G. Evelyn-White\"}	\n	],\n	\"publisher\":{\n		\"name\":\"William Heinemann\",\n		\"location\":\"London\"\n	},\n	\"year\":\"1914\",\n	\"url\":\"https://topostext.org/work/4\"\n}'),(341,489,23,3,'134','2024-02-16 03:09:29',NULL,'But afterwards [Earth] lay with Heaven and bare deep-swirling Oceanus, Coeus and Crius and Hyperion and Iapetus, Theia and Rhea, Themis and Mnemosyne and gold-crowned Phoebe and lovely Tethys. After them was born Cronos the wily, youngest and most terrible of her children, and he hated his lusty sire.','{\n	\"type\":\"book\",\n	\"title\":\"Hesiod, Homeric Hymns, Epic Cycle, Homerica\",\n	\"translators\":[\n		{\"name\":\"Hugh G. Evelyn-White\"}	\n	],\n	\"publisher\":{\n		\"name\":\"William Heinemann\",\n		\"location\":\"London\"\n	},\n	\"year\":\"1914\",\n	\"url\":\"https://topostext.org/work/4\"\n}'),(347,502,23,3,'116','2024-04-26 02:00:03',NULL,'Verily at the first Chaos came to be [...].','{\n	\"type\":\"book\",\n	\"title\":\"Hesiod, Homeric Hymns, Epic Cycle, Homerica\",\n	\"translators\":[\n		{\"name\":\"Hugh G. Evelyn-White\"}	\n	],\n	\"publisher\":{\n		\"name\":\"William Heinemann\",\n		\"location\":\"London\"\n	},\n	\"year\":\"1914\",\n	\"url\":\"https://topostext.org/work/4\"\n}'),(348,504,23,3,'116','2024-04-26 02:06:39',NULL,'Verily at the first Chaos came to be, but next wide-bosomed Earth, the ever-sure foundations of all the deathless ones who hold the peaks of snowy Olympus, and dim Tartarus in the depth of the wide-pathed Earth, and Eros (Love), fairest among the deathless gods, who unnerves the limbs and overcomes the mind and wise counsels of all gods and all men within them.','{\n	\"type\":\"book\",\n	\"title\":\"Hesiod, Homeric Hymns, Epic Cycle, Homerica\",\n	\"translators\":[\n		{\"name\":\"Hugh G. Evelyn-White\"}	\n	],\n	\"publisher\":{\n		\"name\":\"William Heinemann\",\n		\"location\":\"London\"\n	},\n	\"year\":\"1914\",\n	\"url\":\"https://topostext.org/work/4\"\n}'),(349,505,23,3,'116','2024-04-26 02:08:08',NULL,'Verily at the first Chaos came to be, but next wide-bosomed Earth, the ever-sure foundations of all the deathless ones who hold the peaks of snowy Olympus, and dim Tartarus in the depth of the wide-pathed Earth, and Eros (Love), fairest among the deathless gods, who unnerves the limbs and overcomes the mind and wise counsels of all gods and all men within them.','{\n	\"type\":\"book\",\n	\"title\":\"Hesiod, Homeric Hymns, Epic Cycle, Homerica\",\n	\"translators\":[\n		{\"name\":\"Hugh G. Evelyn-White\"}	\n	],\n	\"publisher\":{\n		\"name\":\"William Heinemann\",\n		\"location\":\"London\"\n	},\n	\"year\":\"1914\",\n	\"url\":\"https://topostext.org/work/4\"\n}'),(350,506,23,3,'116','2024-04-26 02:09:38',NULL,'Verily at the first Chaos came to be, but next wide-bosomed Earth, the ever-sure foundations of all the deathless ones who hold the peaks of snowy Olympus, and dim Tartarus in the depth of the wide-pathed Earth, and Eros (Love), fairest among the deathless gods, who unnerves the limbs and overcomes the mind and wise counsels of all gods and all men within them.','{\n	\"type\":\"book\",\n	\"title\":\"Hesiod, Homeric Hymns, Epic Cycle, Homerica\",\n	\"translators\":[\n		{\"name\":\"Hugh G. Evelyn-White\"}	\n	],\n	\"publisher\":{\n		\"name\":\"William Heinemann\",\n		\"location\":\"London\"\n	},\n	\"year\":\"1914\",\n	\"url\":\"https://topostext.org/work/4\"\n}'),(351,507,23,3,'176','2024-04-26 02:41:44',NULL,'Then [Cronos] from his ambush stretched forth his left hand and in his right took the great long sickle with jagged teeth, and swiftly lopped off his own father [Heaven]\'s members and cast them away to fall behind him. And not vainly did they fall from his hand; for all the bloody drops that gushed forth Earth received, and as the seasons moved round she bare the strong Erinyes [Furies] and the great Giants with gleaming armour, holding long spears in their hands and the Nymphs whom they call Meliae all over the boundless earth.','{\n	\"type\":\"book\",\n	\"title\":\"Hesiod, Homeric Hymns, Epic Cycle, Homerica\",\n	\"translators\":[\n		{\"name\":\"Hugh G. Evelyn-White\"}	\n	],\n	\"publisher\":{\n		\"name\":\"William Heinemann\",\n		\"location\":\"London\"\n	},\n	\"year\":\"1914\",\n	\"url\":\"https://topostext.org/work/4\"\n}'),(352,508,23,3,'176','2024-04-26 02:44:59',NULL,'Then [Cronos] from his ambush stretched forth his left hand and in his right took the great long sickle with jagged teeth, and swiftly lopped off his own father [Heaven]\'s members and cast them away to fall behind him. And not vainly did they fall from his hand; for all the bloody drops that gushed forth Earth received, and as the seasons moved round she bare the strong Erinyes [Furies] and the great Giants with gleaming armour, holding long spears in their hands and the Nymphs whom they call Meliae all over the boundless earth.','{\n	\"type\":\"book\",\n	\"title\":\"Hesiod, Homeric Hymns, Epic Cycle, Homerica\",\n	\"translators\":[\n		{\"name\":\"Hugh G. Evelyn-White\"}	\n	],\n	\"publisher\":{\n		\"name\":\"William Heinemann\",\n		\"location\":\"London\"\n	},\n	\"year\":\"1914\",\n	\"url\":\"https://topostext.org/work/4\"\n}'),(353,509,23,3,'176','2024-04-26 02:45:22',NULL,'Then [Cronos] from his ambush stretched forth his left hand and in his right took the great long sickle with jagged teeth, and swiftly lopped off his own father [Heaven]\'s members and cast them away to fall behind him. And not vainly did they fall from his hand; for all the bloody drops that gushed forth Earth received, and as the seasons moved round she bare the strong Erinyes [Furies] and the great Giants with gleaming armour, holding long spears in their hands and the Nymphs whom they call Meliae all over the boundless earth.','{\n	\"type\":\"book\",\n	\"title\":\"Hesiod, Homeric Hymns, Epic Cycle, Homerica\",\n	\"translators\":[\n		{\"name\":\"Hugh G. Evelyn-White\"}	\n	],\n	\"publisher\":{\n		\"name\":\"William Heinemann\",\n		\"location\":\"London\"\n	},\n	\"year\":\"1914\",\n	\"url\":\"https://topostext.org/work/4\"\n}'),(354,511,23,3,'211','2024-04-27 07:22:00',NULL,'And Night bare hateful Morus (Doom) and black Ker (violent death) and Thanatos (Death), and she bare Hypnos (Sleep) and the tribe of Oneiroi (Dreams).','{\n	\"type\":\"book\",\n	\"title\":\"Hesiod, Homeric Hymns, Epic Cycle, Homerica\",\n	\"translators\":[\n		{\"name\":\"Hugh G. Evelyn-White\"}	\n	],\n	\"publisher\":{\n		\"name\":\"William Heinemann\",\n		\"location\":\"London\"\n	},\n	\"year\":\"1914\",\n	\"url\":\"https://topostext.org/work/4\"\n}'),(355,512,23,3,'211','2024-04-27 07:22:43',NULL,'And Night bare hateful Morus (Doom) and black Ker (violent death) and Thanatos (Death), and she bare Hypnos (Sleep) and the tribe of Oneiroi (Dreams).','{\n	\"type\":\"book\",\n	\"title\":\"Hesiod, Homeric Hymns, Epic Cycle, Homerica\",\n	\"translators\":[\n		{\"name\":\"Hugh G. Evelyn-White\"}	\n	],\n	\"publisher\":{\n		\"name\":\"William Heinemann\",\n		\"location\":\"London\"\n	},\n	\"year\":\"1914\",\n	\"url\":\"https://topostext.org/work/4\"\n}'),(356,513,23,3,'211','2024-04-27 07:23:21',NULL,'And Night bare hateful Morus (Doom) and black Ker (violent death) and Thanatos (Death), and she bare Hypnos (Sleep) and the tribe of Oneiroi (Dreams).','{\n	\"type\":\"book\",\n	\"title\":\"Hesiod, Homeric Hymns, Epic Cycle, Homerica\",\n	\"translators\":[\n		{\"name\":\"Hugh G. Evelyn-White\"}	\n	],\n	\"publisher\":{\n		\"name\":\"William Heinemann\",\n		\"location\":\"London\"\n	},\n	\"year\":\"1914\",\n	\"url\":\"https://topostext.org/work/4\"\n}'),(357,514,23,3,'211','2024-04-27 07:27:00',NULL,'And again the goddess murky Night, though she lay with none, bare Momus (Blame) and painful Oizys (Woe), and the Hesperides who guard the rich, golden apples and the trees bearing fruit beyond glorious Ocean.','{\n	\"type\":\"book\",\n	\"title\":\"Hesiod, Homeric Hymns, Epic Cycle, Homerica\",\n	\"translators\":[\n		{\"name\":\"Hugh G. Evelyn-White\"}	\n	],\n	\"publisher\":{\n		\"name\":\"William Heinemann\",\n		\"location\":\"London\"\n	},\n	\"year\":\"1914\",\n	\"url\":\"https://topostext.org/work/4\"\n}'),(358,515,23,3,'211','2024-04-27 07:28:13',NULL,'And again the goddess murky Night, though she lay with none, bare Momus (Blame) and painful Oizys (Woe), and the Hesperides who guard the rich, golden apples and the trees bearing fruit beyond glorious Ocean.','{\n	\"type\":\"book\",\n	\"title\":\"Hesiod, Homeric Hymns, Epic Cycle, Homerica\",\n	\"translators\":[\n		{\"name\":\"Hugh G. Evelyn-White\"}	\n	],\n	\"publisher\":{\n		\"name\":\"William Heinemann\",\n		\"location\":\"London\"\n	},\n	\"year\":\"1914\",\n	\"url\":\"https://topostext.org/work/4\"\n}'),(359,516,23,3,'211','2024-04-27 07:32:13',NULL,'Also [Night] bare the Moirae (Fates) and ruthless avenging Keres, Clotho and Lachesis and Atropos, who give men at their birth both evil and good to have, and they pursue the transgressions of men and of gods: and these goddesses never cease from their dread anger until they punish the sinner with a sore penalty.','{\n	\"type\":\"book\",\n	\"title\":\"Hesiod, Homeric Hymns, Epic Cycle, Homerica\",\n	\"translators\":[\n		{\"name\":\"Hugh G. Evelyn-White\"}	\n	],\n	\"publisher\":{\n		\"name\":\"William Heinemann\",\n		\"location\":\"London\"\n	},\n	\"year\":\"1914\",\n	\"url\":\"https://topostext.org/work/4\"\n}'),(360,517,23,3,'211','2024-04-27 07:32:51',NULL,'Also [Night] bare the Moirae (Fates) and ruthless avenging Keres, Clotho and Lachesis and Atropos, who give men at their birth both evil and good to have, and they pursue the transgressions of men and of gods: and these goddesses never cease from their dread anger until they punish the sinner with a sore penalty.','{\n	\"type\":\"book\",\n	\"title\":\"Hesiod, Homeric Hymns, Epic Cycle, Homerica\",\n	\"translators\":[\n		{\"name\":\"Hugh G. Evelyn-White\"}	\n	],\n	\"publisher\":{\n		\"name\":\"William Heinemann\",\n		\"location\":\"London\"\n	},\n	\"year\":\"1914\",\n	\"url\":\"https://topostext.org/work/4\"\n}'),(361,518,23,3,'211','2024-04-27 07:33:19',NULL,'Also [Night] bare the Moirae (Fates) and ruthless avenging Keres, Clotho and Lachesis and Atropos, who give men at their birth both evil and good to have, and they pursue the transgressions of men and of gods: and these goddesses never cease from their dread anger until they punish the sinner with a sore penalty.','{\n	\"type\":\"book\",\n	\"title\":\"Hesiod, Homeric Hymns, Epic Cycle, Homerica\",\n	\"translators\":[\n		{\"name\":\"Hugh G. Evelyn-White\"}	\n	],\n	\"publisher\":{\n		\"name\":\"William Heinemann\",\n		\"location\":\"London\"\n	},\n	\"year\":\"1914\",\n	\"url\":\"https://topostext.org/work/4\"\n}'),(362,519,23,3,'211','2024-04-27 07:43:01',NULL,'Also deadly Night bare Nemesis (Indignation) to afflict mortal men, and after her, Apate (Deceit) and Philotes (Friendship) and hateful Geras (Old Age) and hard-hearted Eris (Strife).','{\n	\"type\":\"book\",\n	\"title\":\"Hesiod, Homeric Hymns, Epic Cycle, Homerica\",\n	\"translators\":[\n		{\"name\":\"Hugh G. Evelyn-White\"}	\n	],\n	\"publisher\":{\n		\"name\":\"William Heinemann\",\n		\"location\":\"London\"\n	},\n	\"year\":\"1914\",\n	\"url\":\"https://topostext.org/work/4\"\n}'),(363,520,23,3,'211','2024-04-27 07:43:53',NULL,'Also deadly Night bare Nemesis (Indignation) to afflict mortal men, and after her, Apate (Deceit) and Philotes (Friendship) and hateful Geras (Old Age) and hard-hearted Eris (Strife).','{\n	\"type\":\"book\",\n	\"title\":\"Hesiod, Homeric Hymns, Epic Cycle, Homerica\",\n	\"translators\":[\n		{\"name\":\"Hugh G. Evelyn-White\"}	\n	],\n	\"publisher\":{\n		\"name\":\"William Heinemann\",\n		\"location\":\"London\"\n	},\n	\"year\":\"1914\",\n	\"url\":\"https://topostext.org/work/4\"\n}'),(364,521,23,3,'211','2024-04-27 07:44:23',NULL,'Also deadly Night bare Nemesis (Indignation) to afflict mortal men, and after her, Apate (Deceit) and Philotes (Friendship) and hateful Geras (Old Age) and hard-hearted Eris (Strife).','{\n	\"type\":\"book\",\n	\"title\":\"Hesiod, Homeric Hymns, Epic Cycle, Homerica\",\n	\"translators\":[\n		{\"name\":\"Hugh G. Evelyn-White\"}	\n	],\n	\"publisher\":{\n		\"name\":\"William Heinemann\",\n		\"location\":\"London\"\n	},\n	\"year\":\"1914\",\n	\"url\":\"https://topostext.org/work/4\"\n}'),(365,522,23,3,'211','2024-04-27 07:44:53',NULL,'Also deadly Night bare Nemesis (Indignation) to afflict mortal men, and after her, Apate (Deceit) and Philotes (Friendship) and hateful Geras (Old Age) and hard-hearted Eris (Strife).','{\n	\"type\":\"book\",\n	\"title\":\"Hesiod, Homeric Hymns, Epic Cycle, Homerica\",\n	\"translators\":[\n		{\"name\":\"Hugh G. Evelyn-White\"}	\n	],\n	\"publisher\":{\n		\"name\":\"William Heinemann\",\n		\"location\":\"London\"\n	},\n	\"year\":\"1914\",\n	\"url\":\"https://topostext.org/work/4\"\n}'),(366,523,23,3,'211','2024-04-27 07:45:30',NULL,'Also deadly Night bare Nemesis (Indignation) to afflict mortal men, and after her, Apate (Deceit) and Philotes (Friendship) and hateful Geras (Old Age) and hard-hearted Eris (Strife).','{\n	\"type\":\"book\",\n	\"title\":\"Hesiod, Homeric Hymns, Epic Cycle, Homerica\",\n	\"translators\":[\n		{\"name\":\"Hugh G. Evelyn-White\"}	\n	],\n	\"publisher\":{\n		\"name\":\"William Heinemann\",\n		\"location\":\"London\"\n	},\n	\"year\":\"1914\",\n	\"url\":\"https://topostext.org/work/4\"\n}'),(367,524,23,3,'226','2024-04-29 01:31:56',NULL,'But abhorred Eris (Strife) bare painful Ponos (toil) and Lethe (Oblivion) and Limos (Famine) and tearful Algea (Sorrows), Hysminas (Fightings) also, Battles, Murders, Manslaughters, Quarrels, Pseudea (Lying Words), Disputes, Dysnomia (Lawlessness) and Ate (Ruin), all of one nature, and Horkos (Oath), who most troubles men upon earth when anyone wilfully swears a false oath.','{\n	\"type\":\"book\",\n	\"title\":\"Hesiod, Homeric Hymns, Epic Cycle, Homerica\",\n	\"translators\":[\n		{\"name\":\"Hugh G. Evelyn-White\"}	\n	],\n	\"publisher\":{\n		\"name\":\"William Heinemann\",\n		\"location\":\"London\"\n	},\n	\"year\":\"1914\",\n	\"url\":\"https://topostext.org/work/4\"\n}'),(368,525,23,3,'226','2024-04-29 01:32:52',NULL,'But abhorred Eris (Strife) bare painful Ponos (toil) and Lethe (Oblivion) and Limos (Famine) and tearful Algea (Sorrows), Hysminas (Fightings) also, Battles, Murders, Manslaughters, Quarrels, Pseudea (Lying Words), Disputes, Dysnomia (Lawlessness) and Ate (Ruin), all of one nature, and Horkos (Oath), who most troubles men upon earth when anyone wilfully swears a false oath.','{\n	\"type\":\"book\",\n	\"title\":\"Hesiod, Homeric Hymns, Epic Cycle, Homerica\",\n	\"translators\":[\n		{\"name\":\"Hugh G. Evelyn-White\"}	\n	],\n	\"publisher\":{\n		\"name\":\"William Heinemann\",\n		\"location\":\"London\"\n	},\n	\"year\":\"1914\",\n	\"url\":\"https://topostext.org/work/4\"\n}'),(369,526,23,3,'226','2024-04-29 01:33:19',NULL,'But abhorred Eris (Strife) bare painful Ponos (toil) and Lethe (Oblivion) and Limos (Famine) and tearful Algea (Sorrows), Hysminas (Fightings) also, Battles, Murders, Manslaughters, Quarrels, Pseudea (Lying Words), Disputes, Dysnomia (Lawlessness) and Ate (Ruin), all of one nature, and Horkos (Oath), who most troubles men upon earth when anyone wilfully swears a false oath.','{\n	\"type\":\"book\",\n	\"title\":\"Hesiod, Homeric Hymns, Epic Cycle, Homerica\",\n	\"translators\":[\n		{\"name\":\"Hugh G. Evelyn-White\"}	\n	],\n	\"publisher\":{\n		\"name\":\"William Heinemann\",\n		\"location\":\"London\"\n	},\n	\"year\":\"1914\",\n	\"url\":\"https://topostext.org/work/4\"\n}'),(370,528,23,3,'226','2024-04-29 01:34:23',NULL,'But abhorred Eris (Strife) bare painful Ponos (toil) and Lethe (Oblivion) and Limos (Famine) and tearful Algea (Sorrows), Hysminas (Fightings) also, Battles, Murders, Manslaughters, Quarrels, Pseudea (Lying Words), Disputes, Dysnomia (Lawlessness) and Ate (Ruin), all of one nature, and Horkos (Oath), who most troubles men upon earth when anyone wilfully swears a false oath.','{\n	\"type\":\"book\",\n	\"title\":\"Hesiod, Homeric Hymns, Epic Cycle, Homerica\",\n	\"translators\":[\n		{\"name\":\"Hugh G. Evelyn-White\"}	\n	],\n	\"publisher\":{\n		\"name\":\"William Heinemann\",\n		\"location\":\"London\"\n	},\n	\"year\":\"1914\",\n	\"url\":\"https://topostext.org/work/4\"\n}'),(372,530,23,3,'226','2024-04-29 01:36:43',NULL,'But abhorred Eris (Strife) bare painful Ponos (toil) and Lethe (Oblivion) and Limos (Famine) and tearful Algea (Sorrows), Hysminas (Fightings) also, Battles, Murders, Manslaughters, Quarrels, Pseudea (Lying Words), Disputes, Dysnomia (Lawlessness) and Ate (Ruin), all of one nature, and Horkos (Oath), who most troubles men upon earth when anyone wilfully swears a false oath.','{\n	\"type\":\"book\",\n	\"title\":\"Hesiod, Homeric Hymns, Epic Cycle, Homerica\",\n	\"translators\":[\n		{\"name\":\"Hugh G. Evelyn-White\"}	\n	],\n	\"publisher\":{\n		\"name\":\"William Heinemann\",\n		\"location\":\"London\"\n	},\n	\"year\":\"1914\",\n	\"url\":\"https://topostext.org/work/4\"\n}'),(373,531,23,3,'226','2024-04-29 01:37:43',NULL,'But abhorred Eris (Strife) bare painful Ponos (toil) and Lethe (Oblivion) and Limos (Famine) and tearful Algea (Sorrows), Hysminas (Fightings) also, Battles, Murders, Manslaughters, Quarrels, Pseudea (Lying Words), Disputes, Dysnomia (Lawlessness) and Ate (Ruin), all of one nature, and Horkos (Oath), who most troubles men upon earth when anyone wilfully swears a false oath.','{\n	\"type\":\"book\",\n	\"title\":\"Hesiod, Homeric Hymns, Epic Cycle, Homerica\",\n	\"translators\":[\n		{\"name\":\"Hugh G. Evelyn-White\"}	\n	],\n	\"publisher\":{\n		\"name\":\"William Heinemann\",\n		\"location\":\"London\"\n	},\n	\"year\":\"1914\",\n	\"url\":\"https://topostext.org/work/4\"\n}'),(375,540,23,3,'240','2024-05-08 02:12:50',NULL,'And of Nereus and rich-haired Doris, daughter of Ocean the perfect river, were born children, passing lovely amongst goddesses, Ploto, Eucrante, [...] and Nemertes who has the nature of her deathless father. These fifty daughters sprang from blameless Nereus, skilled in excellent crafts.','{\n	\"type\":\"book\",\n	\"title\":\"Hesiod, Homeric Hymns, Epic Cycle, Homerica\",\n	\"translators\":[\n		{\"name\":\"Hugh G. Evelyn-White\"}	\n	],\n	\"publisher\":{\n		\"name\":\"William Heinemann\",\n		\"location\":\"London\"\n	},\n	\"year\":\"1914\",\n	\"url\":\"https://topostext.org/work/4\"\n}'),(376,541,23,3,'240','2024-05-10 02:41:13',NULL,'And of Nereus and rich-haired Doris, daughter of Ocean the perfect river, were born children, passing lovely amongst goddesses, Ploto, [...] Thoe [...] and Nemertes who has the nature of her deathless father. These fifty daughters sprang from blameless Nereus, skilled in excellent crafts.','{\n	\"type\":\"book\",\n	\"title\":\"Hesiod, Homeric Hymns, Epic Cycle, Homerica\",\n	\"translators\":[\n		{\"name\":\"Hugh G. Evelyn-White\"}	\n	],\n	\"publisher\":{\n		\"name\":\"William Heinemann\",\n		\"location\":\"London\"\n	},\n	\"year\":\"1914\",\n	\"url\":\"https://topostext.org/work/4\"\n}'),(377,542,23,3,'240','2024-05-10 02:42:16',NULL,'And of Nereus and rich-haired Doris, daughter of Ocean the perfect river, were born children, passing lovely amongst goddesses, Ploto, [...] lovely Halie, [...] and Nemertes who has the nature of her deathless father. These fifty daughters sprang from blameless Nereus, skilled in excellent crafts.','{\n	\"type\":\"book\",\n	\"title\":\"Hesiod, Homeric Hymns, Epic Cycle, Homerica\",\n	\"translators\":[\n		{\"name\":\"Hugh G. Evelyn-White\"}	\n	],\n	\"publisher\":{\n		\"name\":\"William Heinemann\",\n		\"location\":\"London\"\n	},\n	\"year\":\"1914\",\n	\"url\":\"https://topostext.org/work/4\"\n}'),(378,545,23,3,'240','2024-05-10 02:45:06',NULL,'And of Nereus and rich-haired Doris, daughter of Ocean the perfect river, were born children, passing lovely amongst goddesses, Ploto, [...] Erato, [...] and Nemertes who has the nature of her deathless father. These fifty daughters sprang from blameless Nereus, skilled in excellent crafts.','{\n	\"type\":\"book\",\n	\"title\":\"Hesiod, Homeric Hymns, Epic Cycle, Homerica\",\n	\"translators\":[\n		{\"name\":\"Hugh G. Evelyn-White\"}	\n	],\n	\"publisher\":{\n		\"name\":\"William Heinemann\",\n		\"location\":\"London\"\n	},\n	\"year\":\"1914\",\n	\"url\":\"https://topostext.org/work/4\"\n}'),(379,546,23,3,'240','2024-05-10 02:48:07',NULL,'And of Nereus and rich-haired Doris, daughter of Ocean the perfect river, were born children, passing lovely amongst goddesses, Ploto, [...] Agaue, [...] and Nemertes who has the nature of her deathless father. These fifty daughters sprang from blameless Nereus, skilled in excellent crafts.','{\n	\"type\":\"book\",\n	\"title\":\"Hesiod, Homeric Hymns, Epic Cycle, Homerica\",\n	\"translators\":[\n		{\"name\":\"Hugh G. Evelyn-White\"}	\n	],\n	\"publisher\":{\n		\"name\":\"William Heinemann\",\n		\"location\":\"London\"\n	},\n	\"year\":\"1914\",\n	\"url\":\"https://topostext.org/work/4\"\n}'),(381,547,23,3,'240','2024-05-10 02:53:34',NULL,'And of Nereus and rich-haired Doris, daughter of Ocean the perfect river, were born children, passing lovely amongst goddesses, Ploto, [...] Doris, [...] and Nemertes who has the nature of her deathless father. These fifty daughters sprang from blameless Nereus, skilled in excellent crafts.','{\n	\"type\":\"book\",\n	\"title\":\"Hesiod, Homeric Hymns, Epic Cycle, Homerica\",\n	\"translators\":[\n		{\"name\":\"Hugh G. Evelyn-White\"}	\n	],\n	\"publisher\":{\n		\"name\":\"William Heinemann\",\n		\"location\":\"London\"\n	},\n	\"year\":\"1914\",\n	\"url\":\"https://topostext.org/work/4\"\n}'),(382,548,23,3,'240','2024-05-11 02:52:48',NULL,'And of Nereus and rich-haired Doris, daughter of Ocean the perfect river, were born children, passing lovely amongst goddesses, Ploto, [...] Eione, [...] and Nemertes who has the nature of her deathless father. These fifty daughters sprang from blameless Nereus, skilled in excellent crafts.','{\n	\"type\":\"book\",\n	\"title\":\"Hesiod, Homeric Hymns, Epic Cycle, Homerica\",\n	\"translators\":[\n		{\"name\":\"Hugh G. Evelyn-White\"}	\n	],\n	\"publisher\":{\n		\"name\":\"William Heinemann\",\n		\"location\":\"London\"\n	},\n	\"year\":\"1914\",\n	\"url\":\"https://topostext.org/work/4\"\n}'),(383,549,23,3,'240','2024-05-11 02:56:25',NULL,'And of Nereus and rich-haired Doris, daughter of Ocean the perfect river, were born children, passing lovely amongst goddesses, Ploto, [...] Pontoporea, [...] and Nemertes who has the nature of her deathless father. These fifty daughters sprang from blameless Nereus, skilled in excellent crafts.','{\n	\"type\":\"book\",\n	\"title\":\"Hesiod, Homeric Hymns, Epic Cycle, Homerica\",\n	\"translators\":[\n		{\"name\":\"Hugh G. Evelyn-White\"}	\n	],\n	\"publisher\":{\n		\"name\":\"William Heinemann\",\n		\"location\":\"London\"\n	},\n	\"year\":\"1914\",\n	\"url\":\"https://topostext.org/work/4\"\n}'),(384,550,23,3,'240','2024-05-12 15:04:40',NULL,'And of Nereus and rich-haired Doris, daughter of Ocean the perfect river, were born children, passing lovely amongst goddesses, Ploto, [...] Lysianassa, [...] and Nemertes who has the nature of her deathless father. These fifty daughters sprang from blameless Nereus, skilled in excellent crafts.','{\n	\"type\":\"book\",\n	\"title\":\"Hesiod, Homeric Hymns, Epic Cycle, Homerica\",\n	\"translators\":[\n		{\"name\":\"Hugh G. Evelyn-White\"}	\n	],\n	\"publisher\":{\n		\"name\":\"William Heinemann\",\n		\"location\":\"London\"\n	},\n	\"year\":\"1914\",\n	\"url\":\"https://topostext.org/work/4\"\n}'),(385,551,23,3,'979','2024-05-15 02:24:57',NULL,'And the daughter of Ocean, Callirrhoe was joined in the love of rich Aphrodite with stout hearted Chrysaor and bare a son who was the strongest of all men, Geryones, whom mighty Heracles killed in sea-girt Erythea for the sake of his shambling oxen.','{\n	\"type\":\"book\",\n	\"title\":\"Hesiod, Homeric Hymns, Epic Cycle, Homerica\",\n	\"translators\":[\n		{\"name\":\"Hugh G. Evelyn-White\"}	\n	],\n	\"publisher\":{\n		\"name\":\"William Heinemann\",\n		\"location\":\"London\"\n	},\n	\"year\":\"1914\",\n	\"url\":\"https://topostext.org/work/4\"\n}'),(386,552,23,3,'334','2024-05-16 01:35:07',NULL,'And Tethys bare to Ocean eddying rivers, Nilus, and Alpheus, [...] and divine Scamander.','{\n	\"type\":\"book\",\n	\"title\":\"Hesiod, Homeric Hymns, Epic Cycle, Homerica\",\n	\"translators\":[\n		{\"name\":\"Hugh G. Evelyn-White\"}	\n	],\n	\"publisher\":{\n		\"name\":\"William Heinemann\",\n		\"location\":\"London\"\n	},\n	\"year\":\"1914\",\n	\"url\":\"https://topostext.org/work/4\"\n}'),(387,553,23,3,'334','2024-05-16 01:36:58',NULL,'And Tethys bare to Ocean eddying rivers, Nilus, and Alpheus, [...] and divine Scamander.','{\n	\"type\":\"book\",\n	\"title\":\"Hesiod, Homeric Hymns, Epic Cycle, Homerica\",\n	\"translators\":[\n		{\"name\":\"Hugh G. Evelyn-White\"}	\n	],\n	\"publisher\":{\n		\"name\":\"William Heinemann\",\n		\"location\":\"London\"\n	},\n	\"year\":\"1914\",\n	\"url\":\"https://topostext.org/work/4\"\n}'),(388,554,23,3,'334','2024-05-17 02:26:05',NULL,'And Tethys bare to Ocean eddying rivers, Nilus, [...] deep-swirling Eridanus, [...] and divine Scamander.','{\n	\"type\":\"book\",\n	\"title\":\"Hesiod, Homeric Hymns, Epic Cycle, Homerica\",\n	\"translators\":[\n		{\"name\":\"Hugh G. Evelyn-White\"}	\n	],\n	\"publisher\":{\n		\"name\":\"William Heinemann\",\n		\"location\":\"London\"\n	},\n	\"year\":\"1914\",\n	\"url\":\"https://topostext.org/work/4\"\n}'),(390,555,23,3,'334','2024-05-17 02:31:08',NULL,'And Tethys bare to Ocean eddying rivers, Nilus, [...] Strymon, [...] and divine Scamander.','{\n	\"type\":\"book\",\n	\"title\":\"Hesiod, Homeric Hymns, Epic Cycle, Homerica\",\n	\"translators\":[\n		{\"name\":\"Hugh G. Evelyn-White\"}	\n	],\n	\"publisher\":{\n		\"name\":\"William Heinemann\",\n		\"location\":\"London\"\n	},\n	\"year\":\"1914\",\n	\"url\":\"https://topostext.org/work/4\"\n}'),(391,556,23,3,'334','2024-05-17 02:32:12',NULL,'And Tethys bare to Ocean eddying rivers, Nilus, [...] Meander, [...] and divine Scamander.','{\n	\"type\":\"book\",\n	\"title\":\"Hesiod, Homeric Hymns, Epic Cycle, Homerica\",\n	\"translators\":[\n		{\"name\":\"Hugh G. Evelyn-White\"}	\n	],\n	\"publisher\":{\n		\"name\":\"William Heinemann\",\n		\"location\":\"London\"\n	},\n	\"year\":\"1914\",\n	\"url\":\"https://topostext.org/work/4\"\n}'),(392,557,23,3,'334','2024-05-17 02:34:03',NULL,'And Tethys bare to Ocean eddying rivers, Nilus, [...] the fair stream of Ister, [...] and divine Scamander.','{\n	\"type\":\"book\",\n	\"title\":\"Hesiod, Homeric Hymns, Epic Cycle, Homerica\",\n	\"translators\":[\n		{\"name\":\"Hugh G. Evelyn-White\"}	\n	],\n	\"publisher\":{\n		\"name\":\"William Heinemann\",\n		\"location\":\"London\"\n	},\n	\"year\":\"1914\",\n	\"url\":\"https://topostext.org/work/4\"\n}'),(393,558,23,3,'334','2024-05-17 02:36:11',NULL,'And Tethys bare to Ocean eddying rivers, Nilus, [...] Phasis, [...] and divine Scamander.','{\n	\"type\":\"book\",\n	\"title\":\"Hesiod, Homeric Hymns, Epic Cycle, Homerica\",\n	\"translators\":[\n		{\"name\":\"Hugh G. Evelyn-White\"}	\n	],\n	\"publisher\":{\n		\"name\":\"William Heinemann\",\n		\"location\":\"London\"\n	},\n	\"year\":\"1914\",\n	\"url\":\"https://topostext.org/work/4\"\n}'),(394,559,23,3,'334','2024-05-17 02:37:47',NULL,'And Tethys bare to Ocean eddying rivers, Nilus, [...] Rhesus, [...] and divine Scamander.','{\n	\"type\":\"book\",\n	\"title\":\"Hesiod, Homeric Hymns, Epic Cycle, Homerica\",\n	\"translators\":[\n		{\"name\":\"Hugh G. Evelyn-White\"}	\n	],\n	\"publisher\":{\n		\"name\":\"William Heinemann\",\n		\"location\":\"London\"\n	},\n	\"year\":\"1914\",\n	\"url\":\"https://topostext.org/work/4\"\n}'),(395,560,23,3,'334','2024-05-17 02:40:03',NULL,'And Tethys bare to Ocean eddying rivers, Nilus, [...] the silver eddies of Achelous, [...] and divine Scamander.','{\n	\"type\":\"book\",\n	\"title\":\"Hesiod, Homeric Hymns, Epic Cycle, Homerica\",\n	\"translators\":[\n		{\"name\":\"Hugh G. Evelyn-White\"}	\n	],\n	\"publisher\":{\n		\"name\":\"William Heinemann\",\n		\"location\":\"London\"\n	},\n	\"year\":\"1914\",\n	\"url\":\"https://topostext.org/work/4\"\n}'),(396,566,23,3,'334','2024-05-18 01:14:08',NULL,'And Tethys bare to Ocean eddying rivers, Nilus, [...] Nessus, [...] and divine Scamander.','{\n	\"type\":\"book\",\n	\"title\":\"Hesiod, Homeric Hymns, Epic Cycle, Homerica\",\n	\"translators\":[\n		{\"name\":\"Hugh G. Evelyn-White\"}	\n	],\n	\"publisher\":{\n		\"name\":\"William Heinemann\",\n		\"location\":\"London\"\n	},\n	\"year\":\"1914\",\n	\"url\":\"https://topostext.org/work/4\"\n}'),(397,562,23,3,'334','2024-05-18 01:16:06',NULL,'And Tethys bare to Ocean eddying rivers, Nilus, [...] Rhodius, [...] and divine Scamander.','{\n	\"type\":\"book\",\n	\"title\":\"Hesiod, Homeric Hymns, Epic Cycle, Homerica\",\n	\"translators\":[\n		{\"name\":\"Hugh G. Evelyn-White\"}	\n	],\n	\"publisher\":{\n		\"name\":\"William Heinemann\",\n		\"location\":\"London\"\n	},\n	\"year\":\"1914\",\n	\"url\":\"https://topostext.org/work/4\"\n}'),(398,563,23,3,'334','2024-05-18 01:17:23',NULL,'And Tethys bare to Ocean eddying rivers, Nilus, [...] Haliacmon, [...] and divine Scamander.','{\n	\"type\":\"book\",\n	\"title\":\"Hesiod, Homeric Hymns, Epic Cycle, Homerica\",\n	\"translators\":[\n		{\"name\":\"Hugh G. Evelyn-White\"}	\n	],\n	\"publisher\":{\n		\"name\":\"William Heinemann\",\n		\"location\":\"London\"\n	},\n	\"year\":\"1914\",\n	\"url\":\"https://topostext.org/work/4\"\n}'),(400,564,23,3,'334','2024-05-18 01:25:12',NULL,'And Tethys bare to Ocean eddying rivers, Nilus, [...] Granicus, [...] and divine Scamander.','{\n	\"type\":\"book\",\n	\"title\":\"Hesiod, Homeric Hymns, Epic Cycle, Homerica\",\n	\"translators\":[\n		{\"name\":\"Hugh G. Evelyn-White\"}	\n	],\n	\"publisher\":{\n		\"name\":\"William Heinemann\",\n		\"location\":\"London\"\n	},\n	\"year\":\"1914\",\n	\"url\":\"https://topostext.org/work/4\"\n}'),(401,567,23,3,'334','2024-05-18 01:27:25',NULL,'And Tethys bare to Ocean eddying rivers, Nilus, [...] Heptaporus, [...] and divine Scamander.','{\n	\"type\":\"book\",\n	\"title\":\"Hesiod, Homeric Hymns, Epic Cycle, Homerica\",\n	\"translators\":[\n		{\"name\":\"Hugh G. Evelyn-White\"}	\n	],\n	\"publisher\":{\n		\"name\":\"William Heinemann\",\n		\"location\":\"London\"\n	},\n	\"year\":\"1914\",\n	\"url\":\"https://topostext.org/work/4\"\n}'),(402,568,23,3,'334','2024-05-18 01:29:44',NULL,'And Tethys bare to Ocean eddying rivers, Nilus, [...] Aesepus, [...] and divine Scamander.','{\n	\"type\":\"book\",\n	\"title\":\"Hesiod, Homeric Hymns, Epic Cycle, Homerica\",\n	\"translators\":[\n		{\"name\":\"Hugh G. Evelyn-White\"}	\n	],\n	\"publisher\":{\n		\"name\":\"William Heinemann\",\n		\"location\":\"London\"\n	},\n	\"year\":\"1914\",\n	\"url\":\"https://topostext.org/work/4\"\n}'),(403,569,23,3,'334','2024-05-18 01:31:23',NULL,'And Tethys bare to Ocean eddying rivers, Nilus, [...] holy Simois, [...] and divine Scamander.','{\n	\"type\":\"book\",\n	\"title\":\"Hesiod, Homeric Hymns, Epic Cycle, Homerica\",\n	\"translators\":[\n		{\"name\":\"Hugh G. Evelyn-White\"}	\n	],\n	\"publisher\":{\n		\"name\":\"William Heinemann\",\n		\"location\":\"London\"\n	},\n	\"year\":\"1914\",\n	\"url\":\"https://topostext.org/work/4\"\n}'),(404,570,23,3,'334','2024-05-18 01:33:09',NULL,'And Tethys bare to Ocean eddying rivers, Nilus, [...] Peneus, [...] and divine Scamander.','{\n	\"type\":\"book\",\n	\"title\":\"Hesiod, Homeric Hymns, Epic Cycle, Homerica\",\n	\"translators\":[\n		{\"name\":\"Hugh G. Evelyn-White\"}	\n	],\n	\"publisher\":{\n		\"name\":\"William Heinemann\",\n		\"location\":\"London\"\n	},\n	\"year\":\"1914\",\n	\"url\":\"https://topostext.org/work/4\"\n}'),(405,571,23,3,'334','2024-05-18 01:36:30',NULL,'And Tethys bare to Ocean eddying rivers, Nilus, [...] Hermus, [...] and divine Scamander.','{\n	\"type\":\"book\",\n	\"title\":\"Hesiod, Homeric Hymns, Epic Cycle, Homerica\",\n	\"translators\":[\n		{\"name\":\"Hugh G. Evelyn-White\"}	\n	],\n	\"publisher\":{\n		\"name\":\"William Heinemann\",\n		\"location\":\"London\"\n	},\n	\"year\":\"1914\",\n	\"url\":\"https://topostext.org/work/4\"\n}'),(406,572,23,3,'334','2024-05-18 01:38:02',NULL,'And Tethys bare to Ocean eddying rivers, Nilus, [...] Caicus fair stream, [...] and divine Scamander.','{\n	\"type\":\"book\",\n	\"title\":\"Hesiod, Homeric Hymns, Epic Cycle, Homerica\",\n	\"translators\":[\n		{\"name\":\"Hugh G. Evelyn-White\"}	\n	],\n	\"publisher\":{\n		\"name\":\"William Heinemann\",\n		\"location\":\"London\"\n	},\n	\"year\":\"1914\",\n	\"url\":\"https://topostext.org/work/4\"\n}'),(408,573,23,3,'334','2024-05-18 01:39:48',NULL,'And Tethys bare to Ocean eddying rivers, Nilus, [...] great Sangarius, [...] and divine Scamander.','{\n	\"type\":\"book\",\n	\"title\":\"Hesiod, Homeric Hymns, Epic Cycle, Homerica\",\n	\"translators\":[\n		{\"name\":\"Hugh G. Evelyn-White\"}	\n	],\n	\"publisher\":{\n		\"name\":\"William Heinemann\",\n		\"location\":\"London\"\n	},\n	\"year\":\"1914\",\n	\"url\":\"https://topostext.org/work/4\"\n}'),(409,574,23,3,'334','2024-05-18 01:41:10',NULL,'And Tethys bare to Ocean eddying rivers, Nilus, [...] Ladon, [...] and divine Scamander.','{\n	\"type\":\"book\",\n	\"title\":\"Hesiod, Homeric Hymns, Epic Cycle, Homerica\",\n	\"translators\":[\n		{\"name\":\"Hugh G. Evelyn-White\"}	\n	],\n	\"publisher\":{\n		\"name\":\"William Heinemann\",\n		\"location\":\"London\"\n	},\n	\"year\":\"1914\",\n	\"url\":\"https://topostext.org/work/4\"\n}'),(411,575,23,3,'334','2024-05-18 01:42:46',NULL,'And Tethys bare to Ocean eddying rivers, Nilus, [...] Parthenius, [...] and divine Scamander.','{\n	\"type\":\"book\",\n	\"title\":\"Hesiod, Homeric Hymns, Epic Cycle, Homerica\",\n	\"translators\":[\n		{\"name\":\"Hugh G. Evelyn-White\"}	\n	],\n	\"publisher\":{\n		\"name\":\"William Heinemann\",\n		\"location\":\"London\"\n	},\n	\"year\":\"1914\",\n	\"url\":\"https://topostext.org/work/4\"\n}'),(412,576,23,3,'334','2024-05-18 01:45:06',NULL,'And Tethys bare to Ocean eddying rivers, Nilus, [...] Euenus, [...] and divine Scamander.','{\n	\"type\":\"book\",\n	\"title\":\"Hesiod, Homeric Hymns, Epic Cycle, Homerica\",\n	\"translators\":[\n		{\"name\":\"Hugh G. Evelyn-White\"}	\n	],\n	\"publisher\":{\n		\"name\":\"William Heinemann\",\n		\"location\":\"London\"\n	},\n	\"year\":\"1914\",\n	\"url\":\"https://topostext.org/work/4\"\n}'),(413,577,23,3,'334','2024-05-18 01:49:06',NULL,'And Tethys bare to Ocean eddying rivers, Nilus, [...] Ardescus, [...] and divine Scamander.','{\n	\"type\":\"book\",\n	\"title\":\"Hesiod, Homeric Hymns, Epic Cycle, Homerica\",\n	\"translators\":[\n		{\"name\":\"Hugh G. Evelyn-White\"}	\n	],\n	\"publisher\":{\n		\"name\":\"William Heinemann\",\n		\"location\":\"London\"\n	},\n	\"year\":\"1914\",\n	\"url\":\"https://topostext.org/work/4\"\n}'),(414,578,23,3,'334','2024-05-18 01:51:40',NULL,'And Tethys bare to Ocean eddying rivers, Nilus, and Alpheus, [...] and divine Scamander.','{\n	\"type\":\"book\",\n	\"title\":\"Hesiod, Homeric Hymns, Epic Cycle, Homerica\",\n	\"translators\":[\n		{\"name\":\"Hugh G. Evelyn-White\"}	\n	],\n	\"publisher\":{\n		\"name\":\"William Heinemann\",\n		\"location\":\"London\"\n	},\n	\"year\":\"1914\",\n	\"url\":\"https://topostext.org/work/4\"\n}'),(415,579,23,3,'346','2024-05-20 23:33:51',NULL,'Also [Tethys] brought forth a holy company of daughters who with the lord Apollo and the Rivers have youths in their keeping — to this charge Zeus appointed them — Peitho, and Admete, [...] and Styx who is the chiefest of them all. These are the eldest daughters that sprang from Ocean and Tethys; but there are many besides.','{\n	\"type\":\"book\",\n	\"title\":\"Hesiod, Homeric Hymns, Epic Cycle, Homerica\",\n	\"translators\":[\n		{\"name\":\"Hugh G. Evelyn-White\"}	\n	],\n	\"publisher\":{\n		\"name\":\"William Heinemann\",\n		\"location\":\"London\"\n	},\n	\"year\":\"1914\",\n	\"url\":\"https://topostext.org/work/4\"\n}'),(416,580,23,3,'346','2024-05-20 23:36:28',NULL,'Also [Tethys] brought forth a holy company of daughters who with the lord Apollo and the Rivers have youths in their keeping — to this charge Zeus appointed them — Peitho, and Admete, [...] and Styx who is the chiefest of them all. These are the eldest daughters that sprang from Ocean and Tethys; but there are many besides.','{\n	\"type\":\"book\",\n	\"title\":\"Hesiod, Homeric Hymns, Epic Cycle, Homerica\",\n	\"translators\":[\n		{\"name\":\"Hugh G. Evelyn-White\"}	\n	],\n	\"publisher\":{\n		\"name\":\"William Heinemann\",\n		\"location\":\"London\"\n	},\n	\"year\":\"1914\",\n	\"url\":\"https://topostext.org/work/4\"\n}'),(417,581,23,3,'346','2024-05-20 23:39:05',NULL,'Also [Tethys] brought forth a holy company of daughters who with the lord Apollo and the Rivers have youths in their keeping — to this charge Zeus appointed them — Peitho, [...] Ianthe, [...] and Styx who is the chiefest of them all. These are the eldest daughters that sprang from Ocean and Tethys; but there are many besides.','{\n	\"type\":\"book\",\n	\"title\":\"Hesiod, Homeric Hymns, Epic Cycle, Homerica\",\n	\"translators\":[\n		{\"name\":\"Hugh G. Evelyn-White\"}	\n	],\n	\"publisher\":{\n		\"name\":\"William Heinemann\",\n		\"location\":\"London\"\n	},\n	\"year\":\"1914\",\n	\"url\":\"https://topostext.org/work/4\"\n}'),(418,582,23,3,'346','2024-05-20 23:42:33',NULL,'Also [Tethys] brought forth a holy company of daughters who with the lord Apollo and the Rivers have youths in their keeping — to this charge Zeus appointed them — Peitho, [...] Prymno, [...] and Styx who is the chiefest of them all. These are the eldest daughters that sprang from Ocean and Tethys; but there are many besides.','{\n	\"type\":\"book\",\n	\"title\":\"Hesiod, Homeric Hymns, Epic Cycle, Homerica\",\n	\"translators\":[\n		{\"name\":\"Hugh G. Evelyn-White\"}	\n	],\n	\"publisher\":{\n		\"name\":\"William Heinemann\",\n		\"location\":\"London\"\n	},\n	\"year\":\"1914\",\n	\"url\":\"https://topostext.org/work/4\"\n}'),(419,583,23,3,'346','2024-05-20 23:44:53',NULL,'Also [Tethys] brought forth a holy company of daughters who with the lord Apollo and the Rivers have youths in their keeping — to this charge Zeus appointed them — Peitho, [...] Urania divine in form, [...] and Styx who is the chiefest of them all. These are the eldest daughters that sprang from Ocean and Tethys; but there are many besides.','{\n	\"type\":\"book\",\n	\"title\":\"Hesiod, Homeric Hymns, Epic Cycle, Homerica\",\n	\"translators\":[\n		{\"name\":\"Hugh G. Evelyn-White\"}	\n	],\n	\"publisher\":{\n		\"name\":\"William Heinemann\",\n		\"location\":\"London\"\n	},\n	\"year\":\"1914\",\n	\"url\":\"https://topostext.org/work/4\"\n}'),(420,584,23,3,'346','2024-05-20 23:47:49',NULL,'Also [Tethys] brought forth a holy company of daughters who with the lord Apollo and the Rivers have youths in their keeping — to this charge Zeus appointed them — Peitho, [...] Hippo, [...] and Styx who is the chiefest of them all. These are the eldest daughters that sprang from Ocean and Tethys; but there are many besides.','{\n	\"type\":\"book\",\n	\"title\":\"Hesiod, Homeric Hymns, Epic Cycle, Homerica\",\n	\"translators\":[\n		{\"name\":\"Hugh G. Evelyn-White\"}	\n	],\n	\"publisher\":{\n		\"name\":\"William Heinemann\",\n		\"location\":\"London\"\n	},\n	\"year\":\"1914\",\n	\"url\":\"https://topostext.org/work/4\"\n}'),(421,585,23,3,'346','2024-05-20 23:49:56',NULL,'Also [Tethys] brought forth a holy company of daughters who with the lord Apollo and the Rivers have youths in their keeping — to this charge Zeus appointed them — Peitho, [...] Rhodea, [...] and Styx who is the chiefest of them all. These are the eldest daughters that sprang from Ocean and Tethys; but there are many besides.','{\n	\"type\":\"book\",\n	\"title\":\"Hesiod, Homeric Hymns, Epic Cycle, Homerica\",\n	\"translators\":[\n		{\"name\":\"Hugh G. Evelyn-White\"}	\n	],\n	\"publisher\":{\n		\"name\":\"William Heinemann\",\n		\"location\":\"London\"\n	},\n	\"year\":\"1914\",\n	\"url\":\"https://topostext.org/work/4\"\n}'),(422,586,23,3,'346','2024-05-20 23:50:59',NULL,'Also [Tethys] brought forth a holy company of daughters who with the lord Apollo and the Rivers have youths in their keeping — to this charge Zeus appointed them — Peitho, [...] Callirrhoe, [...] and Styx who is the chiefest of them all. These are the eldest daughters that sprang from Ocean and Tethys; but there are many besides.','{\n	\"type\":\"book\",\n	\"title\":\"Hesiod, Homeric Hymns, Epic Cycle, Homerica\",\n	\"translators\":[\n		{\"name\":\"Hugh G. Evelyn-White\"}	\n	],\n	\"publisher\":{\n		\"name\":\"William Heinemann\",\n		\"location\":\"London\"\n	},\n	\"year\":\"1914\",\n	\"url\":\"https://topostext.org/work/4\"\n}'),(423,587,23,3,'346','2024-05-20 23:52:41',NULL,'Also [Tethys] brought forth a holy company of daughters who with the lord Apollo and the Rivers have youths in their keeping — to this charge Zeus appointed them — Peitho, [...] Zeuxo [...] and Styx who is the chiefest of them all. These are the eldest daughters that sprang from Ocean and Tethys; but there are many besides.','{\n	\"type\":\"book\",\n	\"title\":\"Hesiod, Homeric Hymns, Epic Cycle, Homerica\",\n	\"translators\":[\n		{\"name\":\"Hugh G. Evelyn-White\"}	\n	],\n	\"publisher\":{\n		\"name\":\"William Heinemann\",\n		\"location\":\"London\"\n	},\n	\"year\":\"1914\",\n	\"url\":\"https://topostext.org/work/4\"\n}'),(424,588,23,3,'346','2024-05-20 23:54:54',NULL,'Also [Tethys] brought forth a holy company of daughters who with the lord Apollo and the Rivers have youths in their keeping — to this charge Zeus appointed them — Peitho, [...] Clytie, [...] and Styx who is the chiefest of them all. These are the eldest daughters that sprang from Ocean and Tethys; but there are many besides.','{\n	\"type\":\"book\",\n	\"title\":\"Hesiod, Homeric Hymns, Epic Cycle, Homerica\",\n	\"translators\":[\n		{\"name\":\"Hugh G. Evelyn-White\"}	\n	],\n	\"publisher\":{\n		\"name\":\"William Heinemann\",\n		\"location\":\"London\"\n	},\n	\"year\":\"1914\",\n	\"url\":\"https://topostext.org/work/4\"\n}'),(425,589,23,3,'346','2024-05-20 23:59:26',NULL,'Also [Tethys] brought forth a holy company of daughters who with the lord Apollo and the Rivers have youths in their keeping — to this charge Zeus appointed them — Peitho, [...] Pasithoe, [...] and Styx who is the chiefest of them all. These are the eldest daughters that sprang from Ocean and Tethys; but there are many besides.','{\n	\"type\":\"book\",\n	\"title\":\"Hesiod, Homeric Hymns, Epic Cycle, Homerica\",\n	\"translators\":[\n		{\"name\":\"Hugh G. Evelyn-White\"}	\n	],\n	\"publisher\":{\n		\"name\":\"William Heinemann\",\n		\"location\":\"London\"\n	},\n	\"year\":\"1914\",\n	\"url\":\"https://topostext.org/work/4\"\n}'),(426,590,23,3,'346','2024-05-21 00:01:07',NULL,'Also [Tethys] brought forth a holy company of daughters who with the lord Apollo and the Rivers have youths in their keeping — to this charge Zeus appointed them — Peitho, [...] Plexaura, [...] and Styx who is the chiefest of them all. These are the eldest daughters that sprang from Ocean and Tethys; but there are many besides.','{\n	\"type\":\"book\",\n	\"title\":\"Hesiod, Homeric Hymns, Epic Cycle, Homerica\",\n	\"translators\":[\n		{\"name\":\"Hugh G. Evelyn-White\"}	\n	],\n	\"publisher\":{\n		\"name\":\"William Heinemann\",\n		\"location\":\"London\"\n	},\n	\"year\":\"1914\",\n	\"url\":\"https://topostext.org/work/4\"\n}'),(427,591,23,3,'346','2024-05-21 00:02:50',NULL,'Also [Tethys] brought forth a holy company of daughters who with the lord Apollo and the Rivers have youths in their keeping — to this charge Zeus appointed them — Peitho, [...] Galaxaura, [...] and Styx who is the chiefest of them all. These are the eldest daughters that sprang from Ocean and Tethys; but there are many besides.','{\n	\"type\":\"book\",\n	\"title\":\"Hesiod, Homeric Hymns, Epic Cycle, Homerica\",\n	\"translators\":[\n		{\"name\":\"Hugh G. Evelyn-White\"}	\n	],\n	\"publisher\":{\n		\"name\":\"William Heinemann\",\n		\"location\":\"London\"\n	},\n	\"year\":\"1914\",\n	\"url\":\"https://topostext.org/work/4\"\n}'),(428,592,23,3,'346','2024-05-21 00:05:28',NULL,'Also [Tethys] brought forth a holy company of daughters who with the lord Apollo and the Rivers have youths in their keeping — to this charge Zeus appointed them — Peitho, [...] lovely Dione, [...] and Styx who is the chiefest of them all. These are the eldest daughters that sprang from Ocean and Tethys; but there are many besides.','{\n	\"type\":\"book\",\n	\"title\":\"Hesiod, Homeric Hymns, Epic Cycle, Homerica\",\n	\"translators\":[\n		{\"name\":\"Hugh G. Evelyn-White\"}	\n	],\n	\"publisher\":{\n		\"name\":\"William Heinemann\",\n		\"location\":\"London\"\n	},\n	\"year\":\"1914\",\n	\"url\":\"https://topostext.org/work/4\"\n}'),(429,593,23,3,'346','2024-05-21 00:06:59',NULL,'Also [Tethys] brought forth a holy company of daughters who with the lord Apollo and the Rivers have youths in their keeping — to this charge Zeus appointed them — Peitho, [...] Melobosis [...] and Styx who is the chiefest of them all. These are the eldest daughters that sprang from Ocean and Tethys; but there are many besides.','{\n	\"type\":\"book\",\n	\"title\":\"Hesiod, Homeric Hymns, Epic Cycle, Homerica\",\n	\"translators\":[\n		{\"name\":\"Hugh G. Evelyn-White\"}	\n	],\n	\"publisher\":{\n		\"name\":\"William Heinemann\",\n		\"location\":\"London\"\n	},\n	\"year\":\"1914\",\n	\"url\":\"https://topostext.org/work/4\"\n}'),(430,594,23,3,'346','2024-05-21 00:08:22',NULL,'Also [Tethys] brought forth a holy company of daughters who with the lord Apollo and the Rivers have youths in their keeping — to this charge Zeus appointed them — Peitho, [...] Thoe [...] and Styx who is the chiefest of them all. These are the eldest daughters that sprang from Ocean and Tethys; but there are many besides.','{\n	\"type\":\"book\",\n	\"title\":\"Hesiod, Homeric Hymns, Epic Cycle, Homerica\",\n	\"translators\":[\n		{\"name\":\"Hugh G. Evelyn-White\"}	\n	],\n	\"publisher\":{\n		\"name\":\"William Heinemann\",\n		\"location\":\"London\"\n	},\n	\"year\":\"1914\",\n	\"url\":\"https://topostext.org/work/4\"\n}'),(431,595,23,3,'346','2024-05-21 00:09:50',NULL,'Also [Tethys] brought forth a holy company of daughters who with the lord Apollo and the Rivers have youths in their keeping — to this charge Zeus appointed them — Peitho, [...] handsome Polydora, [...] and Styx who is the chiefest of them all. These are the eldest daughters that sprang from Ocean and Tethys; but there are many besides.','{\n	\"type\":\"book\",\n	\"title\":\"Hesiod, Homeric Hymns, Epic Cycle, Homerica\",\n	\"translators\":[\n		{\"name\":\"Hugh G. Evelyn-White\"}	\n	],\n	\"publisher\":{\n		\"name\":\"William Heinemann\",\n		\"location\":\"London\"\n	},\n	\"year\":\"1914\",\n	\"url\":\"https://topostext.org/work/4\"\n}'),(432,596,23,3,'346','2024-05-21 00:11:04',NULL,'Also [Tethys] brought forth a holy company of daughters who with the lord Apollo and the Rivers have youths in their keeping — to this charge Zeus appointed them — Peitho, [...] Cerceis lovely of form, [...] and Styx who is the chiefest of them all. These are the eldest daughters that sprang from Ocean and Tethys; but there are many besides.','{\n	\"type\":\"book\",\n	\"title\":\"Hesiod, Homeric Hymns, Epic Cycle, Homerica\",\n	\"translators\":[\n		{\"name\":\"Hugh G. Evelyn-White\"}	\n	],\n	\"publisher\":{\n		\"name\":\"William Heinemann\",\n		\"location\":\"London\"\n	},\n	\"year\":\"1914\",\n	\"url\":\"https://topostext.org/work/4\"\n}'),(433,597,23,3,'346','2024-05-21 00:13:41',NULL,'Also [Tethys] brought forth a holy company of daughters who with the lord Apollo and the Rivers have youths in their keeping — to this charge Zeus appointed them — Peitho, [...] soft eyed Plouto, [...] and Styx who is the chiefest of them all. These are the eldest daughters that sprang from Ocean and Tethys; but there are many besides.','{\n	\"type\":\"book\",\n	\"title\":\"Hesiod, Homeric Hymns, Epic Cycle, Homerica\",\n	\"translators\":[\n		{\"name\":\"Hugh G. Evelyn-White\"}	\n	],\n	\"publisher\":{\n		\"name\":\"William Heinemann\",\n		\"location\":\"London\"\n	},\n	\"year\":\"1914\",\n	\"url\":\"https://topostext.org/work/4\"\n}'),(434,598,23,3,'346','2024-05-21 00:21:22',NULL,'Also [Tethys] brought forth a holy company of daughters who with the lord Apollo and the Rivers have youths in their keeping — to this charge Zeus appointed them — Peitho, [...] Ianeira, [...] and Styx who is the chiefest of them all. These are the eldest daughters that sprang from Ocean and Tethys; but there are many besides.','{\n	\"type\":\"book\",\n	\"title\":\"Hesiod, Homeric Hymns, Epic Cycle, Homerica\",\n	\"translators\":[\n		{\"name\":\"Hugh G. Evelyn-White\"}	\n	],\n	\"publisher\":{\n		\"name\":\"William Heinemann\",\n		\"location\":\"London\"\n	},\n	\"year\":\"1914\",\n	\"url\":\"https://topostext.org/work/4\"\n}'),(435,599,23,3,'346','2024-05-21 00:22:45',NULL,'Also [Tethys] brought forth a holy company of daughters who with the lord Apollo and the Rivers have youths in their keeping — to this charge Zeus appointed them — Peitho, [...] Acaste, [...] and Styx who is the chiefest of them all. These are the eldest daughters that sprang from Ocean and Tethys; but there are many besides.','{\n	\"type\":\"book\",\n	\"title\":\"Hesiod, Homeric Hymns, Epic Cycle, Homerica\",\n	\"translators\":[\n		{\"name\":\"Hugh G. Evelyn-White\"}	\n	],\n	\"publisher\":{\n		\"name\":\"William Heinemann\",\n		\"location\":\"London\"\n	},\n	\"year\":\"1914\",\n	\"url\":\"https://topostext.org/work/4\"\n}'),(436,600,23,3,'346','2024-05-21 00:24:04',NULL,'Also [Tethys] brought forth a holy company of daughters who with the lord Apollo and the Rivers have youths in their keeping — to this charge Zeus appointed them — Peitho, [...] Xanthe, [...] and Styx who is the chiefest of them all. These are the eldest daughters that sprang from Ocean and Tethys; but there are many besides.','{\n	\"type\":\"book\",\n	\"title\":\"Hesiod, Homeric Hymns, Epic Cycle, Homerica\",\n	\"translators\":[\n		{\"name\":\"Hugh G. Evelyn-White\"}	\n	],\n	\"publisher\":{\n		\"name\":\"William Heinemann\",\n		\"location\":\"London\"\n	},\n	\"year\":\"1914\",\n	\"url\":\"https://topostext.org/work/4\"\n}'),(437,601,23,3,'346','2024-05-21 00:25:31',NULL,'Also [Tethys] brought forth a holy company of daughters who with the lord Apollo and the Rivers have youths in their keeping — to this charge Zeus appointed them — Peitho, [...] Petraea the fair, [...] and Styx who is the chiefest of them all. These are the eldest daughters that sprang from Ocean and Tethys; but there are many besides.','{\n	\"type\":\"book\",\n	\"title\":\"Hesiod, Homeric Hymns, Epic Cycle, Homerica\",\n	\"translators\":[\n		{\"name\":\"Hugh G. Evelyn-White\"}	\n	],\n	\"publisher\":{\n		\"name\":\"William Heinemann\",\n		\"location\":\"London\"\n	},\n	\"year\":\"1914\",\n	\"url\":\"https://topostext.org/work/4\"\n}'),(438,602,23,3,'346','2024-05-21 00:26:39',NULL,'Also [Tethys] brought forth a holy company of daughters who with the lord Apollo and the Rivers have youths in their keeping — to this charge Zeus appointed them — Peitho, [...] Menestho, [...] and Styx who is the chiefest of them all. These are the eldest daughters that sprang from Ocean and Tethys; but there are many besides.','{\n	\"type\":\"book\",\n	\"title\":\"Hesiod, Homeric Hymns, Epic Cycle, Homerica\",\n	\"translators\":[\n		{\"name\":\"Hugh G. Evelyn-White\"}	\n	],\n	\"publisher\":{\n		\"name\":\"William Heinemann\",\n		\"location\":\"London\"\n	},\n	\"year\":\"1914\",\n	\"url\":\"https://topostext.org/work/4\"\n}'),(439,603,23,3,'346','2024-05-21 00:28:34',NULL,'Also [Tethys] brought forth a holy company of daughters who with the lord Apollo and the Rivers have youths in their keeping — to this charge Zeus appointed them — Peitho, [...] Europa, [...] and Styx who is the chiefest of them all. These are the eldest daughters that sprang from Ocean and Tethys; but there are many besides.','{\n	\"type\":\"book\",\n	\"title\":\"Hesiod, Homeric Hymns, Epic Cycle, Homerica\",\n	\"translators\":[\n		{\"name\":\"Hugh G. Evelyn-White\"}	\n	],\n	\"publisher\":{\n		\"name\":\"William Heinemann\",\n		\"location\":\"London\"\n	},\n	\"year\":\"1914\",\n	\"url\":\"https://topostext.org/work/4\"\n}'),(440,604,23,3,'346','2024-05-21 00:30:59',NULL,'Also [Tethys] brought forth a holy company of daughters who with the lord Apollo and the Rivers have youths in their keeping — to this charge Zeus appointed them — Peitho, [...] Eurynome, [...] and Styx who is the chiefest of them all. These are the eldest daughters that sprang from Ocean and Tethys; but there are many besides.','{\n	\"type\":\"book\",\n	\"title\":\"Hesiod, Homeric Hymns, Epic Cycle, Homerica\",\n	\"translators\":[\n		{\"name\":\"Hugh G. Evelyn-White\"}	\n	],\n	\"publisher\":{\n		\"name\":\"William Heinemann\",\n		\"location\":\"London\"\n	},\n	\"year\":\"1914\",\n	\"url\":\"https://topostext.org/work/4\"\n}'),(441,605,23,3,'346','2024-05-21 00:33:11',NULL,'Also [Tethys] brought forth a holy company of daughters who with the lord Apollo and the Rivers have youths in their keeping — to this charge Zeus appointed them — Peitho, [...] Telesto saffron-clad, [...] and Styx who is the chiefest of them all. These are the eldest daughters that sprang from Ocean and Tethys; but there are many besides.','{\n	\"type\":\"book\",\n	\"title\":\"Hesiod, Homeric Hymns, Epic Cycle, Homerica\",\n	\"translators\":[\n		{\"name\":\"Hugh G. Evelyn-White\"}	\n	],\n	\"publisher\":{\n		\"name\":\"William Heinemann\",\n		\"location\":\"London\"\n	},\n	\"year\":\"1914\",\n	\"url\":\"https://topostext.org/work/4\"\n}'),(442,606,23,3,'346','2024-05-21 00:38:01',NULL,'Also [Tethys] brought forth a holy company of daughters who with the lord Apollo and the Rivers have youths in their keeping — to this charge Zeus appointed them — Peitho, [...] Chryseis, [...] and Styx who is the chiefest of them all. These are the eldest daughters that sprang from Ocean and Tethys; but there are many besides.','{\n	\"type\":\"book\",\n	\"title\":\"Hesiod, Homeric Hymns, Epic Cycle, Homerica\",\n	\"translators\":[\n		{\"name\":\"Hugh G. Evelyn-White\"}	\n	],\n	\"publisher\":{\n		\"name\":\"William Heinemann\",\n		\"location\":\"London\"\n	},\n	\"year\":\"1914\",\n	\"url\":\"https://topostext.org/work/4\"\n}'),(443,607,23,3,'346','2024-05-21 00:39:05',NULL,'Also [Tethys] brought forth a holy company of daughters who with the lord Apollo and the Rivers have youths in their keeping — to this charge Zeus appointed them — Peitho, [...] Asia [...] and Styx who is the chiefest of them all. These are the eldest daughters that sprang from Ocean and Tethys; but there are many besides.','{\n	\"type\":\"book\",\n	\"title\":\"Hesiod, Homeric Hymns, Epic Cycle, Homerica\",\n	\"translators\":[\n		{\"name\":\"Hugh G. Evelyn-White\"}	\n	],\n	\"publisher\":{\n		\"name\":\"William Heinemann\",\n		\"location\":\"London\"\n	},\n	\"year\":\"1914\",\n	\"url\":\"https://topostext.org/work/4\"\n}'),(444,608,23,3,'346','2024-05-21 01:01:43',NULL,'Also [Tethys] brought forth a holy company of daughters who with the lord Apollo and the Rivers have youths in their keeping — to this charge Zeus appointed them — Peitho, [...] charming Calypso, [...] and Styx who is the chiefest of them all. These are the eldest daughters that sprang from Ocean and Tethys; but there are many besides.','{\n	\"type\":\"book\",\n	\"title\":\"Hesiod, Homeric Hymns, Epic Cycle, Homerica\",\n	\"translators\":[\n		{\"name\":\"Hugh G. Evelyn-White\"}	\n	],\n	\"publisher\":{\n		\"name\":\"William Heinemann\",\n		\"location\":\"London\"\n	},\n	\"year\":\"1914\",\n	\"url\":\"https://topostext.org/work/4\"\n}'),(445,609,23,3,'346','2024-05-21 01:03:34',NULL,'Also [Tethys] brought forth a holy company of daughters who with the lord Apollo and the Rivers have youths in their keeping — to this charge Zeus appointed them — Peitho, [...] Eudora, [...] and Styx who is the chiefest of them all. These are the eldest daughters that sprang from Ocean and Tethys; but there are many besides.','{\n	\"type\":\"book\",\n	\"title\":\"Hesiod, Homeric Hymns, Epic Cycle, Homerica\",\n	\"translators\":[\n		{\"name\":\"Hugh G. Evelyn-White\"}	\n	],\n	\"publisher\":{\n		\"name\":\"William Heinemann\",\n		\"location\":\"London\"\n	},\n	\"year\":\"1914\",\n	\"url\":\"https://topostext.org/work/4\"\n}'),(446,610,23,3,'346','2024-05-21 01:05:33',NULL,'Also [Tethys] brought forth a holy company of daughters who with the lord Apollo and the Rivers have youths in their keeping — to this charge Zeus appointed them — Peitho, [...] Tyche, [...] and Styx who is the chiefest of them all. These are the eldest daughters that sprang from Ocean and Tethys; but there are many besides.','{\n	\"type\":\"book\",\n	\"title\":\"Hesiod, Homeric Hymns, Epic Cycle, Homerica\",\n	\"translators\":[\n		{\"name\":\"Hugh G. Evelyn-White\"}	\n	],\n	\"publisher\":{\n		\"name\":\"William Heinemann\",\n		\"location\":\"London\"\n	},\n	\"year\":\"1914\",\n	\"url\":\"https://topostext.org/work/4\"\n}'),(447,611,23,3,'346','2024-05-21 01:09:21',NULL,'Also [Tethys] brought forth a holy company of daughters who with the lord Apollo and the Rivers have youths in their keeping — to this charge Zeus appointed them — Peitho, [...] Amphirho, [...] and Styx who is the chiefest of them all. These are the eldest daughters that sprang from Ocean and Tethys; but there are many besides.','{\n	\"type\":\"book\",\n	\"title\":\"Hesiod, Homeric Hymns, Epic Cycle, Homerica\",\n	\"translators\":[\n		{\"name\":\"Hugh G. Evelyn-White\"}	\n	],\n	\"publisher\":{\n		\"name\":\"William Heinemann\",\n		\"location\":\"London\"\n	},\n	\"year\":\"1914\",\n	\"url\":\"https://topostext.org/work/4\"\n}'),(448,612,23,3,'346','2024-05-21 01:11:58',NULL,'Also [Tethys] brought forth a holy company of daughters who with the lord Apollo and the Rivers have youths in their keeping — to this charge Zeus appointed them — Peitho, [...] Ocyrrhoe, and Styx who is the chiefest of them all. These are the eldest daughters that sprang from Ocean and Tethys; but there are many besides.','{\n	\"type\":\"book\",\n	\"title\":\"Hesiod, Homeric Hymns, Epic Cycle, Homerica\",\n	\"translators\":[\n		{\"name\":\"Hugh G. Evelyn-White\"}	\n	],\n	\"publisher\":{\n		\"name\":\"William Heinemann\",\n		\"location\":\"London\"\n	},\n	\"year\":\"1914\",\n	\"url\":\"https://topostext.org/work/4\"\n}'),(449,613,23,3,'346','2024-05-21 01:14:48',NULL,'Also [Tethys] brought forth a holy company of daughters who with the lord Apollo and the Rivers have youths in their keeping — to this charge Zeus appointed them — Peitho, and Admete, [...] and Styx who is the chiefest of them all. These are the eldest daughters that sprang from Ocean and Tethys; but there are many besides.','{\n	\"type\":\"book\",\n	\"title\":\"Hesiod, Homeric Hymns, Epic Cycle, Homerica\",\n	\"translators\":[\n		{\"name\":\"Hugh G. Evelyn-White\"}	\n	],\n	\"publisher\":{\n		\"name\":\"William Heinemann\",\n		\"location\":\"London\"\n	},\n	\"year\":\"1914\",\n	\"url\":\"https://topostext.org/work/4\"\n}');
/*!40000 ALTER TABLE `citation` ENABLE KEYS */;
UNLOCK TABLES;

--
-- Table structure for table `contributor`
--

DROP TABLE IF EXISTS `contributor`;
/*!40101 SET @saved_cs_client     = @@character_set_client */;
/*!50503 SET character_set_client = utf8mb4 */;
CREATE TABLE `contributor` (
  `id` int NOT NULL AUTO_INCREMENT,
  `name` varchar(40) NOT NULL,
  PRIMARY KEY (`id`)
) ENGINE=InnoDB AUTO_INCREMENT=4 DEFAULT CHARSET=utf8mb4 COLLATE=utf8mb4_0900_ai_ci;
/*!40101 SET character_set_client = @saved_cs_client */;

--
-- Dumping data for table `contributor`
--

LOCK TABLES `contributor` WRITE;
/*!40000 ALTER TABLE `contributor` DISABLE KEYS */;
INSERT INTO `contributor` VALUES (3,'Austin');
/*!40000 ALTER TABLE `contributor` ENABLE KEYS */;
UNLOCK TABLES;

--
-- Table structure for table `entity`
--

DROP TABLE IF EXISTS `entity`;
/*!40101 SET @saved_cs_client     = @@character_set_client */;
/*!50503 SET character_set_client = utf8mb4 */;
CREATE TABLE `entity` (
  `id` int NOT NULL AUTO_INCREMENT,
  `name` varchar(40) NOT NULL,
  `slug` char(6) NOT NULL,
  `top_entity_group_id` int DEFAULT NULL,
  `canon_id` int NOT NULL,
  PRIMARY KEY (`id`),
  UNIQUE KEY `slug` (`slug`),
  KEY `canon_id` (`canon_id`),
  KEY `fk_entity_top_entity_group_id` (`top_entity_group_id`),
  CONSTRAINT `entity_ibfk_2` FOREIGN KEY (`canon_id`) REFERENCES `canon` (`id`) ON DELETE CASCADE,
  CONSTRAINT `fk_entity_top_entity_group_id` FOREIGN KEY (`top_entity_group_id`) REFERENCES `entity_group` (`id`) ON DELETE SET NULL
) ENGINE=InnoDB AUTO_INCREMENT=678 DEFAULT CHARSET=utf8mb4 COLLATE=utf8mb4_0900_ai_ci;
/*!40101 SET character_set_client = @saved_cs_client */;

--
-- Dumping data for table `entity`
--

LOCK TABLES `entity` WRITE;
/*!40000 ALTER TABLE `entity` DISABLE KEYS */;
INSERT INTO `entity` VALUES (154,'Uranus','pchgph',748,1),(155,'Gaia','wbskzb',2,1),(156,'Zeus','ydqkim',674,1),(157,'Cronus','mjmypo',4,1),(158,'Mnemosyne','qkktiy',698,1),(159,'Clio','dvmqhy',6,1),(160,'Euterpe','ewlhko',7,1),(161,'Thalia','ethxur',8,1),(162,'Melpomene','tgrfnn',9,1),(163,'Terpsichore','clbcll',10,1),(164,'Erato','oiyfpi',11,1),(165,'Polymnia','fdmudx',12,1),(166,'Urania','wvfivr',13,1),(167,'Calliope','njolxh',14,1),(168,'Chaos','frszfi',15,1),(169,'Eros','rilkmy',695,1),(170,'Erebos','bnbbfd',17,1),(171,'Nyx','pcmqbq',18,1),(172,'Aether','ngpsxp',19,1),(173,'Hemera','anirvl',20,1),(174,'Pontus','aigpah',21,1),(175,'Oceanus','mwxubt',22,1),(176,'Coeus','otenmy',23,1),(177,'Crius','vltgus',24,1),(178,'Hyperion','jkygcx',25,1),(179,'Iapetus','hotvlw',26,1),(180,'Theia','zzmztl',27,1),(181,'Rhea','fprqgt',28,1),(182,'Themis','gwlgsl',29,1),(183,'Phoebe','hsygye',30,1),(184,'Tethys','szvglz',31,1),(185,'Brontes','trdbbt',112,1),(186,'Steropes','xpnvyv',113,1),(187,'Arges','piqtug',114,1),(188,'Cottus','owmqhe',115,1),(189,'Briareus','lkcrdx',116,1),(190,'Gyges','oapbdz',117,1),(191,'Aphrodite','aibwuz',32,1),(192,'Nereus','yzrzwz',33,1),(193,'Doris','tkycjr',834,1),(195,'Eucrante','twjtyu',756,1),(196,'Sao','jbaggk',759,1),(197,'Amphitrite','vhmqzn',762,1),(198,'Eudora','xhcirb',765,1),(199,'Thetis','ostily',768,1),(200,'Galene','eflant',771,1),(201,'Glauce','gudlin',774,1),(202,'Cymothoe','nyronu',777,1),(203,'Speo','ruyyxp',780,1),(204,'Pasithea','ktvicz',789,1),(205,'Eunice','tuqbxk',795,1),(206,'Melite','aiyhud',798,1),(207,'Eulimene','zrtdpj',801,1),(209,'Doto','affqiu',807,1),(210,'Proto','aidrjd',810,1),(211,'Pherusa','dlpang',813,1),(212,'Dynamene','icjmbk',816,1),(213,'Nesaea','egeijo',822,1),(214,'Actaea','hjjsll',825,1),(215,'Protomedea','pgrkme',828,1),(216,'Panope','rtnxic',837,1),(217,'Galatea','kpiqxp',840,1),(218,'Hippothoe','uvbbwc',843,1),(219,'Hipponoe','wvxbax',846,1),(220,'Cymodoce','tgdekx',849,1),(221,'Cymatolege','tazmaj',852,1),(222,'Cymo','aqgxfk',855,1),(224,'Halimede','jemevo',861,1),(225,'Glauconome','oyzmnd',864,1),(227,'Leagore','fcjtul',870,1),(228,'Euagore','adhkcv',873,1),(229,'Laomedea','jvzste',876,1),(230,'Polynoe','iidkro',879,1),(231,'Autonoe','xyfjyb',882,1),(233,'Euarne','iywroj',888,1),(234,'Psamathe','uvscnw',891,1),(235,'Menippe','qjqecn',894,1),(236,'Neso','wytvoh',897,1),(237,'Eupompe','hbkuxl',900,1),(238,'Themisto','rbuvci',903,1),(239,'Pronoe','oiwnkd',906,1),(240,'Nemertes','cvsdps',909,1),(241,'Thaumas','dwcuvv',34,1),(242,'Phorcys','unzlre',35,1),(243,'Ceto','plnduh',36,1),(244,'Eurybia','dqkrbp',37,1),(245,'Medusa','nzavgf',118,1),(246,'Pegasus','epobpe',119,1),(247,'Chrysaor','zoedwn',120,1),(248,'Leto','eowgcg',38,1),(249,'Hestia','efygyu',39,1),(250,'Demeter','fpikdd',40,1),(251,'Hera','ddemcn',41,1),(252,'Hades','dfuzbg',42,1),(253,'Poseidon','ahilug',43,1),(254,'Metis','ipnicd',1054,1),(255,'Athena','qkvceo',44,1),(256,'Persephone','aumrbm',45,1),(257,'Apollo','qbcfso',46,1),(258,'Artemis','oaxheu',47,1),(259,'Hebe','jevczy',48,1),(260,'Ares','dyzwyr',49,1),(261,'Eileithyia','aumyuh',50,1),(262,'Hephaestus','xedcto',51,1),(263,'Triton','dnshca',52,1),(264,'Hermes','kwuxsh',53,1),(265,'Maia','yaaxxu',105,1),(266,'Semele','eyqfaz',128,1),(267,'Dionysus','quvanf',54,1),(268,'Alcmene','zkngio',129,1),(269,'Heracles','dandfc',142,1),(270,'Ariadne','tqlzdg',140,1),(271,'Minos','qftxbv',141,1),(272,'Perseis','euepcv',1033,1),(273,'Helios','ppgxpx',111,1),(274,'Circe','ykimsz',108,1),(275,'Aeetes','dxsaqs',130,1),(276,'Medea','lqmpnc',131,1),(277,'Idyia','qqaguu',1003,1),(278,'Plutus','ttftyi',55,1),(279,'Iasius','icbejs',132,1),(280,'Cadmus','lnacre',133,1),(281,'Harmonia','bjgchb',NULL,1),(282,'Achilles','rpaypg',143,1),(283,'Peleus','sqveyw',144,1),(284,'Anchises','kraacq',134,1),(285,'Aeneas','pmzkis',145,1),(286,'Odysseus','acxfam',146,1),(287,'Agrius','rjcfln',135,1),(288,'Latinus','ygbaln',136,1),(289,'Telegonus','tnpvuz',137,1),(290,'Calypso','hecksm',1070,1),(291,'Nausithous','jnaify',138,1),(292,'Nausinous','andhnb',139,1),(296,'Daenerys Targaryen','qcedrw',317,2),(297,'Aerys II Targaryen','tduylx',315,2),(298,'Rhaella Targaryen','vgkjmi',316,2),(299,'Robert Baratheon','elwslv',347,2),(300,'Cersei Lannister','nlhfyu',369,2),(301,'Joffrey Baratheon','mcgety',348,2),(302,'Myrcella Baratheon','lwctdd',349,2),(303,'Tommen Baratheon','uyhnzf',350,2),(304,'Stannis Baratheon','exbdap',351,2),(305,'Selyse Baratheon','lzrsdx',352,2),(306,'Shireen Baratheon','gjdssl',353,2),(307,'Ned Stark','kfixfr',398,2),(308,'Catelyn Stark','ntxioa',399,2),(309,'Robb Stark','swdfgl',400,2),(310,'Sansa Stark','euohwf',401,2),(311,'Arya Stark','mvsnqv',402,2),(312,'Bran Stark','lxhgcr',403,2),(313,'Rickon Stark','qajprc',404,2),(314,'Tywin Lannister','ekdiuv',370,2),(315,'Jaime Lannister','yoxmiw',371,2),(316,'Tyrion Lannister','tzblht',372,2),(317,'Kevan Lannister','tnosnr',373,2),(318,'Dorna Lannister','irojjs',374,2),(319,'Lancel Lannister','xipywp',375,2),(320,'Willem Lannister','bxfypf',376,2),(321,'Martyn Lannister','btvhqc',377,2),(322,'Janei Lannister','nqkpai',378,2),(323,'Genna Lannister','perffo',379,2),(324,'Cleos Frey','chkxah',358,2),(325,'Tion Frey','kcfaxs',359,2),(326,'Tygett Lannister','zjavbv',380,2),(327,'Darlessa Marbrand','tuhjfo',387,2),(328,'Tyrek Lannister','iewkip',381,2),(329,'Gerion Lannister','enbyzz',382,2),(330,'Joy Hill','nptgzx',354,2),(331,'Jon Snow','dslyxi',420,2),(332,'Joanna Lannister','aedtcp',556,2),(333,'Emmon Frey','tyebhy',362,2),(334,'Stafford Lannister','hucwjp',383,2),(335,'Cerenna Lannister','avlioh',384,2),(336,'Myrielle Lannister','qsmbku',385,2),(337,'Daven Lannister','ztmzxp',386,2),(338,'Jon Arryn','mwxyvc',344,2),(339,'Lysa Arryn','mxjyxz',345,2),(340,'Robert Arryn','jlwcjo',346,2),(341,'Hoster Tully','iwihct',408,2),(342,'Minisa Tully','iyqhrr',409,2),(344,'Edmure Tully','ejeolz',410,2),(345,'Mace Tyrell','qlyweb',411,2),(346,'Alerie Tyrell','csxpxn',412,2),(347,'Willas Tyrell','nohkom',413,2),(348,'Garlan Tyrell','fzcoeh',414,2),(349,'Loras Tyrell','ccneig',415,2),(350,'Margaery Tyrell','lorcgc',416,2),(351,'Olenna Tyrell','rsflpk',417,2),(352,'Garth Tyrell','hevrsr',418,2),(353,'Garse Flowers','roohsj',356,2),(354,'Garett Flowers','fuycvo',357,2),(355,'Paxter Redwyne','xygmkw',394,2),(356,'Mina Tyrell','slyzbb',419,2),(357,'Horas Redwyne','kbsmnh',395,2),(358,'Hobber Redwyne','eqhmyk',396,2),(359,'Desmera Redwyne','vvuabd',397,2),(360,'Randyll Tarly','kohmwo',405,2),(361,'Samwell Tarly','mymumx',406,2),(362,'Dickon Tarly','vbqxyh',407,2),(363,'Balon Greyjoy','scytpz',363,2),(364,'Alannys Harlaw','aalgju',364,2),(365,'Rodrik Greyjoy','mpknlx',365,2),(366,'Maron Greyjoy','kfwpkr',366,2),(367,'Asha Greyjoy','iwwzjf',367,2),(368,'Theon Greyjoy','kxxpsm',368,2),(369,'Aegon I Targaryen','cdctcb',293,2),(370,'Aenys I Targaryen','vypdpd',294,2),(371,'Maegor I Targaryen','ggddsh',295,2),(372,'Jaehaerys I Targaryen','elkwye',296,2),(373,'Viserys I Targaryen','ddxfoe',297,2),(374,'Aegon II Targaryen','nxzvbq',298,2),(375,'Aegon III Targaryen','fqeynj',299,2),(376,'Daeron I Targaryen','qvlvhx',300,2),(377,'Baelor I Targaryen','gulabm',301,2),(378,'Viserys II Targaryen','pknfdg',302,2),(379,'Aegon IV Targaryen','rqvtfx',303,2),(380,'Daeron II Targaryen','wvogfg',304,2),(381,'Aerys I Targaryen','jpfowq',305,2),(382,'Maekar I Targaryen','bmflgw',306,2),(383,'Aegon V Targaryen','xioeui',307,2),(384,'Jaehaerys II Targaryen','jqfenf',308,2),(386,'Rhaenys Targaryen','molgzo',310,2),(387,'Doran Martell','byoklj',388,2),(388,'Mellario Martell','acxvzy',389,2),(389,'Arianne Martell','evkgxp',390,2),(390,'Quentyn Martell','pwizgs',391,2),(391,'Trystane Martell','axtfyl',392,2),(392,'Elia Martell','diyexy',393,2),(393,'Rhaegar Targaryen','mehnni',311,2),(394,'Rhaenys Targaryen','mgfnim',312,2),(395,'Aegon Targaryen','amovia',313,2),(396,'Viserys III Targaryen','lmdhmi',314,2),(528,'Anticleia','tlpqlt',421,1),(529,'Laertes','sscjkg',422,1),(530,'Penelope','pbxrkg',423,1),(531,'Telemachus','hbntpx',424,1),(542,'Lyanna Stark','epcalt',557,2),(543,'Ctimene','enkohx',561,1),(544,'Arcesius','lmdljo',568,1),(545,'Procris','pvpkjz',569,1),(546,'Cephalus','ucplus',570,1),(547,'Pandion','deeopi',571,1),(548,'Autolycus','hfxdsr',572,1),(549,'Amphithea','qjrjof',573,1),(550,'Chione','tfddhy',574,1),(551,'Icarius','boybik',575,1),(552,'Daedalion','jissnx',576,1),(553,'Clymene','hytsvr',991,1),(554,'Menoetius','fpcqzt',587,1),(555,'Atlas','fijygf',588,1),(556,'Prometheus','msisxo',589,1),(557,'Epimetheus','ahhryp',590,1),(558,'Asteria','moajez',598,1),(559,'Perses','opwgns',599,1),(560,'Hecate','usrsoq',602,1),(561,'Stheno','vthpfi',606,1),(562,'Euryale','xcmcaw',607,1),(563,'Aello','ckwpnr',622,1),(564,'Ocypete','toypll',623,1),(565,'Electra','ytsnhw',979,1),(566,'Iris','guqzwg',620,1),(582,'Tartarus','cpazmf',685,1),(583,'Alecto','gygtyw',687,1),(584,'Megaera','zdgart',689,1),(585,'Tisiphone','qhxcyw',691,1),(586,'Moros','poyrqc',693,1),(587,'Thanatos','dgxjpq',701,1),(588,'Hypnos','fbjmxn',703,1),(589,'Momus','jkmvbt',705,1),(590,'Oizys','qnquli',707,1),(591,'Clotho','mkdlpb',709,1),(592,'Lachesis','jjjveg',711,1),(593,'Atropos','ttpvns',713,1),(594,'Nemesis','ntuswu',715,1),(595,'Apate','xvfpfu',717,1),(596,'Philotes','hqkuyb',719,1),(597,'Geras','pahsih',721,1),(598,'Eris','edamar',745,1),(599,'Ponos','cdorqm',725,1),(600,'Lethe','xeljnt',727,1),(601,'Limos','eskhks',729,1),(603,'Dysnomia','zgovhh',733,1),(604,'Ate','kqifmt',735,1),(605,'Horkos','npiwpv',737,1),(608,'Ploto','ortcrz',753,1),(609,'Thoe','pzbvvw',783,1),(610,'Halie','vtqjjq',786,1),(611,'Erato','ghzpbc',792,1),(612,'Agaue','aturnf',804,1),(614,'Doris','izosbs',831,1),(615,'Eione','pwbene',858,1),(616,'Pontoporeia','odwjcm',867,1),(617,'Lysianassa','shlztp',885,1),(618,'Geryon','vgqbrg',911,1),(619,'Callirhoe','zeinrg',912,1),(620,'Nilus','xfzaes',915,1),(621,'Alpheus','kjfrab',917,1),(622,'Eridanos','fssvvp',919,1),(623,'Strymon','fpderh',921,1),(624,'Meander','bphruq',923,1),(625,'Ister','jqxiwf',925,1),(626,'Phasis','cnyypg',927,1),(627,'Rhesus','welway',929,1),(628,'Achelous','xdeqlc',931,1),(629,'Nessus','upkdrc',933,1),(630,'Rhodius','habczj',935,1),(631,'Haliacmon','snelpy',937,1),(632,'Heptaporus','cxlxgh',939,1),(633,'Granicus','dxjgpc',941,1),(634,'Aesepus','encwli',943,1),(635,'Simoeis','iajqof',945,1),(636,'Peneus','dyumot',947,1),(637,'Hermus','inlepj',949,1),(638,'Caicus','ubtkjo',951,1),(639,'Sangarius','xzblca',953,1),(640,'Ladon','xjgilm',955,1),(641,'Parthenius','wggjgr',957,1),(642,'Evenus','beyche',959,1),(643,'Ardescus','jvyvbp',961,1),(644,'Scamander','tpuhfr',963,1),(645,'Peitho','obzmvp',969,1),(646,'Admete','vlsoxj',973,1),(647,'Ianthe','sbgthf',976,1),(648,'Prymno','myagmm',982,1),(649,'Urania','cnojdw',985,1),(650,'Hippo','vobnyb',988,1),(651,'Rhodea','badspy',994,1),(652,'Zeuxo','yztcsv',997,1),(653,'Clytie','ocxobw',1000,1),(654,'Pasithoe','azmddd',1006,1),(655,'Plexaure','sndaip',1009,1),(656,'Galaxaura','htoffn',1012,1),(657,'Dione','kkkdds',1015,1),(658,'Melobosis','ifceaq',1018,1),(659,'Thoe','tgkxzz',1021,1),(660,'Polydora','ahdigq',1024,1),(661,'Cerceis','kfwcma',1027,1),(662,'Plouto','jxfpto',1030,1),(663,'Ianeira','hfpisy',1036,1),(664,'Acaste','dzsgit',1039,1),(665,'Xanthe','iaundr',1042,1),(666,'Petraea','udkqzj',1045,1),(667,'Menestho','qcothd',1048,1),(668,'Europa','bbknkw',1051,1),(669,'Eurynome','gftzwh',1057,1),(670,'Telesto','xevzkp',1060,1),(671,'Chryseis','bxhlgv',1064,1),(672,'Asia','chsygd',1067,1),(673,'Eudora','mtfasx',1073,1),(674,'Tyche','tjztkm',1079,1),(675,'Amphirho','qxornv',1083,1),(676,'Ocyrrhoe','mbmanb',1086,1),(677,'Styx','otazfg',1089,1);
/*!40000 ALTER TABLE `entity` ENABLE KEYS */;
UNLOCK TABLES;

--
-- Table structure for table `entity_group`
--

DROP TABLE IF EXISTS `entity_group`;
/*!40101 SET @saved_cs_client     = @@character_set_client */;
/*!50503 SET character_set_client = utf8mb4 */;
CREATE TABLE `entity_group` (
  `id` int NOT NULL AUTO_INCREMENT,
  `entity_id` int NOT NULL,
  `group_id` int NOT NULL,
  PRIMARY KEY (`id`),
  UNIQUE KEY `uq_entity_group_1` (`entity_id`,`group_id`),
  KEY `fk_entity_group_group_id` (`group_id`),
  CONSTRAINT `fk_entity_group_entity_id` FOREIGN KEY (`entity_id`) REFERENCES `entity` (`id`) ON DELETE CASCADE,
  CONSTRAINT `fk_entity_group_group_id` FOREIGN KEY (`group_id`) REFERENCES `group` (`id`) ON DELETE CASCADE
) ENGINE=InnoDB AUTO_INCREMENT=1091 DEFAULT CHARSET=utf8mb4 COLLATE=utf8mb4_0900_ai_ci;
/*!40101 SET character_set_client = @saved_cs_client */;

--
-- Dumping data for table `entity_group`
--

LOCK TABLES `entity_group` WRITE;
/*!40000 ALTER TABLE `entity_group` DISABLE KEYS */;
INSERT INTO `entity_group` VALUES (748,154,1),(749,154,10),(2,155,1),(238,155,10),(674,156,1),(675,156,6),(676,156,29),(4,157,1),(214,157,7),(698,158,1),(699,158,7),(700,158,44),(6,159,1),(228,159,9),(7,160,1),(229,160,9),(8,161,1),(230,161,9),(9,162,1),(231,162,9),(10,163,1),(232,163,9),(11,164,1),(233,164,9),(12,165,1),(234,165,9),(13,166,1),(235,166,9),(14,167,1),(236,167,9),(15,168,1),(239,168,10),(695,169,1),(696,169,10),(697,169,44),(17,170,1),(244,170,10),(18,171,1),(240,171,10),(19,172,1),(241,172,10),(20,173,1),(242,173,10),(21,174,1),(243,174,10),(22,175,1),(216,175,7),(23,176,1),(217,176,7),(24,177,1),(218,177,7),(25,178,1),(219,178,7),(26,179,1),(220,179,7),(27,180,1),(221,180,7),(28,181,1),(222,181,7),(29,182,1),(223,182,7),(30,183,1),(224,183,7),(31,184,1),(225,184,7),(112,185,3),(614,185,36),(113,186,3),(615,186,36),(114,187,3),(616,187,36),(115,188,3),(611,188,35),(116,189,3),(612,189,35),(117,190,3),(613,190,35),(32,191,1),(202,191,6),(33,192,1),(833,193,1),(834,193,2),(835,193,47),(755,195,1),(756,195,2),(757,195,46),(758,196,1),(759,196,2),(760,196,46),(761,197,1),(762,197,2),(763,197,46),(764,198,1),(765,198,2),(766,198,46),(767,199,1),(768,199,2),(769,199,46),(770,200,1),(771,200,2),(772,200,46),(773,201,1),(774,201,2),(775,201,46),(776,202,1),(777,202,2),(778,202,46),(779,203,1),(780,203,2),(781,203,46),(788,204,1),(789,204,2),(790,204,46),(794,205,1),(795,205,2),(796,205,46),(797,206,1),(798,206,2),(799,206,46),(800,207,1),(801,207,2),(802,207,46),(806,209,1),(807,209,2),(808,209,46),(809,210,1),(810,210,2),(811,210,46),(812,211,1),(813,211,2),(814,211,46),(815,212,1),(816,212,2),(817,212,46),(821,213,1),(822,213,2),(823,213,46),(824,214,1),(825,214,2),(826,214,46),(827,215,1),(828,215,2),(829,215,46),(836,216,1),(837,216,2),(838,216,46),(839,217,1),(840,217,2),(841,217,46),(842,218,1),(843,218,2),(844,218,46),(845,219,1),(846,219,2),(847,219,46),(848,220,1),(849,220,2),(850,220,46),(851,221,1),(852,221,2),(853,221,46),(854,222,1),(855,222,2),(856,222,46),(860,224,1),(861,224,2),(862,224,46),(863,225,1),(864,225,2),(865,225,46),(869,227,1),(870,227,2),(871,227,46),(872,228,1),(873,228,2),(874,228,46),(875,229,1),(876,229,2),(877,229,46),(878,230,1),(879,230,2),(880,230,46),(881,231,1),(882,231,2),(883,231,46),(887,233,1),(888,233,2),(889,233,46),(890,234,1),(891,234,2),(892,234,46),(893,235,1),(894,235,2),(895,235,46),(896,236,1),(897,236,2),(898,236,46),(899,237,1),(900,237,2),(901,237,46),(902,238,1),(903,238,2),(904,238,46),(905,239,1),(906,239,2),(907,239,46),(908,240,1),(909,240,2),(910,240,46),(34,241,1),(35,242,1),(36,243,1),(37,244,1),(118,245,3),(608,245,34),(119,246,3),(120,247,3),(38,248,1),(39,249,1),(203,249,6),(580,249,32),(40,250,1),(204,250,6),(41,251,1),(205,251,6),(42,252,1),(43,253,1),(206,253,6),(1053,254,1),(1054,254,2),(1055,254,47),(44,255,1),(207,255,6),(581,255,32),(45,256,1),(46,257,1),(208,257,6),(47,258,1),(209,258,6),(582,258,32),(48,259,1),(49,260,1),(210,260,6),(50,261,1),(51,262,1),(211,262,6),(52,263,1),(53,264,1),(212,264,6),(577,264,31),(196,265,1),(105,265,2),(128,266,5),(54,267,1),(213,267,6),(129,268,5),(121,269,4),(142,269,5),(567,269,30),(140,270,5),(141,271,5),(583,271,29),(1032,272,1),(1033,272,2),(1034,272,47),(111,273,1),(198,274,1),(108,274,2),(603,274,33),(130,275,5),(563,275,29),(131,276,5),(604,276,33),(1002,277,1),(1003,277,2),(1004,277,47),(55,278,1),(132,279,5),(133,280,5),(584,280,29),(124,282,4),(143,282,5),(566,282,30),(144,283,5),(134,284,5),(226,284,8),(126,285,4),(145,285,5),(227,285,8),(565,285,30),(127,286,4),(146,286,5),(562,286,29),(578,286,31),(135,287,5),(136,288,5),(137,289,5),(1069,290,1),(1070,290,2),(1071,290,47),(138,291,5),(139,292,5),(317,296,11),(626,296,38),(315,297,11),(627,297,38),(638,297,39),(316,298,11),(347,299,13),(628,299,38),(639,299,39),(369,300,18),(629,300,38),(348,301,13),(630,301,38),(349,302,13),(350,303,13),(631,303,38),(351,304,13),(632,304,38),(640,304,39),(352,305,13),(353,306,13),(398,307,22),(399,308,22),(560,308,24),(400,309,22),(633,309,38),(401,310,22),(634,310,38),(402,311,22),(403,312,22),(635,312,38),(404,313,22),(370,314,18),(371,315,18),(641,315,39),(372,316,18),(373,317,18),(642,317,39),(374,318,18),(375,319,18),(643,319,39),(376,320,18),(377,321,18),(378,322,18),(379,323,18),(358,324,15),(644,324,39),(359,325,15),(380,326,18),(645,326,39),(387,327,19),(381,328,18),(382,329,18),(354,330,14),(559,331,11),(355,331,14),(558,331,22),(420,331,26),(636,331,38),(556,332,18),(362,333,15),(646,333,39),(383,334,18),(647,334,39),(384,335,18),(385,336,18),(386,337,18),(648,337,39),(344,338,12),(649,338,39),(345,339,12),(346,340,12),(408,341,24),(409,342,24),(410,344,24),(650,344,39),(411,345,25),(412,346,25),(413,347,25),(414,348,25),(651,348,39),(415,349,25),(652,349,39),(416,350,25),(417,351,25),(418,352,25),(356,353,14),(357,354,14),(394,355,21),(419,356,25),(395,357,21),(653,357,39),(396,358,21),(654,358,39),(397,359,21),(405,360,23),(406,361,23),(407,362,23),(363,363,17),(637,363,38),(364,364,17),(365,365,17),(366,366,17),(367,367,17),(368,368,17),(293,369,11),(294,370,11),(295,371,11),(296,372,11),(297,373,11),(298,374,11),(299,375,11),(300,376,11),(301,377,11),(302,378,11),(303,379,11),(304,380,11),(305,381,11),(306,382,11),(307,383,11),(308,384,11),(310,386,11),(388,387,20),(389,388,20),(390,389,20),(391,390,20),(655,390,39),(392,391,20),(393,392,20),(311,393,11),(656,393,39),(312,394,11),(313,395,11),(314,396,11),(657,396,38),(421,528,5),(422,529,5),(423,530,5),(424,531,5),(557,542,22),(561,543,5),(568,544,5),(569,545,5),(570,546,5),(571,547,5),(572,548,5),(579,548,31),(573,549,5),(574,550,5),(575,551,5),(576,552,5),(990,553,1),(991,553,2),(992,553,47),(587,554,1),(591,554,7),(588,555,1),(592,555,7),(589,556,1),(593,556,7),(595,556,31),(590,557,1),(594,557,7),(598,558,1),(600,558,7),(599,559,1),(601,559,7),(602,560,1),(605,560,33),(606,561,3),(609,561,34),(607,562,3),(610,562,34),(622,563,3),(624,563,37),(623,564,3),(625,564,37),(978,565,1),(979,565,2),(980,565,47),(620,566,1),(685,582,1),(686,582,10),(687,583,1),(688,583,43),(689,584,1),(690,584,43),(691,585,1),(692,585,43),(693,586,1),(694,586,44),(701,587,1),(702,587,44),(703,588,1),(704,588,44),(705,589,1),(706,589,44),(707,590,1),(708,590,44),(709,591,1),(710,591,45),(711,592,1),(712,592,45),(713,593,1),(714,593,45),(715,594,1),(716,594,44),(717,595,1),(718,595,44),(719,596,1),(720,596,44),(721,597,1),(722,597,44),(745,598,1),(746,598,44),(725,599,1),(726,599,44),(727,600,1),(728,600,44),(729,601,1),(730,601,44),(733,603,1),(734,603,44),(735,604,1),(736,604,44),(737,605,1),(738,605,44),(754,608,1),(753,608,2),(752,608,46),(782,609,1),(783,609,2),(784,609,46),(785,610,1),(786,610,2),(787,610,46),(791,611,1),(792,611,2),(793,611,46),(803,612,1),(804,612,2),(805,612,46),(830,614,1),(831,614,2),(832,614,46),(857,615,1),(858,615,2),(859,615,46),(866,616,1),(867,616,2),(868,616,46),(884,617,1),(885,617,2),(886,617,46),(911,618,3),(913,619,1),(912,619,2),(914,619,47),(915,620,1),(916,620,48),(917,621,1),(918,621,48),(919,622,1),(920,622,48),(921,623,1),(922,623,48),(923,624,1),(924,624,48),(925,625,1),(926,625,48),(927,626,1),(928,626,48),(929,627,1),(930,627,48),(931,628,1),(932,628,48),(933,629,1),(934,629,48),(935,630,1),(936,630,48),(937,631,1),(938,631,48),(939,632,1),(940,632,48),(941,633,1),(942,633,48),(943,634,1),(944,634,48),(945,635,1),(946,635,48),(947,636,1),(948,636,48),(949,637,1),(950,637,48),(951,638,1),(952,638,48),(953,639,1),(954,639,48),(955,640,1),(956,640,48),(957,641,1),(958,641,48),(959,642,1),(960,642,48),(961,643,1),(962,643,48),(963,644,1),(964,644,48),(968,645,1),(969,645,2),(971,645,44),(970,645,47),(972,646,1),(973,646,2),(974,646,47),(975,647,1),(976,647,2),(977,647,47),(981,648,1),(982,648,2),(983,648,47),(984,649,1),(985,649,2),(986,649,47),(987,650,1),(988,650,2),(989,650,47),(993,651,1),(994,651,2),(995,651,47),(996,652,1),(997,652,2),(998,652,47),(999,653,1),(1000,653,2),(1001,653,47),(1005,654,1),(1006,654,2),(1007,654,47),(1008,655,1),(1009,655,2),(1010,655,47),(1011,656,1),(1012,656,2),(1013,656,47),(1014,657,1),(1015,657,2),(1016,657,47),(1017,658,1),(1018,658,2),(1019,658,47),(1020,659,1),(1021,659,2),(1022,659,47),(1023,660,1),(1024,660,2),(1025,660,47),(1026,661,1),(1027,661,2),(1028,661,47),(1029,662,1),(1030,662,2),(1031,662,47),(1035,663,1),(1036,663,2),(1037,663,47),(1038,664,1),(1039,664,2),(1040,664,47),(1041,665,1),(1042,665,2),(1043,665,47),(1044,666,1),(1045,666,2),(1046,666,47),(1047,667,1),(1048,667,2),(1049,667,47),(1050,668,1),(1051,668,2),(1052,668,47),(1056,669,1),(1057,669,2),(1058,669,47),(1059,670,1),(1060,670,2),(1062,670,44),(1061,670,47),(1063,671,1),(1064,671,2),(1065,671,47),(1066,672,1),(1067,672,2),(1068,672,47),(1072,673,1),(1073,673,2),(1074,673,47),(1078,674,1),(1079,674,2),(1081,674,44),(1080,674,47),(1082,675,1),(1083,675,2),(1084,675,47),(1085,676,1),(1086,676,2),(1087,676,47),(1088,677,1),(1089,677,2),(1090,677,47);
/*!40000 ALTER TABLE `entity_group` ENABLE KEYS */;
UNLOCK TABLES;

--
-- Table structure for table `entity_site`
--

DROP TABLE IF EXISTS `entity_site`;
/*!40101 SET @saved_cs_client     = @@character_set_client */;
/*!50503 SET character_set_client = utf8mb4 */;
CREATE TABLE `entity_site` (
  `id` int NOT NULL AUTO_INCREMENT,
  `entity_id` int NOT NULL,
  `site_id` int NOT NULL,
  `url` varchar(250) NOT NULL,
  `parenthetical` varchar(250) DEFAULT NULL,
  PRIMARY KEY (`id`),
  KEY `fk_entity_site_entity_id` (`entity_id`),
  KEY `fk_entity_site_site_id` (`site_id`),
  CONSTRAINT `fk_entity_site_entity_id` FOREIGN KEY (`entity_id`) REFERENCES `entity` (`id`) ON DELETE CASCADE,
  CONSTRAINT `fk_entity_site_site_id` FOREIGN KEY (`site_id`) REFERENCES `site` (`id`) ON DELETE CASCADE
) ENGINE=InnoDB AUTO_INCREMENT=36 DEFAULT CHARSET=utf8mb4 COLLATE=utf8mb4_0900_ai_ci;
/*!40101 SET character_set_client = @saved_cs_client */;

--
-- Dumping data for table `entity_site`
--

LOCK TABLES `entity_site` WRITE;
/*!40000 ALTER TABLE `entity_site` DISABLE KEYS */;
INSERT INTO `entity_site` VALUES (1,286,1,'https://en.wikipedia.org/wiki/Odysseus',NULL),(3,166,1,'https://en.wikipedia.org/wiki/Urania',NULL),(4,156,1,'https://en.wikipedia.org/wiki/Zeus',NULL),(5,245,1,'https://en.wikipedia.org/wiki/Medusa',NULL),(6,274,1,'https://en.wikipedia.org/wiki/Circe',NULL),(7,285,1,'https://en.wikipedia.org/wiki/Aeneas',NULL),(8,269,1,'https://en.wikipedia.org/wiki/Heracles',NULL),(9,267,1,'https://en.wikipedia.org/wiki/Dionysus',NULL),(10,255,1,'https://en.wikipedia.org/wiki/Athena',NULL),(11,264,1,'https://en.wikipedia.org/wiki/Hermes',NULL),(12,257,1,'https://en.wikipedia.org/wiki/Apollo',NULL),(13,296,1,'https://en.wikipedia.org/wiki/Daenerys_Targaryen',NULL),(15,296,3,'https://gameofthrones.fandom.com/wiki/Daenerys_Targaryen',NULL),(16,296,4,'https://awoiaf.westeros.org/index.php/Daenerys_Targaryen',NULL),(17,273,1,'https://en.wikipedia.org/wiki/Helios',NULL),(18,273,5,'https://www.theoi.com/Titan/Helios.html',NULL),(19,269,5,'https://www.theoi.com/greek-mythology/heracles.html',NULL),(20,243,1,'https://en.wikipedia.org/wiki/Ceto',NULL),(21,331,1,'https://en.wikipedia.org/wiki/Jon_Snow_(character)',NULL),(22,331,3,'https://gameofthrones.fandom.com/wiki/Jon_Snow',NULL),(23,331,4,'https://awoiaf.westeros.org/index.php/Jon_Snow',NULL),(24,266,1,'https://en.wikipedia.org/wiki/Semele',NULL),(25,549,1,'https://en.wikipedia.org/wiki/Amphithea',NULL),(26,546,1,'https://en.wikipedia.org/wiki/Cephalus_(son_of_Deione/Deioneus)',NULL),(27,530,1,'https://en.wikipedia.org/wiki/Penelope',NULL),(28,188,1,'https://en.wikipedia.org/wiki/Hecatoncheires','Hecatoncheires'),(29,189,1,'https://en.wikipedia.org/wiki/Hecatoncheires','Hecatoncheires'),(30,190,1,'https://en.wikipedia.org/wiki/Hecatoncheires','Hecatoncheires'),(31,185,1,'https://en.wikipedia.org/wiki/Cyclopes','Cyclopes'),(32,186,1,'https://en.wikipedia.org/wiki/Cyclopes','Cyclopes'),(33,187,1,'https://en.wikipedia.org/wiki/Arges_(Cyclops)',NULL),(34,561,1,'https://en.wikipedia.org/wiki/Stheno',NULL),(35,562,1,'https://en.wikipedia.org/wiki/Euryale_(Gorgon)',NULL);
/*!40000 ALTER TABLE `entity_site` ENABLE KEYS */;
UNLOCK TABLES;

--
-- Table structure for table `group`
--

DROP TABLE IF EXISTS `group`;
/*!40101 SET @saved_cs_client     = @@character_set_client */;
/*!50503 SET character_set_client = utf8mb4 */;
CREATE TABLE `group` (
  `id` int NOT NULL AUTO_INCREMENT,
  `canon_id` int NOT NULL,
  `name` varchar(40) NOT NULL,
  `color` varchar(6) DEFAULT 'dddddd',
  `rank` int NOT NULL,
  PRIMARY KEY (`id`),
  UNIQUE KEY `uq_group_1` (`canon_id`,`name`),
  CONSTRAINT `fk_group_canon_id` FOREIGN KEY (`canon_id`) REFERENCES `canon` (`id`) ON DELETE CASCADE
) ENGINE=InnoDB AUTO_INCREMENT=49 DEFAULT CHARSET=utf8mb4 COLLATE=utf8mb4_0900_ai_ci;
/*!40101 SET character_set_client = @saved_cs_client */;

--
-- Dumping data for table `group`
--

LOCK TABLES `group` WRITE;
/*!40000 ALTER TABLE `group` DISABLE KEYS */;
INSERT INTO `group` VALUES (1,1,'God','eab57e',1),(2,1,'Nymph','92f2b6',1),(3,1,'Monster','a9a4f2',1),(4,1,'Hero','ec7878',3),(5,1,'Mortal','9dc6f5',1),(6,1,'Olympian','85c1dd',2),(7,1,'Titan','f4966d',2),(8,1,'Trojan','ee88ac',3),(9,1,'Muse','adbffc',2),(10,1,'Primordial','c7c7c7',2),(11,2,'House Targaryen','db6767',1),(12,2,'House Arryn','64b8f8',1),(13,2,'House Baratheon','ffdb6f',1),(14,2,'Bastard','bb9b95',1),(15,2,'House Frey','9999f6',1),(17,2,'House Greyjoy','dddb73',1),(18,2,'House Lannister','f46969',1),(19,2,'House Marbrand','f58f16',1),(20,2,'House Martell','e69f58',1),(21,2,'House Redwyne','c96586',1),(22,2,'House Stark','c4cad8',1),(23,2,'House Tarly','73c273',1),(24,2,'House Tully','f78fb1',1),(25,2,'House Tyrell','7fd47f',1),(26,2,'Night\'s Watch','979797',1),(29,1,'Ruler','e17bce',3),(30,1,'Demigod','d7cfa7',2),(31,1,'Trickster','9ab887',3),(32,1,'Virgin','ffbfac',3),(33,1,'Witch','afd87f',3),(34,1,'Gorgon','a0b340',2),(35,1,'Hundred-hander','d7b1e3',2),(36,1,'Cyclops','b2cbe1',2),(37,1,'Harpy','e9a597',2),(38,2,'Monarch','b492da',2),(39,2,'Knight','afdee3',2),(43,1,'Fury','d07ea0',2),(44,1,'Daemon','aae4e7',2),(45,1,'Fate','c3c1a8',2),(46,1,'Nereid','6edadd',2),(47,1,'Oceanid','98b1ff',2),(48,1,'River','88b2f9',2);
/*!40000 ALTER TABLE `group` ENABLE KEYS */;
UNLOCK TABLES;

--
-- Table structure for table `parent`
--

DROP TABLE IF EXISTS `parent`;
/*!40101 SET @saved_cs_client     = @@character_set_client */;
/*!50503 SET character_set_client = utf8mb4 */;
CREATE TABLE `parent` (
  `id` int NOT NULL AUTO_INCREMENT,
  `parent_id` int NOT NULL,
  `stem_id` int NOT NULL,
  PRIMARY KEY (`id`),
  KEY `fk_parent_parent_id` (`parent_id`),
  KEY `fk_parent_stem_id` (`stem_id`),
  CONSTRAINT `fk_parent_parent_id` FOREIGN KEY (`parent_id`) REFERENCES `entity` (`id`) ON DELETE CASCADE,
  CONSTRAINT `fk_parent_stem_id` FOREIGN KEY (`stem_id`) REFERENCES `stem` (`id`) ON DELETE CASCADE
) ENGINE=InnoDB AUTO_INCREMENT=1115 DEFAULT CHARSET=utf8mb4 COLLATE=utf8mb4_0900_ai_ci;
/*!40101 SET character_set_client = @saved_cs_client */;

--
-- Dumping data for table `parent`
--

LOCK TABLES `parent` WRITE;
/*!40000 ALTER TABLE `parent` DISABLE KEYS */;
INSERT INTO `parent` VALUES (221,156,117),(222,158,117),(223,158,118),(224,156,118),(225,156,119),(226,158,119),(227,158,120),(228,156,120),(229,156,121),(230,158,121),(231,158,122),(232,156,122),(233,156,123),(234,158,123),(235,158,124),(236,156,124),(237,156,125),(238,158,125),(239,168,126),(240,168,127),(241,171,128),(242,170,128),(243,170,129),(244,171,129),(245,155,130),(246,155,131),(247,154,132),(248,155,132),(249,155,133),(250,154,133),(251,154,134),(252,155,134),(253,155,135),(254,154,135),(255,154,136),(256,155,136),(257,155,137),(258,154,137),(259,154,138),(260,155,138),(261,155,139),(262,154,139),(263,154,140),(264,155,140),(265,155,141),(266,154,141),(267,154,142),(268,155,142),(269,155,143),(270,154,143),(271,154,144),(272,155,144),(273,155,145),(274,154,145),(275,154,146),(276,155,146),(277,155,147),(278,154,147),(279,154,148),(280,155,148),(281,154,149),(282,175,151),(285,192,153),(286,193,153),(287,193,154),(288,192,154),(289,193,155),(290,192,155),(291,193,156),(292,192,156),(293,193,157),(294,192,157),(295,193,158),(296,192,158),(297,193,159),(298,192,159),(299,193,160),(300,192,160),(301,193,161),(302,192,161),(305,193,163),(306,192,163),(307,193,164),(308,192,164),(309,193,165),(310,192,165),(313,193,167),(314,192,167),(315,193,168),(316,192,168),(317,193,169),(318,192,169),(319,193,170),(320,192,170),(321,193,171),(322,192,171),(323,193,172),(324,192,172),(325,193,173),(326,192,173),(327,193,174),(328,192,174),(329,193,175),(330,192,175),(331,193,176),(332,192,176),(333,193,177),(334,192,177),(335,193,178),(336,192,178),(337,193,179),(338,192,179),(339,193,180),(340,192,180),(343,193,182),(344,192,182),(345,193,183),(346,192,183),(349,193,185),(350,192,185),(351,193,186),(352,192,186),(353,193,187),(354,192,187),(355,193,188),(356,192,188),(357,193,189),(358,192,189),(361,193,191),(362,192,191),(363,193,192),(364,192,192),(365,193,193),(366,192,193),(367,193,194),(368,192,194),(369,193,195),(370,192,195),(371,193,196),(372,192,196),(373,193,197),(374,192,197),(375,193,198),(376,192,198),(377,174,199),(378,155,199),(379,174,200),(380,155,200),(381,174,201),(382,155,201),(383,174,202),(384,155,202),(385,243,203),(386,242,203),(387,245,204),(388,245,205),(389,183,206),(390,176,206),(399,157,211),(400,181,211),(401,157,212),(402,181,212),(403,157,213),(404,181,213),(405,157,214),(406,181,214),(407,157,215),(408,181,215),(409,157,216),(410,181,216),(413,156,218),(414,250,218),(415,156,219),(416,248,219),(417,156,220),(418,248,220),(419,156,221),(420,251,221),(421,156,222),(422,251,222),(423,156,223),(424,251,223),(425,251,224),(426,197,225),(427,253,225),(428,156,226),(429,265,226),(430,266,227),(431,156,227),(432,156,228),(433,268,228),(434,272,229),(435,273,229),(436,272,230),(437,273,230),(438,275,231),(439,277,231),(440,250,232),(441,279,232),(442,199,233),(443,283,233),(444,191,234),(445,284,234),(446,274,235),(447,286,235),(448,274,236),(449,286,236),(450,274,237),(451,286,237),(452,286,238),(453,290,238),(454,286,239),(455,290,239),(456,298,240),(457,297,240),(464,304,244),(465,305,244),(466,307,245),(467,308,245),(468,307,246),(469,308,246),(470,307,247),(471,308,247),(472,307,248),(473,308,248),(474,307,249),(475,308,249),(476,332,250),(477,314,250),(478,332,251),(479,314,251),(480,332,252),(481,314,252),(482,317,253),(483,318,253),(484,317,254),(485,318,254),(486,317,255),(487,318,255),(488,317,256),(489,318,256),(490,333,257),(491,323,257),(496,323,260),(497,333,260),(498,326,261),(499,327,261),(500,329,262),(501,334,263),(502,334,264),(503,334,265),(504,342,266),(505,341,266),(506,342,267),(507,341,267),(508,342,268),(509,341,268),(510,345,269),(511,346,269),(512,345,270),(513,346,270),(514,345,271),(515,346,271),(516,345,272),(517,346,272),(518,351,273),(519,352,274),(520,352,275),(521,355,276),(522,356,276),(523,355,277),(524,356,277),(525,355,278),(526,356,278),(527,360,279),(528,360,280),(529,364,281),(530,363,281),(531,364,282),(532,363,282),(533,364,283),(534,363,283),(535,364,284),(536,363,284),(537,384,285),(538,383,286),(539,382,287),(540,380,288),(541,380,289),(542,379,290),(543,378,291),(544,388,292),(545,387,292),(546,388,293),(547,387,293),(548,388,294),(549,387,294),(550,392,295),(551,393,295),(552,392,296),(553,393,296),(554,298,297),(555,297,297),(556,298,298),(557,297,298),(726,528,386),(727,529,386),(728,286,387),(729,530,387),(761,542,405),(762,393,405),(763,300,406),(764,315,406),(765,300,407),(766,315,407),(767,300,408),(768,315,408),(769,529,409),(770,528,409),(771,544,410),(772,545,411),(773,546,411),(774,547,412),(775,549,413),(776,548,413),(777,548,414),(778,264,415),(779,550,415),(780,551,416),(781,552,417),(782,280,418),(783,271,419),(784,175,420),(785,175,421),(786,184,421),(787,180,422),(788,178,422),(789,175,423),(790,184,423),(791,179,424),(792,553,424),(793,179,425),(794,553,425),(795,179,426),(796,553,426),(797,553,427),(798,179,427),(799,555,428),(800,175,429),(801,184,429),(802,176,430),(803,183,430),(804,558,431),(805,559,431),(806,244,432),(807,177,432),(808,243,433),(809,242,433),(810,243,434),(811,242,434),(812,184,151),(813,184,420),(814,175,435),(815,184,435),(816,565,436),(817,241,436),(818,565,437),(819,241,437),(820,241,438),(821,565,438),(822,253,204),(823,253,205),(906,154,489),(907,155,489),(927,168,504),(928,168,505),(929,168,506),(930,154,507),(931,155,507),(932,154,508),(933,155,508),(934,154,509),(935,155,509),(937,171,511),(938,171,512),(939,171,513),(940,171,514),(941,171,515),(942,171,516),(943,171,517),(944,171,518),(945,171,519),(946,171,520),(947,171,521),(948,171,522),(949,171,523),(950,598,524),(951,598,525),(952,598,526),(954,598,528),(956,598,530),(957,598,531),(958,174,532),(961,156,535),(962,254,535),(967,192,540),(968,193,540),(969,192,541),(970,193,541),(971,192,542),(972,193,542),(975,193,544),(976,192,544),(977,193,545),(978,192,545),(979,193,546),(980,192,546),(981,192,547),(982,193,547),(983,193,548),(984,192,548),(985,193,549),(986,192,549),(987,193,550),(988,192,550),(989,247,551),(990,619,551),(991,184,552),(992,175,552),(993,184,553),(994,175,553),(995,184,554),(996,175,554),(997,184,555),(998,175,555),(999,184,556),(1000,175,556),(1001,184,557),(1002,175,557),(1003,184,558),(1004,175,558),(1005,184,559),(1006,175,559),(1007,184,560),(1008,175,560),(1011,184,562),(1012,175,562),(1013,184,563),(1014,175,563),(1015,184,564),(1016,175,564),(1019,184,566),(1020,175,566),(1021,184,567),(1022,175,567),(1023,184,568),(1024,175,568),(1025,184,569),(1026,175,569),(1027,184,570),(1028,175,570),(1029,184,571),(1030,175,571),(1031,184,572),(1032,175,572),(1033,184,573),(1034,175,573),(1035,184,574),(1036,175,574),(1037,184,575),(1038,175,575),(1039,184,576),(1040,175,576),(1041,184,577),(1042,175,577),(1043,184,578),(1044,175,578),(1045,175,579),(1046,184,579),(1047,175,580),(1048,184,580),(1049,175,581),(1050,184,581),(1051,175,582),(1052,184,582),(1053,175,583),(1054,184,583),(1055,175,584),(1056,184,584),(1057,175,585),(1058,184,585),(1059,175,586),(1060,184,586),(1061,175,587),(1062,184,587),(1063,175,588),(1064,184,588),(1065,175,589),(1066,184,589),(1067,175,590),(1068,184,590),(1069,175,591),(1070,184,591),(1071,175,592),(1072,184,592),(1073,175,593),(1074,184,593),(1075,175,594),(1076,184,594),(1077,175,595),(1078,184,595),(1079,175,596),(1080,184,596),(1081,175,597),(1082,184,597),(1083,175,598),(1084,184,598),(1085,175,599),(1086,184,599),(1087,175,600),(1088,184,600),(1089,175,601),(1090,184,601),(1091,175,602),(1092,184,602),(1093,175,603),(1094,184,603),(1095,175,604),(1096,184,604),(1097,175,605),(1098,184,605),(1099,175,606),(1100,184,606),(1101,175,607),(1102,184,607),(1103,175,608),(1104,184,608),(1105,175,609),(1106,184,609),(1107,175,610),(1108,184,610),(1109,175,611),(1110,184,611),(1111,175,612),(1112,184,612),(1113,175,613),(1114,184,613);
/*!40000 ALTER TABLE `parent` ENABLE KEYS */;
UNLOCK TABLES;

--
-- Table structure for table `site`
--

DROP TABLE IF EXISTS `site`;
/*!40101 SET @saved_cs_client     = @@character_set_client */;
/*!50503 SET character_set_client = utf8mb4 */;
CREATE TABLE `site` (
  `id` int NOT NULL AUTO_INCREMENT,
  `name` varchar(250) NOT NULL,
  `rank` int NOT NULL,
  `favicon_location` varchar(250) DEFAULT NULL,
  PRIMARY KEY (`id`)
) ENGINE=InnoDB AUTO_INCREMENT=6 DEFAULT CHARSET=utf8mb4 COLLATE=utf8mb4_0900_ai_ci;
/*!40101 SET character_set_client = @saved_cs_client */;

--
-- Dumping data for table `site`
--

LOCK TABLES `site` WRITE;
/*!40000 ALTER TABLE `site` DISABLE KEYS */;
INSERT INTO `site` VALUES (1,'Wikipedia',1,'https://mythtree.org/images/external-favicons/wikipedia.ico'),(3,'Fandom: Game of Thrones',3,NULL),(4,'A Wiki of Ice and Fire',2,NULL),(5,'Theoi',2,NULL);
/*!40000 ALTER TABLE `site` ENABLE KEYS */;
UNLOCK TABLES;

--
-- Table structure for table `source`
--

DROP TABLE IF EXISTS `source`;
/*!40101 SET @saved_cs_client     = @@character_set_client */;
/*!50503 SET character_set_client = utf8mb4 */;
CREATE TABLE `source` (
  `id` int NOT NULL AUTO_INCREMENT,
  `title` varchar(40) NOT NULL,
  `title_style` enum('NONE','ITALIC','QUOTE') NOT NULL,
  `author_id` int DEFAULT NULL,
  PRIMARY KEY (`id`),
  KEY `fk_source_author_id` (`author_id`),
  CONSTRAINT `fk_source_author_id` FOREIGN KEY (`author_id`) REFERENCES `author` (`id`)
) ENGINE=InnoDB AUTO_INCREMENT=34 DEFAULT CHARSET=utf8mb4 COLLATE=utf8mb4_0900_ai_ci;
/*!40101 SET character_set_client = @saved_cs_client */;

--
-- Dumping data for table `source`
--

LOCK TABLES `source` WRITE;
/*!40000 ALTER TABLE `source` DISABLE KEYS */;
INSERT INTO `source` VALUES (23,'Theogony','ITALIC',6),(24,'A Game of Thrones','ITALIC',7),(26,'Odyssey','ITALIC',9),(32,'Game of Thrones','ITALIC',NULL),(33,'Fabulae','ITALIC',10);
/*!40000 ALTER TABLE `source` ENABLE KEYS */;
UNLOCK TABLES;

--
-- Table structure for table `stem`
--

DROP TABLE IF EXISTS `stem`;
/*!40101 SET @saved_cs_client     = @@character_set_client */;
/*!50503 SET character_set_client = utf8mb4 */;
CREATE TABLE `stem` (
  `id` int NOT NULL AUTO_INCREMENT,
  `child_id` int NOT NULL,
  `note` varchar(1000) DEFAULT NULL,
  PRIMARY KEY (`id`),
  KEY `fk_stem_child_id` (`child_id`),
  CONSTRAINT `fk_stem_child_id` FOREIGN KEY (`child_id`) REFERENCES `entity` (`id`) ON DELETE CASCADE
) ENGINE=InnoDB AUTO_INCREMENT=614 DEFAULT CHARSET=utf8mb4 COLLATE=utf8mb4_0900_ai_ci;
/*!40101 SET character_set_client = @saved_cs_client */;

--
-- Dumping data for table `stem`
--

LOCK TABLES `stem` WRITE;
/*!40000 ALTER TABLE `stem` DISABLE KEYS */;
INSERT INTO `stem` VALUES (117,159,NULL),(118,160,NULL),(119,161,NULL),(120,162,NULL),(121,163,NULL),(122,164,NULL),(123,165,NULL),(124,166,NULL),(125,167,NULL),(126,170,NULL),(127,171,NULL),(128,172,NULL),(129,173,NULL),(130,154,NULL),(131,174,NULL),(132,175,NULL),(133,176,NULL),(134,177,NULL),(135,178,NULL),(136,179,NULL),(137,180,NULL),(138,181,NULL),(139,182,NULL),(140,183,NULL),(141,184,NULL),(142,157,NULL),(143,185,NULL),(144,186,NULL),(145,187,NULL),(146,188,NULL),(147,189,NULL),(148,190,NULL),(149,191,NULL),(151,193,NULL),(153,195,NULL),(154,196,NULL),(155,197,NULL),(156,198,NULL),(157,199,NULL),(158,200,NULL),(159,201,NULL),(160,202,NULL),(161,203,NULL),(163,205,NULL),(164,206,NULL),(165,207,NULL),(167,209,NULL),(168,210,NULL),(169,211,NULL),(170,212,NULL),(171,213,NULL),(172,214,NULL),(173,215,NULL),(174,216,NULL),(175,217,NULL),(176,218,NULL),(177,219,NULL),(178,220,NULL),(179,221,NULL),(180,222,NULL),(182,224,NULL),(183,225,NULL),(185,227,NULL),(186,228,NULL),(187,229,NULL),(188,230,NULL),(189,231,NULL),(191,233,NULL),(192,234,NULL),(193,235,NULL),(194,236,NULL),(195,237,NULL),(196,238,NULL),(197,239,NULL),(198,240,NULL),(199,241,NULL),(200,242,NULL),(201,243,NULL),(202,244,NULL),(203,245,NULL),(204,246,NULL),(205,247,NULL),(206,248,NULL),(211,156,NULL),(212,249,NULL),(213,250,NULL),(214,251,NULL),(215,252,NULL),(216,253,NULL),(218,256,NULL),(219,257,NULL),(220,258,NULL),(221,259,NULL),(222,260,NULL),(223,261,NULL),(224,262,NULL),(225,263,NULL),(226,264,NULL),(227,267,NULL),(228,269,NULL),(229,274,NULL),(230,275,NULL),(231,276,NULL),(232,278,NULL),(233,282,NULL),(234,285,NULL),(235,287,NULL),(236,288,NULL),(237,289,NULL),(238,291,NULL),(239,292,NULL),(240,296,NULL),(244,306,NULL),(245,309,NULL),(246,310,NULL),(247,311,NULL),(248,312,NULL),(249,313,NULL),(250,315,NULL),(251,316,NULL),(252,300,NULL),(253,319,NULL),(254,320,NULL),(255,321,NULL),(256,322,NULL),(257,324,NULL),(260,325,NULL),(261,328,NULL),(262,330,NULL),(263,335,NULL),(264,336,NULL),(265,337,NULL),(266,308,NULL),(267,339,NULL),(268,344,NULL),(269,347,NULL),(270,348,NULL),(271,349,NULL),(272,350,NULL),(273,345,NULL),(274,353,NULL),(275,354,NULL),(276,357,NULL),(277,358,NULL),(278,359,NULL),(279,361,NULL),(280,362,NULL),(281,365,NULL),(282,366,NULL),(283,367,NULL),(284,368,NULL),(285,297,NULL),(286,384,NULL),(287,383,NULL),(288,381,NULL),(289,382,NULL),(290,380,NULL),(291,379,NULL),(292,389,NULL),(293,390,NULL),(294,391,NULL),(295,386,NULL),(296,395,NULL),(297,393,NULL),(298,396,NULL),(386,286,NULL),(387,531,NULL),(405,331,NULL),(406,301,NULL),(407,302,NULL),(408,303,NULL),(409,543,NULL),(410,529,NULL),(411,544,NULL),(412,545,NULL),(413,528,'Fagles p. 403'),(414,528,NULL),(415,548,NULL),(416,530,'Fagles p. 88'),(417,550,NULL),(418,266,NULL),(419,270,NULL),(420,272,NULL),(421,277,NULL),(422,273,NULL),(423,553,NULL),(424,555,NULL),(425,554,NULL),(426,556,NULL),(427,557,NULL),(428,265,NULL),(429,254,NULL),(430,558,NULL),(431,560,NULL),(432,559,NULL),(433,561,NULL),(434,562,NULL),(435,565,NULL),(436,563,NULL),(437,564,NULL),(438,566,NULL),(489,158,NULL),(502,168,NULL),(504,155,NULL),(505,582,NULL),(506,169,NULL),(507,583,NULL),(508,584,NULL),(509,585,NULL),(511,586,NULL),(512,587,NULL),(513,588,NULL),(514,590,NULL),(515,589,NULL),(516,591,NULL),(517,592,NULL),(518,593,NULL),(519,594,NULL),(520,595,NULL),(521,596,NULL),(522,597,NULL),(523,598,NULL),(524,599,NULL),(525,600,NULL),(526,601,NULL),(528,604,NULL),(530,605,NULL),(531,603,NULL),(532,192,NULL),(535,255,NULL),(540,608,NULL),(541,609,NULL),(542,610,NULL),(544,204,NULL),(545,611,NULL),(546,612,NULL),(547,614,NULL),(548,615,NULL),(549,616,NULL),(550,617,NULL),(551,618,NULL),(552,620,NULL),(553,621,NULL),(554,622,NULL),(555,623,NULL),(556,624,NULL),(557,625,NULL),(558,626,NULL),(559,627,NULL),(560,628,NULL),(562,630,NULL),(563,631,NULL),(564,633,NULL),(566,629,NULL),(567,632,NULL),(568,634,NULL),(569,635,NULL),(570,636,NULL),(571,637,NULL),(572,638,NULL),(573,639,NULL),(574,640,NULL),(575,641,NULL),(576,642,NULL),(577,643,NULL),(578,644,NULL),(579,645,NULL),(580,646,NULL),(581,647,NULL),(582,648,NULL),(583,649,NULL),(584,650,NULL),(585,651,NULL),(586,619,NULL),(587,652,NULL),(588,653,NULL),(589,654,NULL),(590,655,NULL),(591,656,NULL),(592,657,NULL),(593,658,NULL),(594,659,NULL),(595,660,NULL),(596,661,NULL),(597,662,NULL),(598,663,NULL),(599,664,NULL),(600,665,NULL),(601,666,NULL),(602,667,NULL),(603,668,NULL),(604,669,NULL),(605,670,NULL),(606,671,NULL),(607,672,NULL),(608,290,NULL),(609,673,NULL),(610,674,NULL),(611,675,NULL),(612,676,NULL),(613,677,NULL);
/*!40000 ALTER TABLE `stem` ENABLE KEYS */;
UNLOCK TABLES;

--
-- Table structure for table `synonym`
--

DROP TABLE IF EXISTS `synonym`;
/*!40101 SET @saved_cs_client     = @@character_set_client */;
/*!50503 SET character_set_client = utf8mb4 */;
CREATE TABLE `synonym` (
  `id` int NOT NULL AUTO_INCREMENT,
  `entity_id` int NOT NULL,
  `name` varchar(255) NOT NULL,
  `rank` int NOT NULL,
  PRIMARY KEY (`id`),
  UNIQUE KEY `uq_entity_id_name` (`entity_id`,`name`),
  CONSTRAINT `fk_synonym_entity_id` FOREIGN KEY (`entity_id`) REFERENCES `entity` (`id`) ON DELETE CASCADE
) ENGINE=InnoDB AUTO_INCREMENT=117 DEFAULT CHARSET=utf8mb4 COLLATE=utf8mb4_0900_ai_ci;
/*!40101 SET character_set_client = @saved_cs_client */;

--
-- Dumping data for table `synonym`
--

LOCK TABLES `synonym` WRITE;
/*!40000 ALTER TABLE `synonym` DISABLE KEYS */;
INSERT INTO `synonym` VALUES (1,286,'Ulysses',1),(2,286,'Laertiades',2),(3,156,'Jupiter',1),(4,156,'Jove',1),(5,269,'Hercules',1),(6,268,'Alcmena',1),(7,157,'Cronos',1),(8,157,'Kronos',1),(9,267,'Bacchus',1),(10,255,'Minerva',1),(11,255,'Athene',2),(12,255,'Pallas',2),(13,296,'Dany',2),(14,296,'Khaleesi',1),(15,296,'Daenerys Stormborn',2),(20,258,'Diana',1),(21,257,'Phoebus',2),(22,253,'Neptune',1),(23,251,'Juno',1),(24,250,'Ceres',1),(25,191,'Venus',1),(26,260,'Mars',1),(27,262,'Vulcan',1),(28,264,'Mercury',1),(29,249,'Vesta',1),(30,367,'Yara Greyjoy',1),(31,331,'Aegon Targaryen',1),(32,528,'Anticlea',1),(33,528,'Anticlia',1),(34,171,'Night',1),(35,155,'Earth',1),(36,170,'Erebus',2),(37,170,'Darkness',1),(38,173,'Day',1),(39,154,'Sky',1),(40,154,'Ouranos',2),(41,174,'Sea',1),(42,169,'Love',1),(43,273,'Helius',2),(44,273,'Sun',1),(45,175,'Ocean',1),(46,154,'Heavens',3),(47,189,'Briareos',1),(49,308,'Catelyn Tully',1),(50,308,'Cat',2),(51,312,'Brandon Stark',1),(52,307,'Eddard Stark',1),(53,315,'Kingslayer',1),(54,273,'Sol',3),(55,158,'Memory',1),(56,191,'Cytherea',2),(57,586,'Doom',1),(58,586,'Morus',2),(59,587,'Death',1),(60,588,'Sleep',1),(61,588,'Hypnus',2),(62,589,'Momos',2),(63,589,'Mockery',1),(64,589,'Blame',1),(65,590,'Misery',1),(66,590,'Oezys',2),(67,594,'Indignation',1),(68,595,'Deceit',1),(69,596,'Friendship',1),(70,597,'Old Age',1),(71,598,'Strife',1),(72,598,'Discord',2),(73,590,'Woe',1),(74,599,'Toil',1),(75,599,'Labor',2),(76,600,'Oblivion',1),(77,601,'Famine',1),(79,603,'Lawlessness',1),(80,604,'Ruin',1),(81,605,'Oath',1),(82,174,'Pontos',2),(83,213,'Nisaea',1),(84,216,'Panopea',1),(85,224,'Alimede',1),(86,616,'Pontoporea',1),(87,612,'Agave',1),(88,210,'Protho',1),(89,618,'Geryones',1),(90,619,'Callirrhoe',1),(91,620,'Nile',1),(92,620,'Neilos',2),(93,622,'Eridanus',1),(94,625,'Istros',1),(95,629,'Nessos',1),(96,629,'Nestus',2),(97,629,'Nestos',2),(98,630,'Rhodios',1),(100,635,'Simois',1),(101,637,'Hermos',1),(102,638,'Kaikos',1),(103,642,'Euenus',1),(104,642,'Euenos',1),(105,645,'Persuasion',1),(106,166,'Ourania',1),(107,649,'Ourania',1),(108,653,'Clytia',1),(109,277,'Eidyia',1),(110,655,'Plexaura',1),(111,662,'Pluto',1),(112,252,'Pluto',1),(113,670,'Success',1),(114,674,'Fortune',1),(115,674,'Fortuna',2),(116,676,'Ocyrhoe',1);
/*!40000 ALTER TABLE `synonym` ENABLE KEYS */;
UNLOCK TABLES;
/*!40103 SET TIME_ZONE=@OLD_TIME_ZONE */;

/*!40101 SET SQL_MODE=@OLD_SQL_MODE */;
/*!40014 SET FOREIGN_KEY_CHECKS=@OLD_FOREIGN_KEY_CHECKS */;
/*!40014 SET UNIQUE_CHECKS=@OLD_UNIQUE_CHECKS */;
/*!40101 SET CHARACTER_SET_CLIENT=@OLD_CHARACTER_SET_CLIENT */;
/*!40101 SET CHARACTER_SET_RESULTS=@OLD_CHARACTER_SET_RESULTS */;
/*!40101 SET COLLATION_CONNECTION=@OLD_COLLATION_CONNECTION */;
/*!40111 SET SQL_NOTES=@OLD_SQL_NOTES */;

-- Dump completed on 2024-07-07 19:31:36
